-- Table structure for table `cms_sections_descriptors`
--

CREATE TABLE cms_sections_descriptors (
  num_section int(11) NOT NULL DEFAULT '0',
  num_noeud int(11) NOT NULL DEFAULT '0',
  section_descriptor_order int(11) NOT NULL DEFAULT '0',
  PRIMARY KEY (num_section,num_noeud)
) ENGINE=MyISAM DEFAULT CHARSET=utf8 COLLATE=utf8_unicode_ci;

--
-- Dumping data for table `cms_sections_descriptors`
--


--
-- Table structure for table `cms_toolkits`
--

CREATE TABLE cms_toolkits (
  cms_toolkit_name varchar(255) COLLATE utf8_unicode_ci NOT NULL DEFAULT '',
  cms_toolkit_active int(1) NOT NULL DEFAULT '0',
  cms_toolkit_data text COLLATE utf8_unicode_ci NOT NULL,
  cms_toolkit_order int(3) unsigned NOT NULL DEFAULT '0',
  PRIMARY KEY (cms_toolkit_name)
) ENGINE=MyISAM DEFAULT CHARSET=utf8 COLLATE=utf8_unicode_ci;

--
-- Dumping data for table `cms_toolkits`
--

INSERT INTO cms_toolkits (cms_toolkit_name, cms_toolkit_active, cms_toolkit_data, cms_toolkit_order) VALUES ('jquery',1,'{\"version\":\"jquery-2.2.4\",\"components\":[\"jquery.bxsliderv4\"]}',1);
INSERT INTO cms_toolkits (cms_toolkit_name, cms_toolkit_active, cms_toolkit_data, cms_toolkit_order) VALUES ('uikit',1,'{\"them\":\"uikit\",\"components\":[\"init-responsive\",\"remplace-facette-see-more\",\"set-grid-intro\",\"set-grid-main-uncolored\",\"touch-search-box-tgle\"]}',2);
INSERT INTO cms_toolkits (cms_toolkit_name, cms_toolkit_active, cms_toolkit_data, cms_toolkit_order) VALUES ('masonry',0,'[]',3);
INSERT INTO cms_toolkits (cms_toolkit_name, cms_toolkit_active, cms_toolkit_data, cms_toolkit_order) VALUES ('fontawesome',0,'[]',4);

--
-- Table structure for table `cms_vars`
--

CREATE TABLE cms_vars (
  id_var int(10) unsigned NOT NULL AUTO_INCREMENT,
  var_num_page int(10) unsigned NOT NULL DEFAULT '0',
  var_name varchar(255) COLLATE utf8_unicode_ci NOT NULL DEFAULT '',
  var_comment varchar(255) COLLATE utf8_unicode_ci NOT NULL DEFAULT '',
  PRIMARY KEY (id_var)
) ENGINE=MyISAM AUTO_INCREMENT=21 DEFAULT CHARSET=utf8 COLLATE=utf8_unicode_ci;

--
-- Dumping data for table `cms_vars`
--

INSERT INTO cms_vars (id_var, var_num_page, var_name, var_comment) VALUES (18,4,'id_article','Identifiant de l\'article');
INSERT INTO cms_vars (id_var, var_num_page, var_name, var_comment) VALUES (19,6,'id_rubrique','Identifiant de la rubrique');
INSERT INTO cms_vars (id_var, var_num_page, var_name, var_comment) VALUES (20,9,'id_date','Identifiant de date');

--
-- Table structure for table `cms_version`
--

CREATE TABLE cms_version (
  id_version int(10) unsigned NOT NULL AUTO_INCREMENT,
  version_cms_num int(10) unsigned NOT NULL DEFAULT '0',
  version_date datetime NOT NULL DEFAULT '0000-00-00 00:00:00',
  version_comment text COLLATE utf8_unicode_ci NOT NULL,
  version_public int(10) unsigned NOT NULL DEFAULT '0',
  version_user int(10) unsigned NOT NULL DEFAULT '0',
  PRIMARY KEY (id_version)
) ENGINE=MyISAM AUTO_INCREMENT=991 DEFAULT CHARSET=utf8 COLLATE=utf8_unicode_ci;

--
-- Dumping data for table `cms_version`
--

INSERT INTO cms_version (id_version, version_cms_num, version_date, version_comment, version_public, version_user) VALUES (987,1,'2021-02-03 13:18:43','',0,1);
INSERT INTO cms_version (id_version, version_cms_num, version_date, version_comment, version_public, version_user) VALUES (986,1,'2021-02-03 13:18:04','',0,1);
INSERT INTO cms_version (id_version, version_cms_num, version_date, version_comment, version_public, version_user) VALUES (985,1,'2021-02-03 13:17:21','',0,1);
INSERT INTO cms_version (id_version, version_cms_num, version_date, version_comment, version_public, version_user) VALUES (984,1,'2021-02-03 13:15:48','',0,1);
INSERT INTO cms_version (id_version, version_cms_num, version_date, version_comment, version_public, version_user) VALUES (983,1,'2020-09-28 11:09:35','',0,1);
INSERT INTO cms_version (id_version, version_cms_num, version_date, version_comment, version_public, version_user) VALUES (982,1,'2018-10-23 17:11:33','',0,1);
INSERT INTO cms_version (id_version, version_cms_num, version_date, version_comment, version_public, version_user) VALUES (981,1,'2018-10-23 16:36:31','',0,1);
INSERT INTO cms_version (id_version, version_cms_num, version_date, version_comment, version_public, version_user) VALUES (980,1,'2018-10-23 16:32:16','',0,1);
INSERT INTO cms_version (id_version, version_cms_num, version_date, version_comment, version_public, version_user) VALUES (979,1,'2018-10-23 16:29:33','',0,1);
INSERT INTO cms_version (id_version, version_cms_num, version_date, version_comment, version_public, version_user) VALUES (978,1,'2018-10-23 16:28:44','',0,1);
INSERT INTO cms_version (id_version, version_cms_num, version_date, version_comment, version_public, version_user) VALUES (977,1,'2018-10-23 11:23:29','',0,1);
INSERT INTO cms_version (id_version, version_cms_num, version_date, version_comment, version_public, version_user) VALUES (976,1,'2018-10-23 11:20:52','',0,1);
INSERT INTO cms_version (id_version, version_cms_num, version_date, version_comment, version_public, version_user) VALUES (975,1,'2018-10-23 11:16:49','',0,1);
INSERT INTO cms_version (id_version, version_cms_num, version_date, version_comment, version_public, version_user) VALUES (974,1,'2018-08-28 13:51:58','',0,1);
INSERT INTO cms_version (id_version, version_cms_num, version_date, version_comment, version_public, version_user) VALUES (973,1,'2018-05-28 15:30:11','',0,1);
INSERT INTO cms_version (id_version, version_cms_num, version_date, version_comment, version_public, version_user) VALUES (972,1,'2018-05-28 15:29:42','',0,1);
INSERT INTO cms_version (id_version, version_cms_num, version_date, version_comment, version_public, version_user) VALUES (971,1,'2017-09-19 12:09:24','',0,1);
INSERT INTO cms_version (id_version, version_cms_num, version_date, version_comment, version_public, version_user) VALUES (988,1,'2021-02-03 13:24:54','',0,1);
INSERT INTO cms_version (id_version, version_cms_num, version_date, version_comment, version_public, version_user) VALUES (989,1,'2021-02-03 13:25:13','',0,1);
INSERT INTO cms_version (id_version, version_cms_num, version_date, version_comment, version_public, version_user) VALUES (990,1,'2021-04-07 12:32:00','',0,1);

--
-- Table structure for table `collection_custom`
--

CREATE TABLE collection_custom (
  idchamp int(10) unsigned NOT NULL AUTO_INCREMENT,
  num_type int(10) unsigned NOT NULL DEFAULT '0',
  `name` varchar(255) COLLATE utf8_unicode_ci NOT NULL DEFAULT '',
  titre varchar(255) COLLATE utf8_unicode_ci DEFAULT NULL,
  `type` varchar(10) COLLATE utf8_unicode_ci NOT NULL DEFAULT 'text',
  datatype varchar(10) COLLATE utf8_unicode_ci NOT NULL DEFAULT '',
  `options` text COLLATE utf8_unicode_ci,
  multiple int(11) NOT NULL DEFAULT '0',
  obligatoire int(11) NOT NULL DEFAULT '0',
  ordre int(11) DEFAULT NULL,
  search int(1) unsigned NOT NULL DEFAULT '0',
  `export` int(1) unsigned NOT NULL DEFAULT '0',
  filters int(1) unsigned NOT NULL DEFAULT '0',
  exclusion_obligatoire int(1) unsigned NOT NULL DEFAULT '0',
  pond int(11) NOT NULL DEFAULT '100',
  opac_sort int(11) NOT NULL DEFAULT '0',
  `comment` blob NOT NULL,
  custom_classement varchar(255) COLLATE utf8_unicode_ci NOT NULL DEFAULT '',
  PRIMARY KEY (idchamp)
) ENGINE=MyISAM DEFAULT CHARSET=utf8 COLLATE=utf8_unicode_ci;

--
-- Dumping data for table `collection_custom`
--


--
-- Table structure for table `collection_custom_dates`
--

CREATE TABLE collection_custom_dates (
  collection_custom_champ int(10) unsigned NOT NULL DEFAULT '0',
  collection_custom_origine int(10) unsigned NOT NULL DEFAULT '0',
  collection_custom_date_type int(11) DEFAULT NULL,
  collection_custom_date_start int(11) NOT NULL DEFAULT '0',
  collection_custom_date_end int(11) NOT NULL DEFAULT '0',
  collection_custom_order int(11) unsigned NOT NULL DEFAULT '0',
  PRIMARY KEY (collection_custom_champ,collection_custom_origine,collection_custom_order),
  KEY collection_custom_champ (collection_custom_champ),
  KEY collection_custom_origine (collection_custom_origine)
) ENGINE=MyISAM DEFAULT CHARSET=utf8 COLLATE=utf8_unicode_ci;

--
-- Dumping data for table `collection_custom_dates`
--


--
-- Table structure for table `collection_custom_lists`
--

CREATE TABLE collection_custom_lists (
  collection_custom_champ int(10) unsigned NOT NULL DEFAULT '0',
  collection_custom_list_value varchar(255) COLLATE utf8_unicode_ci DEFAULT NULL,
  collection_custom_list_lib varchar(255) COLLATE utf8_unicode_ci DEFAULT NULL,
  ordre int(11) DEFAULT NULL,
  KEY editorial_custom_champ (collection_custom_champ),
  KEY editorial_champ_list_value (collection_custom_champ,collection_custom_list_value)
) ENGINE=MyISAM DEFAULT CHARSET=utf8 COLLATE=utf8_unicode_ci;

--
-- Dumping data for table `collection_custom_lists`
--


--
-- Table structure for table `collection_custom_values`
--

CREATE TABLE collection_custom_values (
  collection_custom_champ int(10) unsigned NOT NULL DEFAULT '0',
  collection_custom_origine int(10) unsigned NOT NULL DEFAULT '0',
  collection_custom_small_text varchar(255) COLLATE utf8_unicode_ci DEFAULT NULL,
  collection_custom_text text COLLATE utf8_unicode_ci,
  collection_custom_integer int(11) DEFAULT NULL,
  collection_custom_date date DEFAULT NULL,
  collection_custom_float float DEFAULT NULL,
  collection_custom_order int(11) NOT NULL DEFAULT '0',
  KEY editorial_custom_champ (collection_custom_champ),
  KEY editorial_custom_origine (collection_custom_origine),
  KEY i_ccv_st (collection_custom_small_text),
  KEY i_ccv_t (collection_custom_text(255)),
  KEY i_ccv_i (collection_custom_integer),
  KEY i_ccv_d (collection_custom_date),
  KEY i_ccv_f (collection_custom_float)
) ENGINE=MyISAM DEFAULT CHARSET=utf8 COLLATE=utf8_unicode_ci;

--
-- Dumping data for table `collection_custom_values`
--


--
-- Table structure for table `collections`
--

CREATE TABLE collections (
  collection_id mediumint(8) unsigned NOT NULL AUTO_INCREMENT,
  collection_name varchar(255) COLLATE utf8_unicode_ci NOT NULL DEFAULT '',
  collection_parent mediumint(8) unsigned NOT NULL DEFAULT '0',
  collection_issn varchar(12) COLLATE utf8_unicode_ci NOT NULL DEFAULT '',
  index_coll text COLLATE utf8_unicode_ci,
  collection_web text COLLATE utf8_unicode_ci NOT NULL,
  collection_comment text COLLATE utf8_unicode_ci NOT NULL,
  authority_import_denied int(10) unsigned NOT NULL DEFAULT '0',
  PRIMARY KEY (collection_id),
  KEY collection_name (collection_name),
  KEY collection_parent (collection_parent)
) ENGINE=MyISAM AUTO_INCREMENT=29 DEFAULT CHARSET=utf8 COLLATE=utf8_unicode_ci;

--
-- Dumping data for table `collections`
--

INSERT INTO collections (collection_id, collection_name, collection_parent, collection_issn, index_coll, collection_web, collection_comment, authority_import_denied) VALUES (4,'Écoutez lire',13,'',' ecoutez lire ','','',0);
INSERT INTO collections (collection_id, collection_name, collection_parent, collection_issn, index_coll, collection_web, collection_comment, authority_import_denied) VALUES (5,'Collection dirigée par Henri Gougaud',6,'',' collection dirigee par henri gougaud ','','',0);
INSERT INTO collections (collection_id, collection_name, collection_parent, collection_issn, index_coll, collection_web, collection_comment, authority_import_denied) VALUES (6,'Un Livre, un cd',9,'1766-148X',' livre cd 1766 148x ','','',0);
INSERT INTO collections (collection_id, collection_name, collection_parent, collection_issn, index_coll, collection_web, collection_comment, authority_import_denied) VALUES (7,'Crea.jeunesse',6,'',' crea jeunesse ','','',0);
INSERT INTO collections (collection_id, collection_name, collection_parent, collection_issn, index_coll, collection_web, collection_comment, authority_import_denied) VALUES (8,'Bayou',13,'',' bayou ','','',0);
INSERT INTO collections (collection_id, collection_name, collection_parent, collection_issn, index_coll, collection_web, collection_comment, authority_import_denied) VALUES (9,'Fragments',15,'',' fragments ','','',0);
INSERT INTO collections (collection_id, collection_name, collection_parent, collection_issn, index_coll, collection_web, collection_comment, authority_import_denied) VALUES (10,'L.d.p.jeunesse',17,'',' p jeunesse ','','',0);
INSERT INTO collections (collection_id, collection_name, collection_parent, collection_issn, index_coll, collection_web, collection_comment, authority_import_denied) VALUES (12,'Sagesse d\'un métier',19,'',' sagesse metier ','','',0);
INSERT INTO collections (collection_id, collection_name, collection_parent, collection_issn, index_coll, collection_web, collection_comment, authority_import_denied) VALUES (13,'Le métier de',20,'',' metier ','','',0);
INSERT INTO collections (collection_id, collection_name, collection_parent, collection_issn, index_coll, collection_web, collection_comment, authority_import_denied) VALUES (14,'Que sais-je ?',21,'',' que sais je ','','',0);
INSERT INTO collections (collection_id, collection_name, collection_parent, collection_issn, index_coll, collection_web, collection_comment, authority_import_denied) VALUES (16,'Collection Série noire',13,'',' collection serie noire ','','',0);
INSERT INTO collections (collection_id, collection_name, collection_parent, collection_issn, index_coll, collection_web, collection_comment, authority_import_denied) VALUES (17,'Folio cadet',23,'',' folio cadet ','','',0);
INSERT INTO collections (collection_id, collection_name, collection_parent, collection_issn, index_coll, collection_web, collection_comment, authority_import_denied) VALUES (18,'Les encyclopes',26,'',' encyclopes ','','',0);
INSERT INTO collections (collection_id, collection_name, collection_parent, collection_issn, index_coll, collection_web, collection_comment, authority_import_denied) VALUES (19,'À petits petons',9,'',' petits petons ','','',0);
INSERT INTO collections (collection_id, collection_name, collection_parent, collection_issn, index_coll, collection_web, collection_comment, authority_import_denied) VALUES (20,'Kididoc',29,'',' kididoc ','','',0);
INSERT INTO collections (collection_id, collection_name, collection_parent, collection_issn, index_coll, collection_web, collection_comment, authority_import_denied) VALUES (21,'Folio',13,'',' folio ','','',0);
INSERT INTO collections (collection_id, collection_name, collection_parent, collection_issn, index_coll, collection_web, collection_comment, authority_import_denied) VALUES (24,'Littérature étrangère',35,'',' litterature etrangere ','','',0);
INSERT INTO collections (collection_id, collection_name, collection_parent, collection_issn, index_coll, collection_web, collection_comment, authority_import_denied) VALUES (25,'Revue dada',36,'',' revue dada ','','',0);
INSERT INTO collections (collection_id, collection_name, collection_parent, collection_issn, index_coll, collection_web, collection_comment, authority_import_denied) VALUES (26,'Album',37,'',' album ','','',0);
INSERT INTO collections (collection_id, collection_name, collection_parent, collection_issn, index_coll, collection_web, collection_comment, authority_import_denied) VALUES (27,'Mes Premières Découvertes de la Musique',38,'',' mes premieres decouvertes musique ','','',0);
INSERT INTO collections (collection_id, collection_name, collection_parent, collection_issn, index_coll, collection_web, collection_comment, authority_import_denied) VALUES (28,'Collection Warner',40,'',' collection warner ','','',0);

--
-- Table structure for table `collections_state`
--

CREATE TABLE collections_state (
  collstate_id int(8) NOT NULL AUTO_INCREMENT,
  id_serial mediumint(8) unsigned NOT NULL DEFAULT '0',
  location_id smallint(5) unsigned NOT NULL DEFAULT '0',
  state_collections text COLLATE utf8_unicode_ci NOT NULL,
  collstate_emplacement int(8) unsigned NOT NULL DEFAULT '0',
  collstate_type int(8) unsigned NOT NULL DEFAULT '0',
  collstate_origine varchar(255) COLLATE utf8_unicode_ci NOT NULL DEFAULT '',
  collstate_cote varchar(255) COLLATE utf8_unicode_ci NOT NULL DEFAULT '',
  collstate_archive varchar(255) COLLATE utf8_unicode_ci NOT NULL DEFAULT '',
  collstate_statut int(8) unsigned NOT NULL DEFAULT '0',
  collstate_lacune text COLLATE utf8_unicode_ci NOT NULL,
  collstate_note text COLLATE utf8_unicode_ci NOT NULL,
  PRIMARY KEY (collstate_id),
  KEY i_colls_arc (collstate_archive),
  KEY i_colls_empl (collstate_emplacement),
  KEY i_colls_type (collstate_type),
  KEY i_colls_orig (collstate_origine),
  KEY i_colls_cote (collstate_cote),
  KEY i_colls_stat (collstate_statut),
  KEY i_colls_serial (id_serial),
  KEY i_colls_loc (location_id)
) ENGINE=MyISAM AUTO_INCREMENT=6 DEFAULT CHARSET=utf8 COLLATE=utf8_unicode_ci;

--
-- Dumping data for table `collections_state`
--

INSERT INTO collections_state (collstate_id, id_serial, location_id, state_collections, collstate_emplacement, collstate_type, collstate_origine, collstate_cote, collstate_archive, collstate_statut, collstate_lacune, collstate_note) VALUES (2,124,1,'T. 28, n° 5, 1983 -',4,2,'','','',3,'','');
INSERT INTO collections_state (collstate_id, id_serial, location_id, state_collections, collstate_emplacement, collstate_type, collstate_origine, collstate_cote, collstate_archive, collstate_statut, collstate_lacune, collstate_note) VALUES (3,120,1,'N° 393, 2011 ; N° 402, 2012 - ',2,1,'','PER GEO','',1,'','');
INSERT INTO collections_state (collstate_id, id_serial, location_id, state_collections, collstate_emplacement, collstate_type, collstate_origine, collstate_cote, collstate_archive, collstate_statut, collstate_lacune, collstate_note) VALUES (4,129,1,'2012 -',1,1,'','PER J GEO','',1,'','');
INSERT INTO collections_state (collstate_id, id_serial, location_id, state_collections, collstate_emplacement, collstate_type, collstate_origine, collstate_cote, collstate_archive, collstate_statut, collstate_lacune, collstate_note) VALUES (5,132,1,'1 année',1,1,'','PER STU','',1,'','');

--
-- Table structure for table `collstate_bulletins`
--

CREATE TABLE collstate_bulletins (
  collstate_bulletins_num_collstate int(8) NOT NULL DEFAULT '0',
  collstate_bulletins_num_bulletin int(8) NOT NULL DEFAULT '0',
  collstate_bulletins_order int(8) NOT NULL DEFAULT '0',
  PRIMARY KEY (collstate_bulletins_num_collstate,collstate_bulletins_num_bulletin)
) ENGINE=MyISAM DEFAULT CHARSET=utf8 COLLATE=utf8_unicode_ci;

--
-- Dumping data for table `collstate_bulletins`
--


--
-- Table structure for table `collstate_custom`
--

CREATE TABLE collstate_custom (
  idchamp int(10) unsigned NOT NULL AUTO_INCREMENT,
  `name` varchar(255) COLLATE utf8_unicode_ci NOT NULL DEFAULT '',
  titre varchar(255) COLLATE utf8_unicode_ci NOT NULL DEFAULT '',
  `type` varchar(10) COLLATE utf8_unicode_ci NOT NULL DEFAULT 'text',
  datatype varchar(10) COLLATE utf8_unicode_ci NOT NULL DEFAULT '',
  `options` text COLLATE utf8_unicode_ci,
  multiple int(11) NOT NULL DEFAULT '0',
  obligatoire int(11) NOT NULL DEFAULT '0',
  ordre int(11) NOT NULL DEFAULT '0',
  search int(11) NOT NULL DEFAULT '0',
  `export` int(1) unsigned NOT NULL DEFAULT '0',
  filters int(1) unsigned NOT NULL DEFAULT '0',
  exclusion_obligatoire int(1) unsigned NOT NULL DEFAULT '0',
  pond int(11) NOT NULL DEFAULT '100',
  opac_sort int(11) NOT NULL DEFAULT '0',
  `comment` blob NOT NULL,
  custom_classement varchar(255) COLLATE utf8_unicode_ci NOT NULL DEFAULT '',
  PRIMARY KEY (idchamp)
) ENGINE=MyISAM DEFAULT CHARSET=utf8 COLLATE=utf8_unicode_ci;

--
-- Dumping data for table `collstate_custom`
--


--
-- Table structure for table `collstate_custom_dates`
--

CREATE TABLE collstate_custom_dates (
  collstate_custom_champ int(10) unsigned NOT NULL DEFAULT '0',
  collstate_custom_origine int(10) unsigned NOT NULL DEFAULT '0',
  collstate_custom_date_type int(11) DEFAULT NULL,
  collstate_custom_date_start int(11) NOT NULL DEFAULT '0',
  collstate_custom_date_end int(11) NOT NULL DEFAULT '0',
  collstate_custom_order int(11) unsigned NOT NULL DEFAULT '0',
  PRIMARY KEY (collstate_custom_champ,collstate_custom_origine,collstate_custom_order),
  KEY collstate_custom_champ (collstate_custom_champ),
  KEY collstate_custom_origine (collstate_custom_origine)
) ENGINE=MyISAM DEFAULT CHARSET=utf8 COLLATE=utf8_unicode_ci;

--
-- Dumping data for table `collstate_custom_dates`
--


--
-- Table structure for table `collstate_custom_lists`
--

CREATE TABLE collstate_custom_lists (
  collstate_custom_champ int(10) unsigned NOT NULL DEFAULT '0',
  collstate_custom_list_value varchar(255) COLLATE utf8_unicode_ci NOT NULL DEFAULT '',
  collstate_custom_list_lib varchar(255) COLLATE utf8_unicode_ci NOT NULL DEFAULT '',
  ordre int(11) NOT NULL DEFAULT '0',
  KEY collstate_custom_champ (collstate_custom_champ),
  KEY i_ccl_lv (collstate_custom_list_value)
) ENGINE=MyISAM DEFAULT CHARSET=utf8 COLLATE=utf8_unicode_ci;

--
-- Dumping data for table `collstate_custom_lists`
--


--
-- Table structure for table `collstate_custom_values`
--

CREATE TABLE collstate_custom_values (
  collstate_custom_champ int(10) unsigned NOT NULL DEFAULT '0',
  collstate_custom_origine int(10) unsigned NOT NULL DEFAULT '0',
  collstate_custom_small_text varchar(255) COLLATE utf8_unicode_ci DEFAULT NULL,
  collstate_custom_text text COLLATE utf8_unicode_ci,
  collstate_custom_integer int(11) DEFAULT NULL,
  collstate_custom_date date DEFAULT NULL,
  collstate_custom_float float DEFAULT NULL,
  collstate_custom_order int(11) NOT NULL DEFAULT '0',
  KEY collstate_custom_champ (collstate_custom_champ),
  KEY collstate_custom_origine (collstate_custom_origine),
  KEY i_ccv_st (collstate_custom_small_text),
  KEY i_ccv_t (collstate_custom_text(255)),
  KEY i_ccv_i (collstate_custom_integer),
  KEY i_ccv_d (collstate_custom_date),
  KEY i_ccv_f (collstate_custom_float)
) ENGINE=MyISAM DEFAULT CHARSET=utf8 COLLATE=utf8_unicode_ci;

--
-- Dumping data for table `collstate_custom_values`
--


--
-- Table structure for table `comptes`
--

CREATE TABLE comptes (
  id_compte int(8) unsigned NOT NULL AUTO_INCREMENT,
  libelle varchar(255) COLLATE utf8_unicode_ci NOT NULL DEFAULT '',
  type_compte_id int(10) unsigned NOT NULL DEFAULT '0',
  solde decimal(16,2) DEFAULT '0.00',
  prepay_mnt decimal(16,2) NOT NULL DEFAULT '0.00',
  proprio_id int(10) unsigned NOT NULL DEFAULT '0',
  droits text COLLATE utf8_unicode_ci NOT NULL,
  PRIMARY KEY (id_compte),
  KEY i_cpt_proprio_id (proprio_id)
) ENGINE=MyISAM AUTO_INCREMENT=3 DEFAULT CHARSET=utf8 COLLATE=utf8_unicode_ci;

--
-- Dumping data for table `comptes`
--


--
-- Table structure for table `connectors`
--

CREATE TABLE connectors (
  connector_id varchar(20) COLLATE utf8_unicode_ci NOT NULL DEFAULT '',
  parameters text COLLATE utf8_unicode_ci NOT NULL,
  repository int(11) NOT NULL DEFAULT '0',
  timeout int(11) NOT NULL DEFAULT '5',
  retry int(11) NOT NULL DEFAULT '3',
  ttl int(11) NOT NULL DEFAULT '1440',
  PRIMARY KEY (connector_id)
) ENGINE=MyISAM DEFAULT CHARSET=utf8 COLLATE=utf8_unicode_ci;

--
-- Dumping data for table `connectors`
--


--
-- Table structure for table `connectors_categ`
--

CREATE TABLE connectors_categ (
  connectors_categ_id smallint(5) NOT NULL AUTO_INCREMENT,
  connectors_categ_name varchar(64) COLLATE utf8_unicode_ci NOT NULL DEFAULT '',
  opac_expanded smallint(6) NOT NULL DEFAULT '0',
  PRIMARY KEY (connectors_categ_id)
) ENGINE=MyISAM AUTO_INCREMENT=4 DEFAULT CHARSET=utf8 COLLATE=utf8_unicode_ci;

--
-- Dumping data for table `connectors_categ`
--

INSERT INTO connectors_categ (connectors_categ_id, connectors_categ_name, opac_expanded) VALUES (1,'Catalogues de bibliothèques',1);
INSERT INTO connectors_categ (connectors_categ_id, connectors_categ_name, opac_expanded) VALUES (2,'Sources non disponibles pour la recherche externe',0);
INSERT INTO connectors_categ (connectors_categ_id, connectors_categ_name, opac_expanded) VALUES (3,'Bases de données et archives ouvertes',1);

--
-- Table structure for table `connectors_categ_sources`
--

CREATE TABLE connectors_categ_sources (
  num_categ smallint(6) NOT NULL DEFAULT '0',
  num_source smallint(6) NOT NULL DEFAULT '0',
  PRIMARY KEY (num_categ,num_source),
  KEY i_num_source (num_source)
) ENGINE=MyISAM DEFAULT CHARSET=utf8 COLLATE=utf8_unicode_ci;

--
-- Dumping data for table `connectors_categ_sources`
--

INSERT INTO connectors_categ_sources (num_categ, num_source) VALUES (2,2);
INSERT INTO connectors_categ_sources (num_categ, num_source) VALUES (3,7);
INSERT INTO connectors_categ_sources (num_categ, num_source) VALUES (3,8);

--
-- Table structure for table `connectors_out`
--

CREATE TABLE connectors_out (
  connectors_out_id int(11) NOT NULL AUTO_INCREMENT,
  connectors_out_config longblob NOT NULL,
  PRIMARY KEY (connectors_out_id)
) ENGINE=MyISAM DEFAULT CHARSET=utf8 COLLATE=utf8_unicode_ci;

--
-- Dumping data for table `connectors_out`
--


--
-- Table structure for table `connectors_out_oai_deleted_records`
--

CREATE TABLE connectors_out_oai_deleted_records (
  num_set int(11) unsigned NOT NULL DEFAULT '0',
  num_notice int(11) unsigned NOT NULL DEFAULT '0',
  deletion_date datetime NOT NULL DEFAULT '0000-00-00 00:00:00',
  PRIMARY KEY (num_set,num_notice)
) ENGINE=MyISAM DEFAULT CHARSET=utf8 COLLATE=utf8_unicode_ci;

--
-- Dumping data for table `connectors_out_oai_deleted_records`
--


--
-- Table structure for table `connectors_out_oai_tokens`
--

CREATE TABLE connectors_out_oai_tokens (
  connectors_out_oai_token_token varchar(32) COLLATE utf8_unicode_ci NOT NULL,
  connectors_out_oai_token_environnement text COLLATE utf8_unicode_ci NOT NULL,
  connectors_out_oai_token_expirationdate datetime NOT NULL DEFAULT '0000-00-00 00:00:00',
  PRIMARY KEY (connectors_out_oai_token_token)
) ENGINE=MyISAM DEFAULT CHARSET=utf8 COLLATE=utf8_unicode_ci;

--
-- Dumping data for table `connectors_out_oai_tokens`
--


--
-- Table structure for table `connectors_out_setcache_values`
--

CREATE TABLE connectors_out_setcache_values (
  connectors_out_setcache_values_cachenum int(11) NOT NULL DEFAULT '0',
  connectors_out_setcache_values_value int(11) NOT NULL DEFAULT '0',
  PRIMARY KEY (connectors_out_setcache_values_cachenum,connectors_out_setcache_values_value)
) ENGINE=MyISAM DEFAULT CHARSET=utf8 COLLATE=utf8_unicode_ci;

--
-- Dumping data for table `connectors_out_setcache_values`
--


--
-- Table structure for table `connectors_out_setcaches`
--

CREATE TABLE connectors_out_setcaches (
  connectors_out_setcache_id int(11) NOT NULL AUTO_INCREMENT,
  connectors_out_setcache_setnum int(11) NOT NULL DEFAULT '0',
  connectors_out_setcache_lifeduration int(4) NOT NULL DEFAULT '0',
  connectors_out_setcache_lifeduration_unit enum('seconds','minutes','hours','days','weeks','months') COLLATE utf8_unicode_ci NOT NULL DEFAULT 'seconds',
  connectors_out_setcache_lastupdatedate datetime NOT NULL DEFAULT '0000-00-00 00:00:00',
  PRIMARY KEY (connectors_out_setcache_id),
  UNIQUE KEY connectors_out_setcache_setnum (connectors_out_setcache_setnum)
) ENGINE=MyISAM DEFAULT CHARSET=utf8 COLLATE=utf8_unicode_ci;

--
-- Dumping data for table `connectors_out_setcaches`
--


--
-- Table structure for table `connectors_out_setcateg_sets`
--

CREATE TABLE connectors_out_setcateg_sets (
  connectors_out_setcategset_setnum int(11) NOT NULL,
  connectors_out_setcategset_categnum int(11) NOT NULL DEFAULT '0',
  PRIMARY KEY (connectors_out_setcategset_setnum,connectors_out_setcategset_categnum)
) ENGINE=MyISAM DEFAULT CHARSET=utf8 COLLATE=utf8_unicode_ci;

--
-- Dumping data for table `connectors_out_setcateg_sets`
--


--
-- Table structure for table `connectors_out_setcategs`
--

CREATE TABLE connectors_out_setcategs (
  connectors_out_setcateg_id int(11) NOT NULL AUTO_INCREMENT,
  connectors_out_setcateg_name varchar(100) COLLATE utf8_unicode_ci NOT NULL DEFAULT '',
  PRIMARY KEY (connectors_out_setcateg_id),
  UNIQUE KEY connectors_out_setcateg_name (connectors_out_setcateg_name)
) ENGINE=MyISAM DEFAULT CHARSET=utf8 COLLATE=utf8_unicode_ci;

--
-- Dumping data for table `connectors_out_setcategs`
--


--
-- Table structure for table `connectors_out_sets`
--

CREATE TABLE connectors_out_sets (
  connector_out_set_id int(11) NOT NULL AUTO_INCREMENT,
  connector_out_set_caption varchar(100) COLLATE utf8_unicode_ci NOT NULL DEFAULT '',
  connector_out_set_type int(4) NOT NULL DEFAULT '0',
  connector_out_set_config longblob NOT NULL,
  being_refreshed int(10) unsigned NOT NULL DEFAULT '0',
  PRIMARY KEY (connector_out_set_id),
  UNIQUE KEY connector_out_set_caption (connector_out_set_caption)
) ENGINE=MyISAM DEFAULT CHARSET=utf8 COLLATE=utf8_unicode_ci;

--
-- Dumping data for table `connectors_out_sets`
--


--
-- Table structure for table `connectors_out_sources`
--

CREATE TABLE connectors_out_sources (
  connectors_out_source_id int(11) NOT NULL AUTO_INCREMENT,
  connectors_out_sources_connectornum int(11) NOT NULL DEFAULT '0',
  connectors_out_source_name varchar(100) COLLATE utf8_unicode_ci NOT NULL DEFAULT '',
  connectors_out_source_comment varchar(200) COLLATE utf8_unicode_ci NOT NULL DEFAULT '',
  connectors_out_source_config longblob NOT NULL,
  PRIMARY KEY (connectors_out_source_id)
) ENGINE=MyISAM DEFAULT CHARSET=utf8 COLLATE=utf8_unicode_ci;

--
-- Dumping data for table `connectors_out_sources`
--


--
-- Table structure for table `connectors_out_sources_esgroups`
--

CREATE TABLE connectors_out_sources_esgroups (
  connectors_out_source_esgroup_sourcenum int(11) NOT NULL DEFAULT '0',
  connectors_out_source_esgroup_esgroupnum int(11) NOT NULL DEFAULT '0',
  PRIMARY KEY (connectors_out_source_esgroup_sourcenum,connectors_out_source_esgroup_esgroupnum)
) ENGINE=MyISAM DEFAULT CHARSET=utf8 COLLATE=utf8_unicode_ci;

--
-- Dumping data for table `connectors_out_sources_esgroups`
--


--
-- Table structure for table `connectors_sources`
--

CREATE TABLE connectors_sources (
  source_id int(10) unsigned NOT NULL AUTO_INCREMENT,
  id_connector varchar(20) COLLATE utf8_unicode_ci NOT NULL DEFAULT '',
  parameters mediumtext COLLATE utf8_unicode_ci NOT NULL,
  `comment` varchar(255) COLLATE utf8_unicode_ci NOT NULL DEFAULT '',
  `name` varchar(255) COLLATE utf8_unicode_ci NOT NULL DEFAULT '',
  repository int(11) NOT NULL DEFAULT '0',
  timeout int(11) NOT NULL DEFAULT '5',
  retry int(11) NOT NULL DEFAULT '3',
  ttl int(11) NOT NULL DEFAULT '1440',
  opac_allowed int(3) unsigned NOT NULL DEFAULT '0',
  rep_upload int(11) NOT NULL DEFAULT '0',
  upload_doc_num int(11) NOT NULL DEFAULT '1',
  enrichment int(11) NOT NULL DEFAULT '0',
  opac_affiliate_search int(11) NOT NULL DEFAULT '0',
  opac_selected int(3) unsigned NOT NULL DEFAULT '0',
  gestion_selected int(1) unsigned NOT NULL DEFAULT '0',
  type_enrichment_allowed text COLLATE utf8_unicode_ci NOT NULL,
  ico_notice varchar(256) COLLATE utf8_unicode_ci NOT NULL DEFAULT '',
  last_sync_date datetime NOT NULL DEFAULT '0000-00-00 00:00:00',
  clean_html int(3) unsigned NOT NULL DEFAULT '0',
  PRIMARY KEY (source_id)
) ENGINE=MyISAM AUTO_INCREMENT=8 DEFAULT CHARSET=utf8 COLLATE=utf8_unicode_ci;

--
-- Dumping data for table `connectors_sources`
--

INSERT INTO connectors_sources (source_id, id_connector, parameters, comment, name, repository, timeout, retry, ttl, opac_allowed, rep_upload, upload_doc_num, enrichment, opac_affiliate_search, opac_selected, gestion_selected, type_enrichment_allowed, ico_notice, last_sync_date, clean_html) VALUES (7,'oai','a:6:{s:3:\"url\";s:33:\"http://oai.bnf.fr/oai2/OAIHandler\";s:14:\"clean_base_url\";s:1:\"1\";s:4:\"sets\";a:1:{i:0;s:22:\"gallica:corpus:afrique\";}s:7:\"formats\";s:6:\"oai_dc\";s:11:\"del_deleted\";s:1:\"0\";s:13:\"xsl_transform\";N;}','','Gallica',1,5,3,1800,1,0,1,0,1,0,0,'a:0:{}','','0000-00-00 00:00:00',0);

--
-- Table structure for table `contact_form_objects`
--

CREATE TABLE contact_form_objects (
  id_object int(10) unsigned NOT NULL AUTO_INCREMENT,
  object_label varchar(255) COLLATE utf8_unicode_ci NOT NULL DEFAULT '',
  object_message text COLLATE utf8_unicode_ci NOT NULL,
  num_contact_form int(11) NOT NULL DEFAULT '1',
  PRIMARY KEY (id_object),
  KEY i_num_contact_form (num_contact_form)
) ENGINE=MyISAM AUTO_INCREMENT=2 DEFAULT CHARSET=utf8 COLLATE=utf8_unicode_ci;

--
-- Dumping data for table `contact_form_objects`
--

INSERT INTO contact_form_objects (id_object, object_label, object_message, num_contact_form) VALUES (1,'Demande de renseignement','',1);

--
-- Table structure for table `contact_forms`
--

CREATE TABLE contact_forms (
  id_contact_form int(10) unsigned NOT NULL AUTO_INCREMENT,
  contact_form_label varchar(255) COLLATE utf8_unicode_ci NOT NULL DEFAULT '',
  contact_form_desc varchar(255) COLLATE utf8_unicode_ci NOT NULL DEFAULT '',
  contact_form_parameters mediumtext COLLATE utf8_unicode_ci NOT NULL,
  contact_form_recipients mediumtext COLLATE utf8_unicode_ci NOT NULL,
  PRIMARY KEY (id_contact_form)
) ENGINE=MyISAM AUTO_INCREMENT=2 DEFAULT CHARSET=utf8 COLLATE=utf8_unicode_ci;

--
-- Dumping data for table `contact_forms`
--

INSERT INTO contact_forms (id_contact_form, contact_form_label, contact_form_desc, contact_form_parameters, contact_form_recipients) VALUES (1,'Formulaire de contact','','{\"fields\":{\"name\":{\"type\":\"text\",\"display\":\"1\",\"mandatory\":\"1\",\"readonly\":0},\"firstname\":{\"type\":\"text\",\"display\":\"1\",\"mandatory\":\"1\",\"readonly\":0},\"group\":{\"type\":\"text\",\"display\":0,\"mandatory\":0,\"readonly\":0},\"email\":{\"type\":\"email\",\"display\":\"1\",\"mandatory\":\"1\",\"readonly\":1},\"tel\":{\"type\":\"text\",\"display\":0,\"mandatory\":0,\"readonly\":0},\"attachments\":{\"type\":\"file\",\"display\":0,\"mandatory\":0,\"readonly\":0}},\"recipients_mode\":\"by_objects\",\"email_object_free_entry\":0,\"email_content\":\"<!-- $Id: email_content.html,v 1.1.2.2 2020\\/08\\/11 09:10:41 dgoron Exp $ -->\\r\\n\\r\\n{% block header %}\\r\\n\\t<h3><span>{{msg.contact_form_title}}<\\/span><\\/h3>\\r\\n{% endblock %}\\r\\n\\r\\n{% block content %}\\r\\n<div class=\\u0027contact_form\\u0027>\\r\\n\\t{% if contact_form.contact_form_parameter_name %}\\r\\n\\t<div class=\\u0027contact_form_parameter_name\\u0027>\\r\\n\\t\\t<b>{{ msg.contact_form_parameter_name }}<\\/b> {{ contact_form.contact_form_parameter_name }}\\r\\n\\t<\\/div>\\r\\n\\t{% endif %}\\r\\n\\t{% if contact_form.contact_form_parameter_firstname %}\\r\\n\\t\\t<div class=\\u0027contact_form_parameter_firstname\\u0027>\\r\\n\\t\\t\\t<b>{{ msg.contact_form_parameter_firstname }}<\\/b> {{ contact_form.contact_form_parameter_firstname }}\\r\\n\\t\\t<\\/div>\\r\\n\\t{% endif %}\\r\\n\\t{% if contact_form.contact_form_parameter_group %}\\r\\n\\t\\t<div class=\\u0027contact_form_parameter_group\\u0027>\\r\\n\\t\\t\\t<b>{{ msg.contact_form_parameter_group }}<\\/b> {{ contact_form.contact_form_parameter_group }}\\r\\n\\t\\t<\\/div>\\r\\n\\t{% endif %}\\r\\n\\t{% if contact_form.contact_form_parameter_email %}\\r\\n\\t\\t<div class=\\u0027contact_form_parameter_email\\u0027>\\r\\n\\t\\t\\t<b>{{ msg.contact_form_parameter_email }}<\\/b> {{ contact_form.contact_form_parameter_email }}\\r\\n\\t\\t<\\/div>\\r\\n\\t{% endif %}\\r\\n\\t{% if contact_form.contact_form_parameter_tel %}\\r\\n\\t\\t<div class=\\u0027contact_form_parameter_tel\\u0027>\\r\\n\\t\\t\\t<b>{{ msg.contact_form_parameter_tel }}<\\/b> {{ contact_form.contact_form_parameter_tel }}\\r\\n\\t\\t<\\/div>\\r\\n\\t{% endif %}\\t\\r\\n\\t<br \\/><br \\/>\\r\\n\\t<div class=\\u0027contact_form_text\\u0027>\\r\\n\\t\\t<b>{{ msg.contact_form_text }}<\\/b>\\r\\n\\t\\t<p class=\\u0027align_justify\\u0027>{{ contact_form.contact_form_text | nl2br }}<\\/p>\\r\\n\\t<\\/div>\\r\\n<\\/div>\\r\\n{% endblock %}\\r\\n\\r\\n{% block sign %}\\r\\n{% endblock %}\",\"confirm_email\":1}','{\"by_persons\":[],\"by_objects\":[{\"name\":\"\",\"email\":\"\",\"copy_email\":\"\",\"transmitter_email\":\"\"},{\"name\":\"Biblioth\\u00e8que\",\"email\":\"@\",\"copy_email\":\"\",\"transmitter_email\":\"\"}],\"by_locations\":[]}');

--
-- Table structure for table `contribution_area_areas`
--

CREATE TABLE contribution_area_areas (
  id_area int(10) unsigned NOT NULL AUTO_INCREMENT,
  area_title varchar(255) COLLATE utf8_unicode_ci NOT NULL DEFAULT '',
  area_comment text COLLATE utf8_unicode_ci NOT NULL,
  area_color varchar(10) COLLATE utf8_unicode_ci NOT NULL DEFAULT '',
  area_order int(5) NOT NULL DEFAULT '0',
  area_status int(10) unsigned NOT NULL DEFAULT '1',
  area_opac_visibility int(1) NOT NULL DEFAULT '1',
  area_repo_template_authorities varchar(255) COLLATE utf8_unicode_ci NOT NULL DEFAULT '',
  area_repo_template_records varchar(255) COLLATE utf8_unicode_ci NOT NULL DEFAULT '',
  area_editing_entity tinyint(4) NOT NULL DEFAULT '0',
  area_logo varchar(255) COLLATE utf8_unicode_ci DEFAULT NULL,
  PRIMARY KEY (id_area)
) ENGINE=MyISAM DEFAULT CHARSET=utf8 COLLATE=utf8_unicode_ci;

--
-- Dumping data for table `contribution_area_areas`
--


--
-- Table structure for table `contribution_area_clipboard`
--

CREATE TABLE contribution_area_clipboard (
  id_clipboard int(11) NOT NULL AUTO_INCREMENT,
  datas text COLLATE utf8_unicode_ci,
  created_at datetime DEFAULT NULL,
  PRIMARY KEY (id_clipboard)
) ENGINE=MyISAM DEFAULT CHARSET=utf8 COLLATE=utf8_unicode_ci;

--
-- Dumping data for table `contribution_area_clipboard`
--


--
-- Table structure for table `contribution_area_computed_fields`
--

CREATE TABLE contribution_area_computed_fields (
  id_computed_fields int(10) unsigned NOT NULL AUTO_INCREMENT,
  computed_fields_area_num int(10) unsigned NOT NULL DEFAULT '0',
  computed_fields_field_num varchar(255) COLLATE utf8_unicode_ci NOT NULL DEFAULT '',
  computed_fields_template text COLLATE utf8_unicode_ci,
  PRIMARY KEY (id_computed_fields)
) ENGINE=MyISAM DEFAULT CHARSET=utf8 COLLATE=utf8_unicode_ci;

--
-- Dumping data for table `contribution_area_computed_fields`
--


--
-- Table structure for table `contribution_area_computed_fields_used`
--

CREATE TABLE contribution_area_computed_fields_used (
  id_computed_fields_used int(10) unsigned NOT NULL AUTO_INCREMENT,
  computed_fields_used_origine_field_num int(10) unsigned NOT NULL DEFAULT '0',
  computed_fields_used_label text COLLATE utf8_unicode_ci,
  computed_fields_used_num varchar(255) COLLATE utf8_unicode_ci NOT NULL DEFAULT '',
  computed_fields_used_alias varchar(255) COLLATE utf8_unicode_ci NOT NULL DEFAULT '',
  PRIMARY KEY (id_computed_fields_used)
) ENGINE=MyISAM DEFAULT CHARSET=utf8 COLLATE=utf8_unicode_ci;

--
-- Dumping data for table `contribution_area_computed_fields_used`
--


--
-- Table structure for table `contribution_area_equations`
--

CREATE TABLE contribution_area_equations (
  contribution_area_equation_id int(10) unsigned NOT NULL AUTO_INCREMENT,
  contribution_area_equation_name varchar(255) COLLATE utf8_unicode_ci NOT NULL DEFAULT '',
  contribution_area_equation_type varchar(255) COLLATE utf8_unicode_ci NOT NULL DEFAULT '',
  contribution_area_equation_query text COLLATE utf8_unicode_ci NOT NULL,
  contribution_area_equation_human_query text COLLATE utf8_unicode_ci NOT NULL,
  PRIMARY KEY (contribution_area_equation_id)
) ENGINE=MyISAM DEFAULT CHARSET=utf8 COLLATE=utf8_unicode_ci;

--
-- Dumping data for table `contribution_area_equations`
--


--
-- Table structure for table `contribution_area_forms`
--

CREATE TABLE contribution_area_forms (
  id_form int(10) unsigned NOT NULL AUTO_INCREMENT,
  form_title varchar(255) COLLATE utf8_unicode_ci NOT NULL DEFAULT '',
  form_type varchar(255) COLLATE utf8_unicode_ci NOT NULL DEFAULT '',
  form_parameters blob NOT NULL,
  form_comment text COLLATE utf8_unicode_ci NOT NULL,
  PRIMARY KEY (id_form)
) ENGINE=MyISAM DEFAULT CHARSET=utf8 COLLATE=utf8_unicode_ci;

--
-- Dumping data for table `contribution_area_forms`
--


--
-- Table structure for table `contribution_area_status`
--

CREATE TABLE contribution_area_status (
  contribution_area_status_id int(10) unsigned NOT NULL AUTO_INCREMENT,
  contribution_area_status_gestion_libelle varchar(255) COLLATE utf8_unicode_ci NOT NULL DEFAULT '',
  contribution_area_status_opac_libelle varchar(255) COLLATE utf8_unicode_ci NOT NULL DEFAULT '',
  contribution_area_status_class_html varchar(255) COLLATE utf8_unicode_ci NOT NULL DEFAULT '',
  contribution_area_status_available_for text COLLATE utf8_unicode_ci,
  PRIMARY KEY (contribution_area_status_id)
) ENGINE=MyISAM AUTO_INCREMENT=2 DEFAULT CHARSET=utf8 COLLATE=utf8_unicode_ci;

--
-- Dumping data for table `contribution_area_status`
--

INSERT INTO contribution_area_status (contribution_area_status_id, contribution_area_status_gestion_libelle, contribution_area_status_opac_libelle, contribution_area_status_class_html, contribution_area_status_available_for) VALUES (1,'Statut par défaut','Statut par défaut','statutnot1','a:10:{i:0;s:6:\"record\";i:1;s:6:\"author\";i:2;s:8:\"category\";i:3;s:9:\"publisher\";i:4;s:10:\"collection\";i:5;s:14:\"sub_collection\";i:6;s:5:\"serie\";i:7;s:4:\"work\";i:8;s:8:\"indexint\";i:9;s:7:\"concept\";}');

--
-- Table structure for table `coordonnees`
--

CREATE TABLE coordonnees (
  id_contact int(8) unsigned NOT NULL AUTO_INCREMENT,
  type_coord int(1) unsigned NOT NULL DEFAULT '0',
  num_entite int(5) unsigned NOT NULL DEFAULT '0',
  libelle varchar(255) COLLATE utf8_unicode_ci NOT NULL DEFAULT '',
  contact varchar(255) COLLATE utf8_unicode_ci NOT NULL DEFAULT '',
  adr1 varchar(255) COLLATE utf8_unicode_ci NOT NULL DEFAULT '',
  adr2 varchar(255) COLLATE utf8_unicode_ci NOT NULL DEFAULT '',
  cp varchar(15) COLLATE utf8_unicode_ci NOT NULL DEFAULT '',
  ville varchar(100) COLLATE utf8_unicode_ci NOT NULL DEFAULT '',
  etat varchar(100) COLLATE utf8_unicode_ci NOT NULL DEFAULT '',
  pays varchar(100) COLLATE utf8_unicode_ci NOT NULL DEFAULT '',
  tel1 varchar(100) COLLATE utf8_unicode_ci NOT NULL DEFAULT '',
  tel2 varchar(100) COLLATE utf8_unicode_ci NOT NULL DEFAULT '',
  fax varchar(100) COLLATE utf8_unicode_ci NOT NULL DEFAULT '',
  email varchar(255) COLLATE utf8_unicode_ci NOT NULL DEFAULT '',
  commentaires text COLLATE utf8_unicode_ci,
  PRIMARY KEY (id_contact),
  KEY i_num_entite (num_entite)
) ENGINE=MyISAM DEFAULT CHARSET=utf8 COLLATE=utf8_unicode_ci;

--
-- Dumping data for table `coordonnees`
--


--
-- Table structure for table `demandes`
--

CREATE TABLE demandes (
  id_demande int(10) unsigned NOT NULL AUTO_INCREMENT,
  num_demandeur int(10) unsigned NOT NULL DEFAULT '0',
  theme_demande int(3) NOT NULL DEFAULT '0',
  type_demande int(3) NOT NULL DEFAULT '0',
  etat_demande int(3) NOT NULL DEFAULT '0',
  date_demande date NOT NULL DEFAULT '0000-00-00',
  date_prevue date NOT NULL DEFAULT '0000-00-00',
  deadline_demande date NOT NULL DEFAULT '0000-00-00',
  titre_demande varchar(255) COLLATE utf8_unicode_ci NOT NULL DEFAULT '',
  sujet_demande text COLLATE utf8_unicode_ci NOT NULL,
  progression mediumint(3) NOT NULL DEFAULT '0',
  num_user_cloture mediumint(3) NOT NULL DEFAULT '0',
  num_notice int(10) NOT NULL DEFAULT '0',
  dmde_read_gestion int(1) unsigned NOT NULL DEFAULT '0',
  reponse_finale text COLLATE utf8_unicode_ci,
  dmde_read_opac int(1) unsigned NOT NULL DEFAULT '0',
  demande_note_num int(10) unsigned NOT NULL DEFAULT '0',
  num_linked_notice mediumint(8) unsigned NOT NULL DEFAULT '0',
  PRIMARY KEY (id_demande),
  KEY i_num_demandeur (num_demandeur),
  KEY i_date_demande (date_demande),
  KEY i_deadline_demande (deadline_demande)
) ENGINE=MyISAM DEFAULT CHARSET=utf8 COLLATE=utf8_unicode_ci;

--
-- Dumping data for table `demandes`
--


--
-- Table structure for table `demandes_actions`
--

CREATE TABLE demandes_actions (
  id_action int(10) unsigned NOT NULL AUTO_INCREMENT,
  type_action int(3) NOT NULL DEFAULT '0',
  statut_action int(3) NOT NULL DEFAULT '0',
  sujet_action varchar(255) COLLATE utf8_unicode_ci NOT NULL DEFAULT '',
  detail_action text COLLATE utf8_unicode_ci NOT NULL,
  date_action date NOT NULL DEFAULT '0000-00-00',
  deadline_action date NOT NULL DEFAULT '0000-00-00',
  temps_passe float DEFAULT NULL,
  cout mediumint(3) NOT NULL DEFAULT '0',
  progression_action mediumint(3) NOT NULL DEFAULT '0',
  prive_action int(1) NOT NULL DEFAULT '0',
  num_demande int(10) NOT NULL DEFAULT '0',
  actions_num_user int(10) unsigned NOT NULL DEFAULT '0',
  actions_type_user tinyint(4) unsigned NOT NULL DEFAULT '0',
  actions_read_opac int(11) NOT NULL DEFAULT '0',
  actions_read_gestion int(1) unsigned NOT NULL DEFAULT '0',
  PRIMARY KEY (id_action),
  KEY i_date_action (date_action),
  KEY i_deadline_action (deadline_action),
  KEY i_num_demande (num_demande),
  KEY i_actions_user (actions_num_user,actions_type_user)
) ENGINE=MyISAM DEFAULT CHARSET=utf8 COLLATE=utf8_unicode_ci;

--
-- Dumping data for table `demandes_actions`
--


--
-- Table structure for table `demandes_custom`
--

CREATE TABLE demandes_custom (
  idchamp int(10) unsigned NOT NULL AUTO_INCREMENT,
  `name` varchar(255) COLLATE utf8_unicode_ci NOT NULL DEFAULT '',
  titre varchar(255) COLLATE utf8_unicode_ci DEFAULT NULL,
  `type` varchar(10) COLLATE utf8_unicode_ci NOT NULL DEFAULT 'text',
  datatype varchar(10) COLLATE utf8_unicode_ci NOT NULL DEFAULT '',
  `options` text COLLATE utf8_unicode_ci,
  multiple int(11) NOT NULL DEFAULT '0',
  obligatoire int(11) NOT NULL DEFAULT '0',
  ordre int(11) DEFAULT NULL,
  search int(1) unsigned NOT NULL DEFAULT '0',
  `export` int(1) unsigned NOT NULL DEFAULT '0',
  filters int(1) unsigned NOT NULL DEFAULT '0',
  exclusion_obligatoire int(1) unsigned NOT NULL DEFAULT '0',
  pond int(11) NOT NULL DEFAULT '100',
  opac_sort int(11) NOT NULL DEFAULT '0',
  `comment` blob NOT NULL,
  custom_classement varchar(255) COLLATE utf8_unicode_ci NOT NULL DEFAULT '',
  PRIMARY KEY (idchamp)
) ENGINE=MyISAM DEFAULT CHARSET=utf8 COLLATE=utf8_unicode_ci;

--
-- Dumping data for table `demandes_custom`
--


--
-- Table structure for table `demandes_custom_dates`
--

CREATE TABLE demandes_custom_dates (
  demandes_custom_champ int(10) unsigned NOT NULL DEFAULT '0',
  demandes_custom_origine int(10) unsigned NOT NULL DEFAULT '0',
  demandes_custom_date_type int(11) DEFAULT NULL,
  demandes_custom_date_start int(11) NOT NULL DEFAULT '0',
  demandes_custom_date_end int(11) NOT NULL DEFAULT '0',
  demandes_custom_order int(11) unsigned NOT NULL DEFAULT '0',
  PRIMARY KEY (demandes_custom_champ,demandes_custom_origine,demandes_custom_order),
  KEY demandes_custom_champ (demandes_custom_champ),
  KEY demandes_custom_origine (demandes_custom_origine)
) ENGINE=MyISAM DEFAULT CHARSET=utf8 COLLATE=utf8_unicode_ci;

--
-- Dumping data for table `demandes_custom_dates`
--


--
-- Table structure for table `demandes_custom_lists`
--

CREATE TABLE demandes_custom_lists (
  demandes_custom_champ int(10) unsigned NOT NULL DEFAULT '0',
  demandes_custom_list_value varchar(255) COLLATE utf8_unicode_ci DEFAULT NULL,
  demandes_custom_list_lib varchar(255) COLLATE utf8_unicode_ci DEFAULT NULL,
  ordre int(11) DEFAULT NULL,
  KEY i_demandes_custom_champ (demandes_custom_champ),
  KEY i_demandes_champ_list_value (demandes_custom_champ,demandes_custom_list_value)
) ENGINE=MyISAM DEFAULT CHARSET=utf8 COLLATE=utf8_unicode_ci;

--
-- Dumping data for table `demandes_custom_lists`
--


--
-- Table structure for table `demandes_custom_values`
--

CREATE TABLE demandes_custom_values (
  demandes_custom_champ int(10) unsigned NOT NULL DEFAULT '0',
  demandes_custom_origine int(10) unsigned NOT NULL DEFAULT '0',
  demandes_custom_small_text varchar(255) COLLATE utf8_unicode_ci DEFAULT NULL,
  demandes_custom_text text COLLATE utf8_unicode_ci,
  demandes_custom_integer int(11) DEFAULT NULL,
  demandes_custom_date date DEFAULT NULL,
  demandes_custom_float float DEFAULT NULL,
  demandes_custom_order int(11) NOT NULL DEFAULT '0',
  KEY i_demandes_custom_champ (demandes_custom_champ),
  KEY i_demandes_custom_origine (demandes_custom_origine)
) ENGINE=MyISAM DEFAULT CHARSET=utf8 COLLATE=utf8_unicode_ci;

--
-- Dumping data for table `demandes_custom_values`
--


--
-- Table structure for table `demandes_notes`
--

CREATE TABLE demandes_notes (
  id_note int(10) unsigned NOT NULL AUTO_INCREMENT,
  prive int(1) NOT NULL DEFAULT '0',
  rapport int(1) NOT NULL DEFAULT '0',
  contenu text COLLATE utf8_unicode_ci NOT NULL,
  date_note datetime NOT NULL DEFAULT '0000-00-00 00:00:00',
  num_action int(10) NOT NULL DEFAULT '0',
  num_note_parent int(10) NOT NULL DEFAULT '0',
  notes_num_user int(10) unsigned NOT NULL DEFAULT '0',
  notes_type_user tinyint(4) unsigned NOT NULL DEFAULT '0',
  notes_read_gestion int(1) unsigned NOT NULL DEFAULT '0',
  notes_read_opac int(1) unsigned NOT NULL DEFAULT '0',
  PRIMARY KEY (id_note),
  KEY i_date_note (date_note),
  KEY i_num_action (num_action),
  KEY i_num_note_parent (num_note_parent),
  KEY i_notes_user (notes_num_user,notes_type_user)
) ENGINE=MyISAM DEFAULT CHARSET=utf8 COLLATE=utf8_unicode_ci;

--
-- Dumping data for table `demandes_notes`
--


--
-- Table structure for table `demandes_theme`
--

CREATE TABLE demandes_theme (
  id_theme int(10) unsigned NOT NULL AUTO_INCREMENT,
  libelle_theme varchar(255) COLLATE utf8_unicode_ci NOT NULL DEFAULT '',
  PRIMARY KEY (id_theme)
) ENGINE=MyISAM DEFAULT CHARSET=utf8 COLLATE=utf8_unicode_ci;

--
-- Dumping data for table `demandes_theme`
--


--
-- Table structure for table `demandes_type`
--

CREATE TABLE demandes_type (
  id_type int(10) unsigned NOT NULL AUTO_INCREMENT,
  libelle_type varchar(255) COLLATE utf8_unicode_ci NOT NULL DEFAULT '',
  allowed_actions text COLLATE utf8_unicode_ci NOT NULL,
  PRIMARY KEY (id_type)
) ENGINE=MyISAM DEFAULT CHARSET=utf8 COLLATE=utf8_unicode_ci;

--
-- Dumping data for table `demandes_type`
--


--
-- Table structure for table `demandes_users`
--

CREATE TABLE demandes_users (
  num_user int(10) NOT NULL DEFAULT '0',
  num_demande int(10) NOT NULL DEFAULT '0',
  date_creation date NOT NULL DEFAULT '0000-00-00',
  users_statut int(1) NOT NULL DEFAULT '0',
  PRIMARY KEY (num_user,num_demande)
) ENGINE=MyISAM DEFAULT CHARSET=utf8 COLLATE=utf8_unicode_ci;

--
-- Dumping data for table `demandes_users`
--


--
-- Table structure for table `docs_codestat`
--

CREATE TABLE docs_codestat (
  idcode smallint(5) unsigned NOT NULL AUTO_INCREMENT,
  codestat_libelle varchar(255) COLLATE utf8_unicode_ci DEFAULT NULL,
  statisdoc_codage_import char(2) COLLATE utf8_unicode_ci NOT NULL DEFAULT '',
  statisdoc_owner mediumint(8) unsigned NOT NULL DEFAULT '0',
  PRIMARY KEY (idcode),
  KEY statisdoc_owner (statisdoc_owner)
) ENGINE=MyISAM AUTO_INCREMENT=13 DEFAULT CHARSET=utf8 COLLATE=utf8_unicode_ci;

--
-- Dumping data for table `docs_codestat`
--

INSERT INTO docs_codestat (idcode, codestat_libelle, statisdoc_codage_import, statisdoc_owner) VALUES (10,'Indéterminé','u',0);
INSERT INTO docs_codestat (idcode, codestat_libelle, statisdoc_codage_import, statisdoc_owner) VALUES (11,'Jeunes','j',0);
INSERT INTO docs_codestat (idcode, codestat_libelle, statisdoc_codage_import, statisdoc_owner) VALUES (12,'Adultes','a',0);

--
-- Table structure for table `docs_location`
--

CREATE TABLE docs_location (
  idlocation smallint(5) unsigned NOT NULL AUTO_INCREMENT,
  location_libelle varchar(255) COLLATE utf8_unicode_ci DEFAULT NULL,
  locdoc_codage_import varchar(255) COLLATE utf8_unicode_ci NOT NULL DEFAULT '',
  locdoc_owner mediumint(8) unsigned NOT NULL DEFAULT '0',
  location_pic varchar(255) COLLATE utf8_unicode_ci NOT NULL DEFAULT '',
  location_visible_opac tinyint(1) NOT NULL DEFAULT '1',
  `name` varchar(255) COLLATE utf8_unicode_ci NOT NULL DEFAULT '',
  adr1 varchar(255) COLLATE utf8_unicode_ci NOT NULL DEFAULT '',
  adr2 varchar(255) COLLATE utf8_unicode_ci NOT NULL DEFAULT '',
  cp varchar(15) COLLATE utf8_unicode_ci NOT NULL DEFAULT '',
  town varchar(100) COLLATE utf8_unicode_ci NOT NULL DEFAULT '',
  state varchar(100) COLLATE utf8_unicode_ci NOT NULL DEFAULT '',
  country varchar(100) COLLATE utf8_unicode_ci NOT NULL DEFAULT '',
  phone varchar(100) COLLATE utf8_unicode_ci NOT NULL DEFAULT '',
  email varchar(100) COLLATE utf8_unicode_ci NOT NULL DEFAULT '',
  website varchar(100) COLLATE utf8_unicode_ci NOT NULL DEFAULT '',
  logo varchar(255) COLLATE utf8_unicode_ci NOT NULL DEFAULT '',
  commentaire text COLLATE utf8_unicode_ci NOT NULL,
  transfert_ordre smallint(2) unsigned NOT NULL DEFAULT '9999',
  transfert_statut_defaut smallint(5) unsigned NOT NULL DEFAULT '0',
  num_infopage int(6) unsigned NOT NULL DEFAULT '0',
  css_style varchar(100) COLLATE utf8_unicode_ci NOT NULL DEFAULT '',
  surloc_num int(11) NOT NULL DEFAULT '0',
  surloc_used tinyint(1) NOT NULL DEFAULT '0',
  show_a2z int(1) unsigned NOT NULL DEFAULT '0',
  PRIMARY KEY (idlocation),
  KEY locdoc_owner (locdoc_owner)
) ENGINE=MyISAM AUTO_INCREMENT=3 DEFAULT CHARSET=utf8 COLLATE=utf8_unicode_ci;

--
-- Dumping data for table `docs_location`
--

INSERT INTO docs_location (idlocation, location_libelle, locdoc_codage_import, locdoc_owner, location_pic, location_visible_opac, name, adr1, adr2, cp, town, state, country, phone, email, website, logo, commentaire, transfert_ordre, transfert_statut_defaut, num_infopage, css_style, surloc_num, surloc_used, show_a2z) VALUES (1,'Bibliothèque PMB Services','',0,'',1,'Bibliothèque test de PMB','PMB Services','ZI de Mont/Loir','72500','CHATEAU DU LOIR','','France','02 43 440 660','','http://www.sigb.net/','logo_default.jpg','',9999,0,0,'',0,0,0);
INSERT INTO docs_location (idlocation, location_libelle, locdoc_codage_import, locdoc_owner, location_pic, location_visible_opac, name, adr1, adr2, cp, town, state, country, phone, email, website, logo, commentaire, transfert_ordre, transfert_statut_defaut, num_infopage, css_style, surloc_num, surloc_used, show_a2z) VALUES (2,'Ludothèque','',0,'',1,'','','','','','','','','','','','',9999,0,0,'',0,0,0);

--
-- Table structure for table `docs_section`
--

CREATE TABLE docs_section (
  idsection smallint(5) unsigned NOT NULL AUTO_INCREMENT,
  section_libelle varchar(255) COLLATE utf8_unicode_ci DEFAULT NULL,
  section_libelle_opac varchar(255) COLLATE utf8_unicode_ci DEFAULT '',
  sdoc_codage_import varchar(255) COLLATE utf8_unicode_ci NOT NULL DEFAULT '',
  sdoc_owner mediumint(8) unsigned NOT NULL DEFAULT '0',
  section_pic varchar(255) COLLATE utf8_unicode_ci NOT NULL DEFAULT '',
  section_visible_opac tinyint(1) NOT NULL DEFAULT '1',
  PRIMARY KEY (idsection),
  KEY sdoc_owner (sdoc_owner)
) ENGINE=MyISAM AUTO_INCREMENT=36 DEFAULT CHARSET=utf8 COLLATE=utf8_unicode_ci;

--
-- Dumping data for table `docs_section`
--

INSERT INTO docs_section (idsection, section_libelle, section_libelle_opac, sdoc_codage_import, sdoc_owner, section_pic, section_visible_opac) VALUES (10,'Documentaires','','',0,'',1);
INSERT INTO docs_section (idsection, section_libelle, section_libelle_opac, sdoc_codage_import, sdoc_owner, section_pic, section_visible_opac) VALUES (30,'Réserve','','',0,'',1);
INSERT INTO docs_section (idsection, section_libelle, section_libelle_opac, sdoc_codage_import, sdoc_owner, section_pic, section_visible_opac) VALUES (13,'Romans Jeunes','','',0,'',1);
INSERT INTO docs_section (idsection, section_libelle, section_libelle_opac, sdoc_codage_import, sdoc_owner, section_pic, section_visible_opac) VALUES (16,'Bandes-dessinées Adultes','','',0,'',1);
INSERT INTO docs_section (idsection, section_libelle, section_libelle_opac, sdoc_codage_import, sdoc_owner, section_pic, section_visible_opac) VALUES (31,'Revues','','',0,'',1);
INSERT INTO docs_section (idsection, section_libelle, section_libelle_opac, sdoc_codage_import, sdoc_owner, section_pic, section_visible_opac) VALUES (19,'Fonds Régional','','',0,'',1);
INSERT INTO docs_section (idsection, section_libelle, section_libelle_opac, sdoc_codage_import, sdoc_owner, section_pic, section_visible_opac) VALUES (20,'Bandes-dessinées Jeunes','','',0,'',1);
INSERT INTO docs_section (idsection, section_libelle, section_libelle_opac, sdoc_codage_import, sdoc_owner, section_pic, section_visible_opac) VALUES (29,'Vidéothèque','','',0,'',1);
INSERT INTO docs_section (idsection, section_libelle, section_libelle_opac, sdoc_codage_import, sdoc_owner, section_pic, section_visible_opac) VALUES (23,'Romans Large vue','','',0,'',1);
INSERT INTO docs_section (idsection, section_libelle, section_libelle_opac, sdoc_codage_import, sdoc_owner, section_pic, section_visible_opac) VALUES (24,'Romans Adultes','','',0,'',1);
INSERT INTO docs_section (idsection, section_libelle, section_libelle_opac, sdoc_codage_import, sdoc_owner, section_pic, section_visible_opac) VALUES (26,'Albums','','',0,'',1);
INSERT INTO docs_section (idsection, section_libelle, section_libelle_opac, sdoc_codage_import, sdoc_owner, section_pic, section_visible_opac) VALUES (28,'Discothèque','','',0,'',1);
INSERT INTO docs_section (idsection, section_libelle, section_libelle_opac, sdoc_codage_import, sdoc_owner, section_pic, section_visible_opac) VALUES (32,'Jeux d\'assemblage','','',0,'',1);
INSERT INTO docs_section (idsection, section_libelle, section_libelle_opac, sdoc_codage_import, sdoc_owner, section_pic, section_visible_opac) VALUES (33,'Jeux d\'exercice','','',0,'',1);
INSERT INTO docs_section (idsection, section_libelle, section_libelle_opac, sdoc_codage_import, sdoc_owner, section_pic, section_visible_opac) VALUES (34,'Jeux de règle','','',0,'',1);
INSERT INTO docs_section (idsection, section_libelle, section_libelle_opac, sdoc_codage_import, sdoc_owner, section_pic, section_visible_opac) VALUES (35,'Jeux symbolique','','',0,'',1);

--
-- Table structure for table `docs_statut`
--

CREATE TABLE docs_statut (
  idstatut smallint(5) unsigned NOT NULL AUTO_INCREMENT,
  statut_libelle varchar(255) COLLATE utf8_unicode_ci DEFAULT NULL,
  statut_libelle_opac varchar(255) COLLATE utf8_unicode_ci DEFAULT '',
  pret_flag tinyint(4) NOT NULL DEFAULT '1',
  statusdoc_codage_import char(2) COLLATE utf8_unicode_ci NOT NULL DEFAULT '',
  statusdoc_owner mediumint(8) unsigned NOT NULL DEFAULT '0',
  transfert_flag tinyint(4) unsigned NOT NULL DEFAULT '1',
  statut_visible_opac tinyint(1) unsigned NOT NULL DEFAULT '1',
  statut_allow_resa int(1) unsigned NOT NULL DEFAULT '0',
  PRIMARY KEY (idstatut),
  KEY statusdoc_owner (statusdoc_owner)
) ENGINE=MyISAM AUTO_INCREMENT=16 DEFAULT CHARSET=utf8 COLLATE=utf8_unicode_ci;

--
-- Dumping data for table `docs_statut`
--

INSERT INTO docs_statut (idstatut, statut_libelle, statut_libelle_opac, pret_flag, statusdoc_codage_import, statusdoc_owner, transfert_flag, statut_visible_opac, statut_allow_resa) VALUES (1,'Empruntable','Libre accès',1,'',0,0,1,1);
INSERT INTO docs_statut (idstatut, statut_libelle, statut_libelle_opac, pret_flag, statusdoc_codage_import, statusdoc_owner, transfert_flag, statut_visible_opac, statut_allow_resa) VALUES (2,'En cours d\'import/saisie','En traitement',0,'',0,0,1,1);
INSERT INTO docs_statut (idstatut, statut_libelle, statut_libelle_opac, pret_flag, statusdoc_codage_import, statusdoc_owner, transfert_flag, statut_visible_opac, statut_allow_resa) VALUES (11,'En réparation','En réparation',0,'',0,0,1,0);
INSERT INTO docs_statut (idstatut, statut_libelle, statut_libelle_opac, pret_flag, statusdoc_codage_import, statusdoc_owner, transfert_flag, statut_visible_opac, statut_allow_resa) VALUES (12,'Perdu','',0,'',0,0,0,0);
INSERT INTO docs_statut (idstatut, statut_libelle, statut_libelle_opac, pret_flag, statusdoc_codage_import, statusdoc_owner, transfert_flag, statut_visible_opac, statut_allow_resa) VALUES (13,'Consultation sur place','Consultation sur place',0,'',0,0,1,1);
INSERT INTO docs_statut (idstatut, statut_libelle, statut_libelle_opac, pret_flag, statusdoc_codage_import, statusdoc_owner, transfert_flag, statut_visible_opac, statut_allow_resa) VALUES (15,'Pilon','',0,'',0,0,0,0);

--
-- Table structure for table `docs_type`
--

CREATE TABLE docs_type (
  idtyp_doc int(5) unsigned NOT NULL AUTO_INCREMENT,
  tdoc_libelle varchar(255) COLLATE utf8_unicode_ci DEFAULT NULL,
  duree_pret smallint(6) NOT NULL DEFAULT '31',
  duree_resa int(6) unsigned NOT NULL DEFAULT '15',
  tdoc_owner mediumint(8) unsigned NOT NULL DEFAULT '0',
  tdoc_codage_import varchar(255) COLLATE utf8_unicode_ci NOT NULL DEFAULT '',
  tarif_pret decimal(16,2) NOT NULL DEFAULT '0.00',
  short_loan_duration int(6) unsigned NOT NULL DEFAULT '1',
  PRIMARY KEY (idtyp_doc)
) ENGINE=MyISAM AUTO_INCREMENT=22 DEFAULT CHARSET=utf8 COLLATE=utf8_unicode_ci;

--
-- Dumping data for table `docs_type`
--

INSERT INTO docs_type (idtyp_doc, tdoc_libelle, duree_pret, duree_resa, tdoc_owner, tdoc_codage_import, tarif_pret, short_loan_duration) VALUES (1,'Livre',14,15,0,'',0.00,1);
INSERT INTO docs_type (idtyp_doc, tdoc_libelle, duree_pret, duree_resa, tdoc_owner, tdoc_codage_import, tarif_pret, short_loan_duration) VALUES (19,'Livre audio',31,15,0,'',0.00,1);
INSERT INTO docs_type (idtyp_doc, tdoc_libelle, duree_pret, duree_resa, tdoc_owner, tdoc_codage_import, tarif_pret, short_loan_duration) VALUES (13,'CD',14,15,0,'',0.00,1);
INSERT INTO docs_type (idtyp_doc, tdoc_libelle, duree_pret, duree_resa, tdoc_owner, tdoc_codage_import, tarif_pret, short_loan_duration) VALUES (14,'DVD',5,15,0,'',0.00,1);
INSERT INTO docs_type (idtyp_doc, tdoc_libelle, duree_pret, duree_resa, tdoc_owner, tdoc_codage_import, tarif_pret, short_loan_duration) VALUES (21,'Livre-CD',31,15,0,'',0.00,1);
INSERT INTO docs_type (idtyp_doc, tdoc_libelle, duree_pret, duree_resa, tdoc_owner, tdoc_codage_import, tarif_pret, short_loan_duration) VALUES (20,'Jeu',31,15,0,'',0.00,1);
INSERT INTO docs_type (idtyp_doc, tdoc_libelle, duree_pret, duree_resa, tdoc_owner, tdoc_codage_import, tarif_pret, short_loan_duration) VALUES (18,'Revue',8,5,0,'',0.00,1);

--
-- Table structure for table `docsloc_section`
--

CREATE TABLE docsloc_section (
  num_section int(5) unsigned NOT NULL DEFAULT '0',
  num_location int(5) unsigned NOT NULL DEFAULT '0',
  num_pclass int(10) NOT NULL DEFAULT '0',
  PRIMARY KEY (num_section,num_location)
) ENGINE=MyISAM DEFAULT CHARSET=utf8 COLLATE=utf8_unicode_ci;

--
-- Dumping data for table `docsloc_section`
--

INSERT INTO docsloc_section (num_section, num_location, num_pclass) VALUES (10,1,1);
INSERT INTO docsloc_section (num_section, num_location, num_pclass) VALUES (13,1,-1);
INSERT INTO docsloc_section (num_section, num_location, num_pclass) VALUES (16,1,-1);
INSERT INTO docsloc_section (num_section, num_location, num_pclass) VALUES (19,1,-1);
INSERT INTO docsloc_section (num_section, num_location, num_pclass) VALUES (20,1,-1);
INSERT INTO docsloc_section (num_section, num_location, num_pclass) VALUES (31,1,0);
INSERT INTO docsloc_section (num_section, num_location, num_pclass) VALUES (23,1,-1);
INSERT INTO docsloc_section (num_section, num_location, num_pclass) VALUES (24,1,-1);
INSERT INTO docsloc_section (num_section, num_location, num_pclass) VALUES (26,1,-1);
INSERT INTO docsloc_section (num_section, num_location, num_pclass) VALUES (28,1,-1);
INSERT INTO docsloc_section (num_section, num_location, num_pclass) VALUES (30,1,0);
INSERT INTO docsloc_section (num_section, num_location, num_pclass) VALUES (29,1,-1);
INSERT INTO docsloc_section (num_section, num_location, num_pclass) VALUES (32,2,0);
INSERT INTO docsloc_section (num_section, num_location, num_pclass) VALUES (33,2,0);
INSERT INTO docsloc_section (num_section, num_location, num_pclass) VALUES (34,2,0);
INSERT INTO docsloc_section (num_section, num_location, num_pclass) VALUES (35,2,0);

--
-- Table structure for table `docwatch_categories`
--

CREATE TABLE docwatch_categories (
  id_category int(10) unsigned NOT NULL AUTO_INCREMENT,
  category_title varchar(255) COLLATE utf8_unicode_ci NOT NULL DEFAULT '',
  category_num_parent int(10) unsigned NOT NULL DEFAULT '0',
  PRIMARY KEY (id_category)
) ENGINE=MyISAM DEFAULT CHARSET=utf8 COLLATE=utf8_unicode_ci;

--
-- Dumping data for table `docwatch_categories`
--


--
-- Table structure for table `docwatch_datasource_monitoring_website`
--

CREATE TABLE docwatch_datasource_monitoring_website (
  datasource_monitoring_website_num_datasource int(10) unsigned NOT NULL DEFAULT '0',
  datasource_monitoring_website_upload_date datetime NOT NULL DEFAULT '0000-00-00 00:00:00',
  datasource_monitoring_website_content mediumtext COLLATE utf8_unicode_ci NOT NULL,
  datasource_monitoring_website_content_hash varchar(255) COLLATE utf8_unicode_ci NOT NULL DEFAULT '',
  PRIMARY KEY (datasource_monitoring_website_num_datasource)
) ENGINE=MyISAM DEFAULT CHARSET=utf8 COLLATE=utf8_unicode_ci;

--
-- Dumping data for table `docwatch_datasource_monitoring_website`
--


--
-- Table structure for table `docwatch_datasources`
--

CREATE TABLE docwatch_datasources (
  id_datasource int(10) unsigned NOT NULL AUTO_INCREMENT,
  datasource_type varchar(255) COLLATE utf8_unicode_ci NOT NULL DEFAULT '',
  datasource_title varchar(255) COLLATE utf8_unicode_ci NOT NULL DEFAULT '',
  datasource_ttl int(10) unsigned NOT NULL DEFAULT '0',
  datasource_last_date datetime DEFAULT NULL,
  datasource_parameters mediumtext COLLATE utf8_unicode_ci NOT NULL,
  datasource_num_category int(10) unsigned NOT NULL DEFAULT '0',
  datasource_default_interesting int(10) unsigned NOT NULL DEFAULT '0',
  datasource_clean_html int(10) unsigned NOT NULL DEFAULT '1',
  datasource_boolean_expression varchar(255) COLLATE utf8_unicode_ci NOT NULL DEFAULT '',
  datasource_num_watch int(10) unsigned NOT NULL DEFAULT '0',
  PRIMARY KEY (id_datasource),
  KEY i_docwatch_datasource_title (datasource_title)
) ENGINE=MyISAM DEFAULT CHARSET=utf8 COLLATE=utf8_unicode_ci;

--
-- Dumping data for table `docwatch_datasources`
--


--
-- Table structure for table `docwatch_items`
--

CREATE TABLE docwatch_items (
  id_item int(10) unsigned NOT NULL AUTO_INCREMENT,
  item_type varchar(255) COLLATE utf8_unicode_ci NOT NULL DEFAULT '',
  item_title varchar(255) COLLATE utf8_unicode_ci NOT NULL DEFAULT '',
  item_summary mediumtext COLLATE utf8_unicode_ci NOT NULL,
  item_content mediumtext COLLATE utf8_unicode_ci NOT NULL,
  item_added_date datetime DEFAULT NULL,
  item_publication_date datetime DEFAULT NULL,
  item_hash varchar(255) COLLATE utf8_unicode_ci NOT NULL DEFAULT '',
  item_url varchar(255) COLLATE utf8_unicode_ci NOT NULL DEFAULT '',
  item_logo_url varchar(255) COLLATE utf8_unicode_ci NOT NULL DEFAULT '',
  item_status int(10) unsigned NOT NULL DEFAULT '0',
  item_interesting int(10) unsigned NOT NULL DEFAULT '0',
  item_num_article int(10) unsigned NOT NULL DEFAULT '0',
  item_num_section int(10) unsigned NOT NULL DEFAULT '0',
  item_num_notice int(10) unsigned NOT NULL DEFAULT '0',
  item_num_datasource int(10) unsigned NOT NULL DEFAULT '0',
  item_num_watch int(10) unsigned NOT NULL DEFAULT '0',
  item_index_sew mediumtext COLLATE utf8_unicode_ci NOT NULL,
  item_index_wew mediumtext COLLATE utf8_unicode_ci NOT NULL,
  PRIMARY KEY (id_item),
  KEY i_docwatch_item_type (item_type),
  KEY i_docwatch_item_title (item_title),
  KEY i_docwatch_item_num_article (item_num_article),
  KEY i_docwatch_item_num_section (item_num_section),
  KEY i_docwatch_item_num_notice (item_num_notice),
  KEY i_docwatch_item_num_watch (item_num_watch)
) ENGINE=MyISAM DEFAULT CHARSET=utf8 COLLATE=utf8_unicode_ci;

--
-- Dumping data for table `docwatch_items`
--


--
-- Table structure for table `docwatch_items_descriptors`
--

CREATE TABLE docwatch_items_descriptors (
  num_item int(10) unsigned NOT NULL DEFAULT '0',
  num_noeud int(10) unsigned NOT NULL DEFAULT '0',
  PRIMARY KEY (num_item,num_noeud)
) ENGINE=MyISAM DEFAULT CHARSET=utf8 COLLATE=utf8_unicode_ci;

--
-- Dumping data for table `docwatch_items_descriptors`
--


--
-- Table structure for table `docwatch_items_tags`
--

CREATE TABLE docwatch_items_tags (
  num_item int(10) unsigned NOT NULL DEFAULT '0',
  num_tag int(10) unsigned NOT NULL DEFAULT '0',
  PRIMARY KEY (num_item,num_tag)
) ENGINE=MyISAM DEFAULT CHARSET=utf8 COLLATE=utf8_unicode_ci;

--
-- Dumping data for table `docwatch_items_tags`
--


--
-- Table structure for table `docwatch_selectors`
--

CREATE TABLE docwatch_selectors (
  id_selector int(10) unsigned NOT NULL AUTO_INCREMENT,
  selector_type varchar(255) COLLATE utf8_unicode_ci NOT NULL DEFAULT '',
  selector_num_datasource int(10) unsigned NOT NULL DEFAULT '0',
  selector_parameters mediumtext COLLATE utf8_unicode_ci NOT NULL,
  PRIMARY KEY (id_selector)
) ENGINE=MyISAM DEFAULT CHARSET=utf8 COLLATE=utf8_unicode_ci;

--
-- Dumping data for table `docwatch_selectors`
--


--
-- Table structure for table `docwatch_tags`
--

CREATE TABLE docwatch_tags (
  id_tag int(10) unsigned NOT NULL AUTO_INCREMENT,
  tag_title varchar(255) COLLATE utf8_unicode_ci NOT NULL DEFAULT '',
  PRIMARY KEY (id_tag)
) ENGINE=MyISAM DEFAULT CHARSET=utf8 COLLATE=utf8_unicode_ci;

--
-- Dumping data for table `docwatch_tags`
--


--
-- Table structure for table `docwatch_watches`
--

CREATE TABLE docwatch_watches (
  id_watch int(10) unsigned NOT NULL AUTO_INCREMENT,
  watch_title varchar(255) COLLATE utf8_unicode_ci NOT NULL DEFAULT '',
  watch_owner int(10) unsigned NOT NULL DEFAULT '0',
  watch_allowed_users varchar(255) COLLATE utf8_unicode_ci NOT NULL DEFAULT '',
  watch_num_category int(10) unsigned NOT NULL DEFAULT '0',
  watch_last_date datetime DEFAULT NULL,
  watch_ttl int(10) unsigned NOT NULL DEFAULT '0',
  watch_desc text COLLATE utf8_unicode_ci NOT NULL,
  watch_logo mediumblob NOT NULL,
  watch_logo_url varchar(255) COLLATE utf8_unicode_ci NOT NULL DEFAULT '',
  watch_record_default_type char(2) COLLATE utf8_unicode_ci NOT NULL DEFAULT 'a',
  watch_record_default_status int(10) unsigned NOT NULL DEFAULT '0',
  watch_record_default_index_lang varchar(20) COLLATE utf8_unicode_ci NOT NULL DEFAULT '',
  watch_record_default_lang varchar(20) COLLATE utf8_unicode_ci NOT NULL DEFAULT '',
  watch_record_default_is_new tinyint(1) unsigned NOT NULL DEFAULT '0',
  watch_article_default_parent int(10) unsigned NOT NULL DEFAULT '0',
  watch_article_default_content_type int(10) unsigned NOT NULL DEFAULT '0',
  watch_article_default_publication_status int(10) unsigned NOT NULL DEFAULT '0',
  watch_section_default_parent int(10) unsigned NOT NULL DEFAULT '0',
  watch_section_default_content_type int(10) unsigned NOT NULL DEFAULT '0',
  watch_section_default_publication_status int(10) unsigned NOT NULL DEFAULT '0',
  watch_rss_link varchar(255) COLLATE utf8_unicode_ci NOT NULL,
  watch_rss_lang varchar(255) COLLATE utf8_unicode_ci NOT NULL,
  watch_rss_copyright varchar(255) COLLATE utf8_unicode_ci NOT NULL,
  watch_rss_editor varchar(255) COLLATE utf8_unicode_ci NOT NULL,
  watch_rss_webmaster varchar(255) COLLATE utf8_unicode_ci NOT NULL,
  watch_rss_image_title varchar(255) COLLATE utf8_unicode_ci NOT NULL,
  watch_rss_image_website varchar(255) COLLATE utf8_unicode_ci NOT NULL,
  watch_boolean_expression varchar(255) COLLATE utf8_unicode_ci NOT NULL DEFAULT '',
  PRIMARY KEY (id_watch),
  KEY i_docwatch_watch_title (watch_title)
) ENGINE=MyISAM DEFAULT CHARSET=utf8 COLLATE=utf8_unicode_ci;

--
-- Dumping data for table `docwatch_watches`
--


--
-- Table structure for table `dsi_archive`
--

CREATE TABLE dsi_archive (
  num_banette_arc int(10) unsigned NOT NULL DEFAULT '0',
  num_notice_arc int(10) unsigned NOT NULL DEFAULT '0',
  date_diff_arc date NOT NULL DEFAULT '0000-00-00',
  PRIMARY KEY (num_banette_arc,num_notice_arc,date_diff_arc)
) ENGINE=MyISAM DEFAULT CHARSET=utf8 COLLATE=utf8_unicode_ci;

--
-- Dumping data for table `dsi_archive`
--


--
-- Table structure for table `editions_states`
--

CREATE TABLE editions_states (
  id_editions_state int(10) unsigned NOT NULL AUTO_INCREMENT,
  editions_state_name varchar(255) COLLATE utf8_unicode_ci NOT NULL DEFAULT '',
  editions_state_num_classement int(11) NOT NULL DEFAULT '0',
  editions_state_used_datasource varchar(50) COLLATE utf8_unicode_ci NOT NULL DEFAULT '',
  editions_state_comment text COLLATE utf8_unicode_ci NOT NULL,
  editions_state_fieldslist text COLLATE utf8_unicode_ci NOT NULL,
  editions_state_fieldsparams text COLLATE utf8_unicode_ci NOT NULL,
  PRIMARY KEY (id_editions_state)
) ENGINE=MyISAM DEFAULT CHARSET=utf8 COLLATE=utf8_unicode_ci;

--
-- Dumping data for table `editions_states`
--


--
-- Table structure for table `empr`
--

CREATE TABLE empr (
  id_empr int(10) unsigned NOT NULL AUTO_INCREMENT,
  empr_cb varchar(255) COLLATE utf8_unicode_ci DEFAULT NULL,
  empr_nom varchar(255) COLLATE utf8_unicode_ci NOT NULL DEFAULT '',
  empr_prenom varchar(255) COLLATE utf8_unicode_ci NOT NULL DEFAULT '',
  empr_adr1 varchar(255) COLLATE utf8_unicode_ci NOT NULL DEFAULT '',
  empr_adr2 varchar(255) COLLATE utf8_unicode_ci NOT NULL DEFAULT '',
  empr_cp varchar(10) COLLATE utf8_unicode_ci NOT NULL DEFAULT '',
  empr_ville varchar(255) COLLATE utf8_unicode_ci NOT NULL DEFAULT '',
  empr_pays varchar(255) COLLATE utf8_unicode_ci NOT NULL DEFAULT '',
  empr_mail varchar(255) COLLATE utf8_unicode_ci NOT NULL DEFAULT '',
  empr_tel1 varchar(255) COLLATE utf8_unicode_ci NOT NULL DEFAULT '',
  empr_tel2 varchar(255) COLLATE utf8_unicode_ci NOT NULL DEFAULT '',
  empr_prof varchar(255) COLLATE utf8_unicode_ci NOT NULL DEFAULT '',
  empr_year int(4) unsigned NOT NULL DEFAULT '0',
  empr_categ smallint(5) unsigned NOT NULL DEFAULT '0',
  empr_codestat smallint(5) unsigned NOT NULL DEFAULT '0',
  empr_creation datetime NOT NULL DEFAULT '0000-00-00 00:00:00',
  empr_modif date NOT NULL DEFAULT '0000-00-00',
  empr_sexe tinyint(3) unsigned NOT NULL DEFAULT '0',
  empr_login varchar(255) COLLATE utf8_unicode_ci NOT NULL DEFAULT '',
  empr_password varchar(255) COLLATE utf8_unicode_ci NOT NULL DEFAULT '',
  empr_password_is_encrypted int(1) NOT NULL DEFAULT '0',
  empr_digest varchar(255) COLLATE utf8_unicode_ci NOT NULL DEFAULT '',
  empr_date_adhesion date DEFAULT NULL,
  empr_date_expiration date DEFAULT NULL,
  empr_msg text COLLATE utf8_unicode_ci,
  empr_lang varchar(10) COLLATE utf8_unicode_ci NOT NULL DEFAULT 'fr_FR',
  empr_ldap tinyint(1) unsigned DEFAULT '0',
  type_abt int(1) NOT NULL DEFAULT '0',
  last_loan_date date DEFAULT NULL,
  empr_location int(6) unsigned NOT NULL DEFAULT '1',
  date_fin_blocage date NOT NULL DEFAULT '0000-00-00',
  total_loans bigint(20) unsigned NOT NULL DEFAULT '0',
  empr_statut bigint(20) unsigned NOT NULL DEFAULT '1',
  cle_validation varchar(255) COLLATE utf8_unicode_ci NOT NULL DEFAULT '',
  empr_sms int(1) unsigned NOT NULL DEFAULT '0',
  empr_subscription_action text COLLATE utf8_unicode_ci,
  empr_pnb_password varchar(255) COLLATE utf8_unicode_ci NOT NULL DEFAULT '',
  empr_pnb_password_hint varchar(100) COLLATE utf8_unicode_ci NOT NULL DEFAULT '',
  PRIMARY KEY (id_empr),
  UNIQUE KEY empr_cb (empr_cb),
  KEY empr_nom (empr_nom),
  KEY empr_date_adhesion (empr_date_adhesion),
  KEY empr_date_expiration (empr_date_expiration),
  KEY i_empr_categ (empr_categ),
  KEY i_empr_codestat (empr_codestat),
  KEY i_empr_location (empr_location),
  KEY i_empr_statut (empr_statut),
  KEY i_empr_typabt (type_abt),
  KEY i_empr_login (empr_login)
) ENGINE=MyISAM AUTO_INCREMENT=11 DEFAULT CHARSET=utf8 COLLATE=utf8_unicode_ci;

--
-- Dumping data for table `empr`
--

INSERT INTO empr (id_empr, empr_cb, empr_nom, empr_prenom, empr_adr1, empr_adr2, empr_cp, empr_ville, empr_pays, empr_mail, empr_tel1, empr_tel2, empr_prof, empr_year, empr_categ, empr_codestat, empr_creation, empr_modif, empr_sexe, empr_login, empr_password, empr_password_is_encrypted, empr_digest, empr_date_adhesion, empr_date_expiration, empr_msg, empr_lang, empr_ldap, type_abt, last_loan_date, empr_location, date_fin_blocage, total_loans, empr_statut, cle_validation, empr_sms, empr_subscription_action, empr_pnb_password, empr_pnb_password_hint) VALUES (1,'100001','Chewbacca','\"Chewie\"','Millenium Faucon','Deuxième tourelle gauche','01000','StarwarsTown','','','','','Pilote',1900,8,4,'2012-10-22 00:00:00','2012-10-24',1,'100001','05vYG6jCOf3OM',1,'3d71fb9c27ae4164584ffbc46956cee8','2012-10-22','2013-10-22','','fr_FR',0,0,'2012-11-20',1,'0000-00-00',0,1,'',0,NULL,'','');
INSERT INTO empr (id_empr, empr_cb, empr_nom, empr_prenom, empr_adr1, empr_adr2, empr_cp, empr_ville, empr_pays, empr_mail, empr_tel1, empr_tel2, empr_prof, empr_year, empr_categ, empr_codestat, empr_creation, empr_modif, empr_sexe, empr_login, empr_password, empr_password_is_encrypted, empr_digest, empr_date_adhesion, empr_date_expiration, empr_msg, empr_lang, empr_ldap, type_abt, last_loan_date, empr_location, date_fin_blocage, total_loans, empr_statut, cle_validation, empr_sms, empr_subscription_action, empr_pnb_password, empr_pnb_password_hint) VALUES (2,'100002','Solo','Han','Millenium Faucon','Cabine du commandant','01000','StarWarsTown','','','','','',1960,7,4,'2012-10-22 00:00:00','2012-10-24',1,'hsolo','05w2Y3J8iwzZg',1,'203e981af789bb0daee3e11217d93797','2012-10-22','2013-10-22','','fr_FR',0,0,'0000-00-00',1,'0000-00-00',0,1,'',0,NULL,'','');
INSERT INTO empr (id_empr, empr_cb, empr_nom, empr_prenom, empr_adr1, empr_adr2, empr_cp, empr_ville, empr_pays, empr_mail, empr_tel1, empr_tel2, empr_prof, empr_year, empr_categ, empr_codestat, empr_creation, empr_modif, empr_sexe, empr_login, empr_password, empr_password_is_encrypted, empr_digest, empr_date_adhesion, empr_date_expiration, empr_msg, empr_lang, empr_ldap, type_abt, last_loan_date, empr_location, date_fin_blocage, total_loans, empr_statut, cle_validation, empr_sms, empr_subscription_action, empr_pnb_password, empr_pnb_password_hint) VALUES (3,'100003','Skywalker','Luke','','','01000','StarWarsTown','','','','','',1970,7,4,'2012-10-22 00:00:00','2012-10-22',1,'lskywalker','05GyXmGBC30PE',1,'b927a0edf4005b9c9e2e6cc8a2e9efac','2012-10-22','2013-10-22','','fr_FR',0,0,'0000-00-00',1,'0000-00-00',0,1,'',0,NULL,'','');
INSERT INTO empr (id_empr, empr_cb, empr_nom, empr_prenom, empr_adr1, empr_adr2, empr_cp, empr_ville, empr_pays, empr_mail, empr_tel1, empr_tel2, empr_prof, empr_year, empr_categ, empr_codestat, empr_creation, empr_modif, empr_sexe, empr_login, empr_password, empr_password_is_encrypted, empr_digest, empr_date_adhesion, empr_date_expiration, empr_msg, empr_lang, empr_ldap, type_abt, last_loan_date, empr_location, date_fin_blocage, total_loans, empr_statut, cle_validation, empr_sms, empr_subscription_action, empr_pnb_password, empr_pnb_password_hint) VALUES (4,'100004','Leia','Princess','','','01000','StarWarsTown','','','','','',1972,7,4,'2012-10-22 00:00:00','2012-10-24',2,'100004','05yluR2QSGgQs',1,'c6af433ae88a5bd68bab5b6c45df965d','2012-10-22','2013-10-22','','fr_FR',0,0,'0000-00-00',1,'0000-00-00',0,1,'',0,NULL,'','');
INSERT INTO empr (id_empr, empr_cb, empr_nom, empr_prenom, empr_adr1, empr_adr2, empr_cp, empr_ville, empr_pays, empr_mail, empr_tel1, empr_tel2, empr_prof, empr_year, empr_categ, empr_codestat, empr_creation, empr_modif, empr_sexe, empr_login, empr_password, empr_password_is_encrypted, empr_digest, empr_date_adhesion, empr_date_expiration, empr_msg, empr_lang, empr_ldap, type_abt, last_loan_date, empr_location, date_fin_blocage, total_loans, empr_statut, cle_validation, empr_sms, empr_subscription_action, empr_pnb_password, empr_pnb_password_hint) VALUES (5,'100005','Kenobi','Obiwan','','','01000','StarWarsTown','','','','','',1930,7,4,'2012-10-22 00:00:00','2012-10-24',1,'100005','05/SGMy5L9tOc',1,'a7e0603593a1e2dc677a2eee5b5c46e6','2012-10-22','2013-10-22','','fr_FR',0,0,'0000-00-00',1,'0000-00-00',0,1,'',0,NULL,'','');
INSERT INTO empr (id_empr, empr_cb, empr_nom, empr_prenom, empr_adr1, empr_adr2, empr_cp, empr_ville, empr_pays, empr_mail, empr_tel1, empr_tel2, empr_prof, empr_year, empr_categ, empr_codestat, empr_creation, empr_modif, empr_sexe, empr_login, empr_password, empr_password_is_encrypted, empr_digest, empr_date_adhesion, empr_date_expiration, empr_msg, empr_lang, empr_ldap, type_abt, last_loan_date, empr_location, date_fin_blocage, total_loans, empr_statut, cle_validation, empr_sms, empr_subscription_action, empr_pnb_password, empr_pnb_password_hint) VALUES (6,'100000','ROBERT','Eric','PMB Services','','72500','CHATEAU DU LOIR','','erobert@sigb.net','02 43 440 660','','Développeur PMB',0,7,3,'2012-10-22 00:00:00','2012-10-24',1,'erobert','05V2SlZeWZb2Q',1,'ffd1e31cb6db9812caad446d77d8bf3f','2012-10-22','2013-10-22','','fr_FR',0,0,'0000-00-00',1,'0000-00-00',0,1,'',0,NULL,'','');
INSERT INTO empr (id_empr, empr_cb, empr_nom, empr_prenom, empr_adr1, empr_adr2, empr_cp, empr_ville, empr_pays, empr_mail, empr_tel1, empr_tel2, empr_prof, empr_year, empr_categ, empr_codestat, empr_creation, empr_modif, empr_sexe, empr_login, empr_password, empr_password_is_encrypted, empr_digest, empr_date_adhesion, empr_date_expiration, empr_msg, empr_lang, empr_ldap, type_abt, last_loan_date, empr_location, date_fin_blocage, total_loans, empr_statut, cle_validation, empr_sms, empr_subscription_action, empr_pnb_password, empr_pnb_password_hint) VALUES (7,'100007','TETART','Florent','PMB Services','','72500','CHATEAU DU LOIR','','ftetart@sigb.net','','','Développeur PMB',1972,7,3,'2012-10-22 00:00:00','2012-10-22',1,'ftetart','05jxj27lPEDp.',1,'2a3a8b5a4e6c75a536ef22d974b74e62','2012-10-22','2013-10-22','','fr_FR',0,0,'2012-11-20',1,'0000-00-00',0,1,'',0,NULL,'','');

--
-- Table structure for table `empr_caddie`
--

CREATE TABLE empr_caddie (
  idemprcaddie int(8) unsigned NOT NULL AUTO_INCREMENT,
  `name` varchar(100) COLLATE utf8_unicode_ci DEFAULT NULL,
  `comment` varchar(255) COLLATE utf8_unicode_ci DEFAULT NULL,
  autorisations mediumtext COLLATE utf8_unicode_ci,
  autorisations_all int(1) NOT NULL DEFAULT '0',
  empr_caddie_classement varchar(255) COLLATE utf8_unicode_ci NOT NULL DEFAULT '',
  acces_rapide int(11) NOT NULL DEFAULT '0',
  favorite_color varchar(255) COLLATE utf8_unicode_ci NOT NULL DEFAULT '',
  creation_user_name varchar(255) COLLATE utf8_unicode_ci NOT NULL DEFAULT '',
  creation_date datetime NOT NULL DEFAULT '0000-00-00 00:00:00',
  PRIMARY KEY (idemprcaddie)
) ENGINE=MyISAM AUTO_INCREMENT=3 DEFAULT CHARSET=utf8 COLLATE=utf8_unicode_ci;

--
-- Dumping data for table `empr_caddie`
--

INSERT INTO empr_caddie (idemprcaddie, name, comment, autorisations, autorisations_all, empr_caddie_classement, acces_rapide, favorite_color, creation_user_name, creation_date) VALUES (2,'Exemple de panier de lecteurs','','1',0,'',0,'','','0000-00-00 00:00:00');

--
-- Table structure for table `empr_caddie_content`
--

CREATE TABLE empr_caddie_content (
  empr_caddie_id int(8) unsigned NOT NULL DEFAULT '0',
  object_id int(10) unsigned NOT NULL DEFAULT '0',
  flag varchar(10) COLLATE utf8_unicode_ci DEFAULT NULL,
  PRIMARY KEY (empr_caddie_id,object_id),
  KEY object_id (object_id)
) ENGINE=MyISAM DEFAULT CHARSET=utf8 COLLATE=utf8_unicode_ci;

--
-- Dumping data for table `empr_caddie_content`
--

INSERT INTO empr_caddie_content (empr_caddie_id, object_id, flag) VALUES (1,1,'');

--
-- Table structure for table `empr_caddie_procs`
--

CREATE TABLE empr_caddie_procs (
  idproc smallint(5) unsigned NOT NULL AUTO_INCREMENT,
  `type` varchar(20) COLLATE utf8_unicode_ci NOT NULL DEFAULT 'SELECT',
  `name` varchar(255) COLLATE utf8_unicode_ci NOT NULL DEFAULT '',
  requete blob NOT NULL,
  `comment` tinytext COLLATE utf8_unicode_ci NOT NULL,
  autorisations mediumtext COLLATE utf8_unicode_ci,
  autorisations_all int(1) NOT NULL DEFAULT '0',
  parameters text COLLATE utf8_unicode_ci,
  PRIMARY KEY (idproc)
) ENGINE=MyISAM DEFAULT CHARSET=utf8 COLLATE=utf8_unicode_ci;

--
-- Dumping data for table `empr_caddie_procs`
--


--
-- Table structure for table `empr_categ`
--

CREATE TABLE empr_categ (
  id_categ_empr smallint(5) unsigned NOT NULL AUTO_INCREMENT,
  libelle varchar(255) COLLATE utf8_unicode_ci NOT NULL DEFAULT '',
  duree_adhesion int(10) unsigned DEFAULT '365',
  tarif_abt decimal(16,2) NOT NULL DEFAULT '0.00',
  age_min int(3) unsigned NOT NULL DEFAULT '0',
  age_max int(3) unsigned NOT NULL DEFAULT '0',
  PRIMARY KEY (id_categ_empr)
) ENGINE=MyISAM AUTO_INCREMENT=11 DEFAULT CHARSET=utf8 COLLATE=utf8_unicode_ci;

--
-- Dumping data for table `empr_categ`
--

INSERT INTO empr_categ (id_categ_empr, libelle, duree_adhesion, tarif_abt, age_min, age_max) VALUES (7,'Individuel payant',365,10.00,0,0);
INSERT INTO empr_categ (id_categ_empr, libelle, duree_adhesion, tarif_abt, age_min, age_max) VALUES (8,'Individuel gratuit',365,0.00,0,0);
INSERT INTO empr_categ (id_categ_empr, libelle, duree_adhesion, tarif_abt, age_min, age_max) VALUES (9,'Personnel',365,0.00,0,0);
INSERT INTO empr_categ (id_categ_empr, libelle, duree_adhesion, tarif_abt, age_min, age_max) VALUES (10,'Collectivité',365,0.00,0,0);

--
-- Table structure for table `empr_codestat`
--

CREATE TABLE empr_codestat (
  idcode smallint(5) unsigned NOT NULL AUTO_INCREMENT,
  libelle varchar(255) COLLATE utf8_unicode_ci NOT NULL DEFAULT 'DEFAULT',
  PRIMARY KEY (idcode)
) ENGINE=MyISAM AUTO_INCREMENT=5 DEFAULT CHARSET=utf8 COLLATE=utf8_unicode_ci;

--
-- Dumping data for table `empr_codestat`
--

INSERT INTO empr_codestat (idcode, libelle) VALUES (3,'Commune');
INSERT INTO empr_codestat (idcode, libelle) VALUES (4,'Hors commune');

--
-- Table structure for table `empr_custom`
--

CREATE TABLE empr_custom (
  idchamp int(10) unsigned NOT NULL AUTO_INCREMENT,
  `name` varchar(255) COLLATE utf8_unicode_ci NOT NULL DEFAULT '',
  titre varchar(255) COLLATE utf8_unicode_ci DEFAULT NULL,
  `type` varchar(10) COLLATE utf8_unicode_ci NOT NULL DEFAULT 'text',
  datatype varchar(10) COLLATE utf8_unicode_ci NOT NULL DEFAULT '',
  `options` text COLLATE utf8_unicode_ci,
  multiple int(11) NOT NULL DEFAULT '0',
  obligatoire int(11) NOT NULL DEFAULT '0',
  ordre int(11) DEFAULT NULL,
  search int(1) unsigned NOT NULL DEFAULT '0',
  `export` int(1) unsigned NOT NULL DEFAULT '0',
  filters int(1) unsigned NOT NULL DEFAULT '0',
  exclusion_obligatoire int(1) unsigned NOT NULL DEFAULT '0',
  pond int(11) NOT NULL DEFAULT '100',
  opac_sort int(11) NOT NULL DEFAULT '0',
  `comment` blob NOT NULL,
  custom_classement varchar(255) COLLATE utf8_unicode_ci NOT NULL DEFAULT '',
  PRIMARY KEY (idchamp)
) ENGINE=MyISAM AUTO_INCREMENT=2 DEFAULT CHARSET=utf8 COLLATE=utf8_unicode_ci;

--
-- Dumping data for table `empr_custom`
--

INSERT INTO empr_custom (idchamp, name, titre, type, datatype, options, multiple, obligatoire, ordre, search, export, filters, exclusion_obligatoire, pond, opac_sort, comment, custom_classement) VALUES (1,'cp_commentaire','Commentaire','comment','text','<OPTIONS FOR=\"comment\">\r\n <COLS>100</COLS>\r\n <ROWS>4</ROWS>\r\n <MAXSIZE>1000</MAXSIZE>\r\n</OPTIONS> ',0,0,1,0,0,0,0,100,0,'','');

--
-- Table structure for table `empr_custom_dates`
--

CREATE TABLE empr_custom_dates (
  empr_custom_champ int(10) unsigned NOT NULL DEFAULT '0',
  empr_custom_origine int(10) unsigned NOT NULL DEFAULT '0',
  empr_custom_date_type int(11) DEFAULT NULL,
  empr_custom_date_start int(11) NOT NULL DEFAULT '0',
  empr_custom_date_end int(11) NOT NULL DEFAULT '0',
  empr_custom_order int(11) unsigned NOT NULL DEFAULT '0',
  PRIMARY KEY (empr_custom_champ,empr_custom_origine,empr_custom_order),
  KEY empr_custom_champ (empr_custom_champ),
  KEY empr_custom_origine (empr_custom_origine)
) ENGINE=MyISAM DEFAULT CHARSET=utf8 COLLATE=utf8_unicode_ci;

--
-- Dumping data for table `empr_custom_dates`
--


--
-- Table structure for table `empr_custom_lists`
--

CREATE TABLE empr_custom_lists (
  empr_custom_champ int(10) unsigned NOT NULL DEFAULT '0',
  empr_custom_list_value varchar(255) COLLATE utf8_unicode_ci DEFAULT NULL,
  empr_custom_list_lib varchar(255) COLLATE utf8_unicode_ci DEFAULT NULL,
  ordre int(11) DEFAULT NULL,
  KEY empr_custom_champ (empr_custom_champ),
  KEY i_ecl_lv (empr_custom_list_value)
) ENGINE=MyISAM DEFAULT CHARSET=utf8 COLLATE=utf8_unicode_ci;

--
-- Dumping data for table `empr_custom_lists`
--


--
-- Table structure for table `empr_custom_values`
--

CREATE TABLE empr_custom_values (
  empr_custom_champ int(10) unsigned NOT NULL DEFAULT '0',
  empr_custom_origine int(10) unsigned NOT NULL DEFAULT '0',
  empr_custom_small_text varchar(255) COLLATE utf8_unicode_ci DEFAULT NULL,
  empr_custom_text text COLLATE utf8_unicode_ci,
  empr_custom_integer int(11) DEFAULT NULL,
  empr_custom_date date DEFAULT NULL,
  empr_custom_float float DEFAULT NULL,
  empr_custom_order int(11) NOT NULL DEFAULT '0',
  KEY empr_custom_champ (empr_custom_champ),
  KEY empr_custom_origine (empr_custom_origine),
  KEY i_ecv_st (empr_custom_small_text),
  KEY i_ecv_t (empr_custom_text(255)),
  KEY i_ecv_i (empr_custom_integer),
  KEY i_ecv_d (empr_custom_date),
  KEY i_ecv_f (empr_custom_float)
) ENGINE=MyISAM DEFAULT CHARSET=utf8 COLLATE=utf8_unicode_ci;

--
-- Dumping data for table `empr_custom_values`
--


--
-- Table structure for table `empr_devices`
--

CREATE TABLE empr_devices (
  empr_num int(10) unsigned NOT NULL DEFAULT '0',
  device_id int(10) unsigned NOT NULL DEFAULT '0',
  PRIMARY KEY (empr_num,device_id)
) ENGINE=MyISAM DEFAULT CHARSET=utf8 COLLATE=utf8_unicode_ci;

--
-- Dumping data for table `empr_devices`
--


--
-- Table structure for table `empr_grilles`
--

CREATE TABLE empr_grilles (
  empr_grille_categ int(5) NOT NULL DEFAULT '0',
  empr_grille_location int(5) NOT NULL DEFAULT '0',
  empr_grille_format longtext COLLATE utf8_unicode_ci,
  PRIMARY KEY (empr_grille_categ,empr_grille_location)
) ENGINE=MyISAM DEFAULT CHARSET=utf8 COLLATE=utf8_unicode_ci;

--
-- Dumping data for table `empr_grilles`
--


--
-- Table structure for table `empr_groupe`
--

CREATE TABLE empr_groupe (
  empr_id int(6) unsigned NOT NULL DEFAULT '0',
  groupe_id int(6) unsigned NOT NULL DEFAULT '0',
  PRIMARY KEY (empr_id,groupe_id)
) ENGINE=MyISAM DEFAULT CHARSET=utf8 COLLATE=utf8_unicode_ci;

--
-- Dumping data for table `empr_groupe`
--


--
-- Table structure for table `empr_renewal_form_fields`
--

CREATE TABLE empr_renewal_form_fields (
  empr_renewal_form_field_code varchar(255) COLLATE utf8_unicode_ci NOT NULL,
  empr_renewal_form_field_display tinyint(1) unsigned NOT NULL DEFAULT '1',
  empr_renewal_form_field_mandatory tinyint(1) unsigned NOT NULL DEFAULT '0',
  empr_renewal_form_field_alterable tinyint(1) unsigned NOT NULL DEFAULT '1',
  empr_renewal_form_field_explanation varchar(255) COLLATE utf8_unicode_ci NOT NULL DEFAULT '',
  PRIMARY KEY (empr_renewal_form_field_code)
) ENGINE=MyISAM DEFAULT CHARSET=utf8 COLLATE=utf8_unicode_ci;

--
-- Dumping data for table `empr_renewal_form_fields`
--

INSERT INTO empr_renewal_form_fields (empr_renewal_form_field_code, empr_renewal_form_field_display, empr_renewal_form_field_mandatory, empr_renewal_form_field_alterable, empr_renewal_form_field_explanation) VALUES ('empr_nom',1,1,1,'');
INSERT INTO empr_renewal_form_fields (empr_renewal_form_field_code, empr_renewal_form_field_display, empr_renewal_form_field_mandatory, empr_renewal_form_field_alterable, empr_renewal_form_field_explanation) VALUES ('empr_prenom',1,0,1,'');
INSERT INTO empr_renewal_form_fields (empr_renewal_form_field_code, empr_renewal_form_field_display, empr_renewal_form_field_mandatory, empr_renewal_form_field_alterable, empr_renewal_form_field_explanation) VALUES ('empr_adr1',1,0,1,'');
INSERT INTO empr_renewal_form_fields (empr_renewal_form_field_code, empr_renewal_form_field_display, empr_renewal_form_field_mandatory, empr_renewal_form_field_alterable, empr_renewal_form_field_explanation) VALUES ('empr_adr2',1,0,1,'');
INSERT INTO empr_renewal_form_fields (empr_renewal_form_field_code, empr_renewal_form_field_display, empr_renewal_form_field_mandatory, empr_renewal_form_field_alterable, empr_renewal_form_field_explanation) VALUES ('empr_cp',1,0,1,'');
INSERT INTO empr_renewal_form_fields (empr_renewal_form_field_code, empr_renewal_form_field_display, empr_renewal_form_field_mandatory, empr_renewal_form_field_alterable, empr_renewal_form_field_explanation) VALUES ('empr_ville',1,0,1,'');
INSERT INTO empr_renewal_form_fields (empr_renewal_form_field_code, empr_renewal_form_field_display, empr_renewal_form_field_mandatory, empr_renewal_form_field_alterable, empr_renewal_form_field_explanation) VALUES ('empr_pays',1,0,1,'');
INSERT INTO empr_renewal_form_fields (empr_renewal_form_field_code, empr_renewal_form_field_display, empr_renewal_form_field_mandatory, empr_renewal_form_field_alterable, empr_renewal_form_field_explanation) VALUES ('empr_mail',1,0,1,'');
INSERT INTO empr_renewal_form_fields (empr_renewal_form_field_code, empr_renewal_form_field_display, empr_renewal_form_field_mandatory, empr_renewal_form_field_alterable, empr_renewal_form_field_explanation) VALUES ('empr_tel1',1,0,1,'');
INSERT INTO empr_renewal_form_fields (empr_renewal_form_field_code, empr_renewal_form_field_display, empr_renewal_form_field_mandatory, empr_renewal_form_field_alterable, empr_renewal_form_field_explanation) VALUES ('empr_tel2',1,0,1,'');
INSERT INTO empr_renewal_form_fields (empr_renewal_form_field_code, empr_renewal_form_field_display, empr_renewal_form_field_mandatory, empr_renewal_form_field_alterable, empr_renewal_form_field_explanation) VALUES ('empr_prof',1,0,1,'');
INSERT INTO empr_renewal_form_fields (empr_renewal_form_field_code, empr_renewal_form_field_display, empr_renewal_form_field_mandatory, empr_renewal_form_field_alterable, empr_renewal_form_field_explanation) VALUES ('empr_year',1,0,1,'');
INSERT INTO empr_renewal_form_fields (empr_renewal_form_field_code, empr_renewal_form_field_display, empr_renewal_form_field_mandatory, empr_renewal_form_field_alterable, empr_renewal_form_field_explanation) VALUES ('empr_categ',0,1,0,'');
INSERT INTO empr_renewal_form_fields (empr_renewal_form_field_code, empr_renewal_form_field_display, empr_renewal_form_field_mandatory, empr_renewal_form_field_alterable, empr_renewal_form_field_explanation) VALUES ('empr_codestat',0,1,0,'');
INSERT INTO empr_renewal_form_fields (empr_renewal_form_field_code, empr_renewal_form_field_display, empr_renewal_form_field_mandatory, empr_renewal_form_field_alterable, empr_renewal_form_field_explanation) VALUES ('empr_sexe',1,0,1,'');
INSERT INTO empr_renewal_form_fields (empr_renewal_form_field_code, empr_renewal_form_field_display, empr_renewal_form_field_mandatory, empr_renewal_form_field_alterable, empr_renewal_form_field_explanation) VALUES ('empr_login',1,0,1,'');
INSERT INTO empr_renewal_form_fields (empr_renewal_form_field_code, empr_renewal_form_field_display, empr_renewal_form_field_mandatory, empr_renewal_form_field_alterable, empr_renewal_form_field_explanation) VALUES ('empr_lang',1,0,1,'');
INSERT INTO empr_renewal_form_fields (empr_renewal_form_field_code, empr_renewal_form_field_display, empr_renewal_form_field_mandatory, empr_renewal_form_field_alterable, empr_renewal_form_field_explanation) VALUES ('empr_location',0,1,0,'');
INSERT INTO empr_renewal_form_fields (empr_renewal_form_field_code, empr_renewal_form_field_display, empr_renewal_form_field_mandatory, empr_renewal_form_field_alterable, empr_renewal_form_field_explanation) VALUES ('empr_msg',0,0,1,'');
INSERT INTO empr_renewal_form_fields (empr_renewal_form_field_code, empr_renewal_form_field_display, empr_renewal_form_field_mandatory, empr_renewal_form_field_alterable, empr_renewal_form_field_explanation) VALUES ('cp_commentaire',0,0,1,'');

--
-- Table structure for table `empr_statut`
--

CREATE TABLE empr_statut (
  idstatut smallint(5) unsigned NOT NULL AUTO_INCREMENT,
  statut_libelle varchar(255) COLLATE utf8_unicode_ci NOT NULL DEFAULT '',
  allow_loan tinyint(4) NOT NULL DEFAULT '1',
  allow_loan_hist tinyint(4) unsigned NOT NULL DEFAULT '0',
  allow_book tinyint(4) NOT NULL DEFAULT '1',
  allow_opac tinyint(4) NOT NULL DEFAULT '1',
  allow_dsi tinyint(4) NOT NULL DEFAULT '1',
  allow_dsi_priv tinyint(4) NOT NULL DEFAULT '1',
  allow_sugg tinyint(4) NOT NULL DEFAULT '1',
  allow_dema tinyint(4) unsigned NOT NULL DEFAULT '1',
  allow_prol tinyint(4) NOT NULL DEFAULT '1',
  allow_avis tinyint(4) unsigned NOT NULL DEFAULT '1',
  allow_tag tinyint(4) unsigned NOT NULL DEFAULT '1',
  allow_pwd tinyint(4) unsigned NOT NULL DEFAULT '1',
  allow_liste_lecture tinyint(4) unsigned NOT NULL DEFAULT '0',
  allow_self_checkout tinyint(4) unsigned NOT NULL DEFAULT '0',
  allow_self_checkin tinyint(4) unsigned NOT NULL DEFAULT '0',
  allow_serialcirc int(10) unsigned NOT NULL DEFAULT '0',
  allow_scan_request int(10) unsigned NOT NULL DEFAULT '0',
  allow_contribution int(10) unsigned NOT NULL DEFAULT '0',
  allow_pnb tinyint(4) NOT NULL DEFAULT '0',
  PRIMARY KEY (idstatut)
) ENGINE=MyISAM AUTO_INCREMENT=3 DEFAULT CHARSET=utf8 COLLATE=utf8_unicode_ci;

--
-- Dumping data for table `empr_statut`
--

INSERT INTO empr_statut (idstatut, statut_libelle, allow_loan, allow_loan_hist, allow_book, allow_opac, allow_dsi, allow_dsi_priv, allow_sugg, allow_dema, allow_prol, allow_avis, allow_tag, allow_pwd, allow_liste_lecture, allow_self_checkout, allow_self_checkin, allow_serialcirc, allow_scan_request, allow_contribution, allow_pnb) VALUES (1,'Actif',1,0,1,1,1,1,1,1,1,1,1,1,1,0,0,0,0,1,1);
INSERT INTO empr_statut (idstatut, statut_libelle, allow_loan, allow_loan_hist, allow_book, allow_opac, allow_dsi, allow_dsi_priv, allow_sugg, allow_dema, allow_prol, allow_avis, allow_tag, allow_pwd, allow_liste_lecture, allow_self_checkout, allow_self_checkin, allow_serialcirc, allow_scan_request, allow_contribution, allow_pnb) VALUES (2,'Interdit',0,0,0,0,0,0,0,0,0,0,0,0,0,0,0,0,0,0,0);

--
-- Table structure for table `empr_temp`
--

CREATE TABLE empr_temp (
  cb varchar(255) COLLATE utf8_unicode_ci NOT NULL,
  sess varchar(12) COLLATE utf8_unicode_ci NOT NULL,
  UNIQUE KEY cb (cb)
) ENGINE=MyISAM DEFAULT CHARSET=utf8 COLLATE=utf8_unicode_ci;

--
-- Dumping data for table `empr_temp`
--


--
-- Table structure for table `empty_words_calculs`
--

CREATE TABLE empty_words_calculs (
  id_calcul int(9) unsigned NOT NULL AUTO_INCREMENT,
  date_calcul date NOT NULL DEFAULT '0000-00-00',
  php_empty_words text COLLATE utf8_unicode_ci NOT NULL,
  nb_notices_calcul mediumint(8) unsigned NOT NULL DEFAULT '0',
  archive_calcul tinyint(1) NOT NULL DEFAULT '0',
  PRIMARY KEY (id_calcul)
) ENGINE=MyISAM DEFAULT CHARSET=utf8 COLLATE=utf8_unicode_ci;

--
-- Dumping data for table `empty_words_calculs`
--


--
-- Table structure for table `entites`
--

CREATE TABLE entites (
  id_entite int(5) unsigned NOT NULL AUTO_INCREMENT,
  type_entite int(3) unsigned NOT NULL DEFAULT '0',
  num_bibli int(5) unsigned NOT NULL DEFAULT '0',
  raison_sociale varchar(255) COLLATE utf8_unicode_ci NOT NULL DEFAULT '',
  commentaires text COLLATE utf8_unicode_ci,
  siret varchar(255) COLLATE utf8_unicode_ci NOT NULL DEFAULT '',
  naf varchar(255) COLLATE utf8_unicode_ci NOT NULL DEFAULT '',
  rcs varchar(255) COLLATE utf8_unicode_ci NOT NULL DEFAULT '',
  tva varchar(255) COLLATE utf8_unicode_ci NOT NULL DEFAULT '',
  num_cp_client varchar(255) COLLATE utf8_unicode_ci NOT NULL DEFAULT '',
  num_cp_compta varchar(255) COLLATE utf8_unicode_ci NOT NULL DEFAULT '',
  site_web varchar(255) COLLATE utf8_unicode_ci NOT NULL DEFAULT '',
  logo varchar(255) COLLATE utf8_unicode_ci NOT NULL DEFAULT '',
  autorisations mediumtext COLLATE utf8_unicode_ci NOT NULL,
  num_frais int(8) unsigned NOT NULL DEFAULT '0',
  num_paiement int(8) unsigned NOT NULL DEFAULT '0',
  index_entite text COLLATE utf8_unicode_ci NOT NULL,
  PRIMARY KEY (id_entite),
  KEY raison_sociale (raison_sociale)
) ENGINE=MyISAM DEFAULT CHARSET=utf8 COLLATE=utf8_unicode_ci;

--
-- Dumping data for table `entites`
--


--
-- Table structure for table `entrepot_source_7`
--

CREATE TABLE entrepot_source_7 (
  connector_id varchar(20) COLLATE utf8_unicode_ci NOT NULL DEFAULT '',
  source_id int(11) unsigned NOT NULL DEFAULT '0',
  ref varchar(220) COLLATE utf8_unicode_ci NOT NULL DEFAULT '',
  date_import datetime NOT NULL DEFAULT '0000-00-00 00:00:00',
  ufield char(3) COLLATE utf8_unicode_ci NOT NULL DEFAULT '',
  field_ind char(2) COLLATE utf8_unicode_ci NOT NULL DEFAULT '',
  usubfield char(1) COLLATE utf8_unicode_ci NOT NULL DEFAULT '',
  field_order int(10) unsigned NOT NULL DEFAULT '0',
  subfield_order int(10) unsigned NOT NULL DEFAULT '0',
  `value` text COLLATE utf8_unicode_ci NOT NULL,
  i_value text COLLATE utf8_unicode_ci NOT NULL,
  recid bigint(20) unsigned NOT NULL DEFAULT '0',
  search_id varchar(32) COLLATE utf8_unicode_ci NOT NULL DEFAULT '',
  PRIMARY KEY (connector_id,source_id,ref,ufield,usubfield,field_order,subfield_order,search_id),
  KEY usubfield (usubfield),
  KEY ufield_2 (ufield,usubfield),
  KEY recid_2 (recid,ufield,usubfield),
  KEY source_id (source_id),
  KEY i_recid_source_id (recid,source_id),
  KEY i_ref (ref)
) ENGINE=MyISAM DEFAULT CHARSET=utf8 COLLATE=utf8_unicode_ci;

--
-- Dumping data for table `entrepot_source_7`
--


--
-- Table structure for table `entrepots_localisations`
--

CREATE TABLE entrepots_localisations (
  loc_id int(11) NOT NULL AUTO_INCREMENT,
  loc_code varchar(255) COLLATE utf8_unicode_ci NOT NULL DEFAULT '',
  loc_libelle varchar(255) COLLATE utf8_unicode_ci NOT NULL DEFAULT '',
  loc_visible tinyint(1) unsigned NOT NULL DEFAULT '1',
  PRIMARY KEY (loc_id),
  UNIQUE KEY loc_code (loc_code)
) ENGINE=MyISAM DEFAULT CHARSET=utf8 COLLATE=utf8_unicode_ci;

--
-- Dumping data for table `entrepots_localisations`
--


--
-- Table structure for table `equations`
--

CREATE TABLE equations (
  id_equation int(9) unsigned NOT NULL AUTO_INCREMENT,
  num_classement int(8) unsigned NOT NULL DEFAULT '1',
  nom_equation text COLLATE utf8_unicode_ci NOT NULL,
  comment_equation varchar(255) COLLATE utf8_unicode_ci NOT NULL DEFAULT '',
  requete blob NOT NULL,
  proprio_equation int(9) unsigned NOT NULL DEFAULT '0',
  PRIMARY KEY (id_equation)
) ENGINE=MyISAM DEFAULT CHARSET=utf8 COLLATE=utf8_unicode_ci;

--
-- Dumping data for table `equations`
--


--
-- Table structure for table `error_log`
--

CREATE TABLE error_log (
  error_date timestamp NOT NULL DEFAULT CURRENT_TIMESTAMP ON UPDATE CURRENT_TIMESTAMP,
  error_origin varchar(255) COLLATE utf8_unicode_ci DEFAULT NULL,
  error_text text COLLATE utf8_unicode_ci
) ENGINE=MyISAM DEFAULT CHARSET=utf8 COLLATE=utf8_unicode_ci;

--
-- Dumping data for table `error_log`
--


--
-- Table structure for table `es_cache`
--

CREATE TABLE es_cache (
  escache_groupname varchar(100) COLLATE utf8_unicode_ci NOT NULL DEFAULT '',
  escache_unique_id varchar(100) COLLATE utf8_unicode_ci NOT NULL DEFAULT '',
  escache_value int(11) NOT NULL DEFAULT '0',
  PRIMARY KEY (escache_groupname,escache_unique_id,escache_value)
) ENGINE=MyISAM DEFAULT CHARSET=utf8 COLLATE=utf8_unicode_ci;

--
-- Dumping data for table `es_cache`
--


--
-- Table structure for table `es_cache_blob`
--

CREATE TABLE es_cache_blob (
  es_cache_objectref varchar(100) COLLATE utf8_unicode_ci NOT NULL DEFAULT '',
  es_cache_objecttype int(11) NOT NULL DEFAULT '0',
  es_cache_objectformat varchar(100) COLLATE utf8_unicode_ci NOT NULL DEFAULT '',
  es_cache_owner varchar(100) COLLATE utf8_unicode_ci NOT NULL DEFAULT '',
  es_cache_creationdate datetime NOT NULL DEFAULT '0000-00-00 00:00:00',
  es_cache_expirationdate datetime NOT NULL DEFAULT '0000-00-00 00:00:00',
  es_cache_content mediumblob NOT NULL,
  PRIMARY KEY (es_cache_objectref,es_cache_objecttype,es_cache_objectformat,es_cache_owner),
  KEY cache_index (es_cache_owner,es_cache_objectformat,es_cache_objecttype),
  KEY i_es_cache_expirationdate (es_cache_expirationdate)
) ENGINE=MyISAM DEFAULT CHARSET=utf8 COLLATE=utf8_unicode_ci;

--
-- Dumping data for table `es_cache_blob`
--


--
-- Table structure for table `es_cache_int`
--

CREATE TABLE es_cache_int (
  es_cache_objectref varchar(100) COLLATE utf8_unicode_ci NOT NULL DEFAULT '',
  es_cache_objecttype int(11) NOT NULL DEFAULT '0',
  es_cache_objectformat varchar(100) COLLATE utf8_unicode_ci NOT NULL DEFAULT '',
  es_cache_owner varchar(100) COLLATE utf8_unicode_ci NOT NULL DEFAULT '',
  es_cache_creationdate datetime NOT NULL DEFAULT '0000-00-00 00:00:00',
  es_cache_expirationdate datetime NOT NULL DEFAULT '0000-00-00 00:00:00',
  es_cache_content int(11) NOT NULL DEFAULT '0',
  PRIMARY KEY (es_cache_objectref,es_cache_objecttype,es_cache_objectformat,es_cache_owner),
  KEY cache_index (es_cache_owner,es_cache_objectformat,es_cache_objecttype)
) ENGINE=MyISAM DEFAULT CHARSET=utf8 COLLATE=utf8_unicode_ci;

--
-- Dumping data for table `es_cache_int`
--


--
-- Table structure for table `es_converted_cache`
--

CREATE TABLE es_converted_cache (
  es_converted_cache_objecttype int(11) NOT NULL DEFAULT '0',
  es_converted_cache_objectref int(11) NOT NULL DEFAULT '0',
  es_converted_cache_format varchar(50) COLLATE utf8_unicode_ci NOT NULL DEFAULT '',
  es_converted_cache_value text COLLATE utf8_unicode_ci NOT NULL,
  es_converted_cache_bestbefore datetime NOT NULL DEFAULT '0000-00-00 00:00:00',
  PRIMARY KEY (es_converted_cache_objecttype,es_converted_cache_objectref,es_converted_cache_format)
) ENGINE=MyISAM DEFAULT CHARSET=utf8 COLLATE=utf8_unicode_ci;

--
-- Dumping data for table `es_converted_cache`
--


--
-- Table structure for table `es_esgroup_esusers`
--

CREATE TABLE es_esgroup_esusers (
  esgroupuser_groupnum int(11) NOT NULL DEFAULT '0',
  esgroupuser_usertype int(4) NOT NULL DEFAULT '0',
  esgroupuser_usernum int(11) NOT NULL DEFAULT '0',
  PRIMARY KEY (esgroupuser_usernum,esgroupuser_groupnum,esgroupuser_usertype)
) ENGINE=MyISAM DEFAULT CHARSET=utf8 COLLATE=utf8_unicode_ci;

--
-- Dumping data for table `es_esgroup_esusers`
--


--
-- Table structure for table `es_esgroups`
--

CREATE TABLE es_esgroups (
  esgroup_id int(11) NOT NULL AUTO_INCREMENT,
  esgroup_name varchar(100) COLLATE utf8_unicode_ci NOT NULL DEFAULT '',
  esgroup_fullname varchar(255) COLLATE utf8_unicode_ci NOT NULL DEFAULT '',
  esgroup_pmbusernum int(5) NOT NULL DEFAULT '0',
  PRIMARY KEY (esgroup_id),
  UNIQUE KEY esgroup_name (esgroup_name)
) ENGINE=MyISAM DEFAULT CHARSET=utf8 COLLATE=utf8_unicode_ci;

--
-- Dumping data for table `es_esgroups`
--


--
-- Table structure for table `es_esusers`
--

CREATE TABLE es_esusers (
  esuser_id int(11) NOT NULL AUTO_INCREMENT,
  esuser_username varchar(100) COLLATE utf8_unicode_ci NOT NULL DEFAULT '',
  esuser_password varchar(100) COLLATE utf8_unicode_ci NOT NULL DEFAULT '',
  esuser_fullname varchar(255) COLLATE utf8_unicode_ci NOT NULL DEFAULT '',
  esuser_groupnum int(11) NOT NULL DEFAULT '0',
  PRIMARY KEY (esuser_id),
  UNIQUE KEY esuser_username (esuser_username)
) ENGINE=MyISAM DEFAULT CHARSET=utf8 COLLATE=utf8_unicode_ci;

--
-- Dumping data for table `es_esusers`
--


--
-- Table structure for table `es_methods`
--

CREATE TABLE es_methods (
  id_method int(10) unsigned NOT NULL AUTO_INCREMENT,
  groupe varchar(255) COLLATE utf8_unicode_ci NOT NULL DEFAULT '',
  method varchar(255) COLLATE utf8_unicode_ci NOT NULL DEFAULT '',
  available smallint(5) unsigned NOT NULL DEFAULT '1',
  PRIMARY KEY (id_method),
  KEY i_groupe_method_available (groupe(50),method(50),available)
) ENGINE=MyISAM DEFAULT CHARSET=utf8 COLLATE=utf8_unicode_ci;

--
-- Dumping data for table `es_methods`
--


--
-- Table structure for table `es_methods_users`
--

CREATE TABLE es_methods_users (
  num_method int(10) unsigned NOT NULL DEFAULT '0',
  num_user int(10) unsigned NOT NULL DEFAULT '0',
  anonymous smallint(6) DEFAULT '0',
  PRIMARY KEY (num_method,num_user)
) ENGINE=MyISAM DEFAULT CHARSET=utf8 COLLATE=utf8_unicode_ci;

--
-- Dumping data for table `es_methods_users`
--


--
-- Table structure for table `es_searchcache`
--

CREATE TABLE es_searchcache (
  es_searchcache_searchid varchar(100) COLLATE utf8_unicode_ci NOT NULL DEFAULT '',
  es_searchcache_date datetime NOT NULL DEFAULT '0000-00-00 00:00:00',
  es_searchcache_serializedsearch text COLLATE utf8_unicode_ci NOT NULL,
  PRIMARY KEY (es_searchcache_searchid),
  KEY i_es_searchcache_date (es_searchcache_date)
) ENGINE=MyISAM DEFAULT CHARSET=utf8 COLLATE=utf8_unicode_ci;

--
-- Dumping data for table `es_searchcache`
--


--
-- Table structure for table `es_searchsessions`
--

CREATE TABLE es_searchsessions (
  es_searchsession_id varchar(100) COLLATE utf8_unicode_ci NOT NULL DEFAULT '',
  es_searchsession_searchnum varchar(100) COLLATE utf8_unicode_ci NOT NULL DEFAULT '',
  es_searchsession_searchrealm varchar(100) COLLATE utf8_unicode_ci NOT NULL DEFAULT '',
  es_searchsession_pmbuserid int(11) NOT NULL DEFAULT '-1',
  es_searchsession_opacemprid int(11) NOT NULL DEFAULT '-1',
  es_searchsession_lastseendate datetime NOT NULL DEFAULT '0000-00-00 00:00:00',
  PRIMARY KEY (es_searchsession_id)
) ENGINE=MyISAM DEFAULT CHARSET=utf8 COLLATE=utf8_unicode_ci;

--
-- Dumping data for table `es_searchsessions`
--


--
-- Table structure for table `etagere`
--

CREATE TABLE etagere (
  idetagere int(8) unsigned NOT NULL AUTO_INCREMENT,
  `name` varchar(255) COLLATE utf8_unicode_ci NOT NULL DEFAULT '',
  `comment` blob NOT NULL,
  validite int(1) unsigned NOT NULL DEFAULT '0',
  validite_date_deb date NOT NULL DEFAULT '0000-00-00',
  validite_date_fin date NOT NULL DEFAULT '0000-00-00',
  visible_accueil int(1) unsigned NOT NULL DEFAULT '1',
  autorisations mediumtext COLLATE utf8_unicode_ci,
  id_tri int(11) NOT NULL,
  thumbnail_url mediumblob NOT NULL,
  etagere_classement varchar(255) COLLATE utf8_unicode_ci NOT NULL DEFAULT '',
  comment_gestion text COLLATE utf8_unicode_ci NOT NULL,
  PRIMARY KEY (idetagere),
  KEY i_id_tri (id_tri)
) ENGINE=MyISAM AUTO_INCREMENT=10 DEFAULT CHARSET=utf8 COLLATE=utf8_unicode_ci;

--
-- Dumping data for table `etagere`
--

INSERT INTO etagere (idetagere, name, comment, validite, validite_date_deb, validite_date_fin, visible_accueil, autorisations, id_tri, thumbnail_url, etagere_classement, comment_gestion) VALUES (3,'Nouveautés','',1,'0000-00-00','0000-00-00',1,'1',1,'','','');
INSERT INTO etagere (idetagere, name, comment, validite, validite_date_deb, validite_date_fin, visible_accueil, autorisations, id_tri, thumbnail_url, etagere_classement, comment_gestion) VALUES (4,'Nouveautés fiction adultes',0x4C6F72656D20697073756D20646F6C6F722073697420616D65742C20636F6E7365637465747572206164697069736963696E6720656C69742C2073656420646F20656975736D6F642074656D706F7220696E6369646964756E74207574206C61626F726520657420646F6C6F7265206D61676E6120616C697175612E20557420656E696D206164206D696E696D2076656E69616D2C2071756973206E6F737472756420657865726369746174696F6E20756C6C616D636F206C61626F726973206E69736920757420616C697175697020657820656120636F6D6D6F646F20636F6E7365717561742E,1,'0000-00-00','0000-00-00',0,'1',0,'','','');
INSERT INTO etagere (idetagere, name, comment, validite, validite_date_deb, validite_date_fin, visible_accueil, autorisations, id_tri, thumbnail_url, etagere_classement, comment_gestion) VALUES (5,'Nouveautés fiction jeunesse',0x4C6F72656D20697073756D20646F6C6F722073697420616D65742C20636F6E7365637465747572206164697069736963696E6720656C69742C2073656420646F20656975736D6F642074656D706F7220696E6369646964756E74207574206C61626F726520657420646F6C6F7265206D61676E6120616C697175612E20557420656E696D206164206D696E696D2076656E69616D2C2071756973206E6F737472756420657865726369746174696F6E20756C6C616D636F206C61626F726973206E69736920757420616C697175697020657820656120636F6D6D6F646F20636F6E7365717561742E,1,'0000-00-00','0000-00-00',0,'1',0,'','','');
INSERT INTO etagere (idetagere, name, comment, validite, validite_date_deb, validite_date_fin, visible_accueil, autorisations, id_tri, thumbnail_url, etagere_classement, comment_gestion) VALUES (8,'Nouveautés DVD','',1,'0000-00-00','0000-00-00',0,'1',0,'','','');
INSERT INTO etagere (idetagere, name, comment, validite, validite_date_deb, validite_date_fin, visible_accueil, autorisations, id_tri, thumbnail_url, etagere_classement, comment_gestion) VALUES (9,'Nouveautés périodiques','',1,'0000-00-00','0000-00-00',0,'1',0,'','','');

--
-- Table structure for table `etagere_caddie`
--

CREATE TABLE etagere_caddie (
  etagere_id int(8) unsigned NOT NULL DEFAULT '0',
  caddie_id int(8) unsigned NOT NULL DEFAULT '0',
  etagere_caddie_filters mediumtext COLLATE utf8_unicode_ci,
  PRIMARY KEY (etagere_id,caddie_id)
) ENGINE=MyISAM DEFAULT CHARSET=utf8 COLLATE=utf8_unicode_ci;

--
-- Dumping data for table `etagere_caddie`
--

INSERT INTO etagere_caddie (etagere_id, caddie_id, etagere_caddie_filters) VALUES (3,12,NULL);
INSERT INTO etagere_caddie (etagere_id, caddie_id, etagere_caddie_filters) VALUES (4,13,NULL);
INSERT INTO etagere_caddie (etagere_id, caddie_id, etagere_caddie_filters) VALUES (5,14,NULL);
INSERT INTO etagere_caddie (etagere_id, caddie_id, etagere_caddie_filters) VALUES (8,17,NULL);
INSERT INTO etagere_caddie (etagere_id, caddie_id, etagere_caddie_filters) VALUES (9,18,NULL);

--
-- Table structure for table `exemplaires`
--

CREATE TABLE exemplaires (
  expl_id int(10) unsigned NOT NULL AUTO_INCREMENT,
  expl_cb varchar(255) COLLATE utf8_unicode_ci DEFAULT NULL,
  expl_notice int(10) unsigned NOT NULL DEFAULT '0',
  expl_bulletin int(10) unsigned NOT NULL DEFAULT '0',
  expl_typdoc int(5) unsigned NOT NULL DEFAULT '0',
  expl_cote varchar(255) COLLATE utf8_unicode_ci DEFAULT NULL,
  expl_section smallint(5) unsigned NOT NULL DEFAULT '0',
  expl_statut smallint(5) unsigned NOT NULL DEFAULT '0',
  expl_location smallint(5) unsigned NOT NULL DEFAULT '0',
  expl_codestat smallint(5) unsigned NOT NULL DEFAULT '0',
  expl_date_depot date NOT NULL DEFAULT '0000-00-00',
  expl_date_retour date NOT NULL DEFAULT '0000-00-00',
  expl_note tinytext COLLATE utf8_unicode_ci NOT NULL,
  expl_prix varchar(255) COLLATE utf8_unicode_ci NOT NULL DEFAULT '',
  expl_owner mediumint(8) unsigned NOT NULL DEFAULT '0',
  expl_lastempr int(10) unsigned NOT NULL DEFAULT '0',
  last_loan_date date DEFAULT NULL,
  create_date datetime NOT NULL DEFAULT '2005-01-01 00:00:00',
  update_date timestamp NOT NULL DEFAULT CURRENT_TIMESTAMP ON UPDATE CURRENT_TIMESTAMP,
  type_antivol int(1) unsigned NOT NULL DEFAULT '0',
  transfert_location_origine smallint(5) unsigned NOT NULL DEFAULT '0',
  transfert_statut_origine smallint(5) unsigned NOT NULL DEFAULT '0',
  expl_comment text COLLATE utf8_unicode_ci,
  expl_nbparts int(8) unsigned NOT NULL DEFAULT '1',
  expl_retloc smallint(5) unsigned NOT NULL DEFAULT '0',
  expl_abt_num int(10) unsigned NOT NULL DEFAULT '0',
  transfert_section_origine smallint(5) NOT NULL DEFAULT '0',
  expl_ref_num int(10) NOT NULL DEFAULT '0',
  expl_pnb_flag int(1) unsigned NOT NULL DEFAULT '0',
  PRIMARY KEY (expl_id),
  UNIQUE KEY expl_cb (expl_cb),
  KEY expl_typdoc (expl_typdoc),
  KEY expl_cote (expl_cote),
  KEY expl_notice (expl_notice),
  KEY expl_codestat (expl_codestat),
  KEY expl_owner (expl_owner),
  KEY expl_bulletin (expl_bulletin),
  KEY i_expl_location (expl_location),
  KEY i_expl_section (expl_section),
  KEY i_expl_statut (expl_statut),
  KEY i_expl_lastempr (expl_lastempr)
) ENGINE=MyISAM AUTO_INCREMENT=99 DEFAULT CHARSET=utf8 COLLATE=utf8_unicode_ci;

--
-- Dumping data for table `exemplaires`
--

INSERT INTO exemplaires (expl_id, expl_cb, expl_notice, expl_bulletin, expl_typdoc, expl_cote, expl_section, expl_statut, expl_location, expl_codestat, expl_date_depot, expl_date_retour, expl_note, expl_prix, expl_owner, expl_lastempr, last_loan_date, create_date, update_date, type_antivol, transfert_location_origine, transfert_statut_origine, expl_comment, expl_nbparts, expl_retloc, expl_abt_num, transfert_section_origine, expl_ref_num, expl_pnb_flag) VALUES (70,'000034',89,0,1,'640 BEL',10,1,1,12,'0000-00-00','0000-00-00','','',2,0,NULL,'2012-10-24 15:51:07','2015-05-26 09:38:37',0,1,1,'',1,0,0,10,0,0);
INSERT INTO exemplaires (expl_id, expl_cb, expl_notice, expl_bulletin, expl_typdoc, expl_cote, expl_section, expl_statut, expl_location, expl_codestat, expl_date_depot, expl_date_retour, expl_note, expl_prix, expl_owner, expl_lastempr, last_loan_date, create_date, update_date, type_antivol, transfert_location_origine, transfert_statut_origine, expl_comment, expl_nbparts, expl_retloc, expl_abt_num, transfert_section_origine, expl_ref_num, expl_pnb_flag) VALUES (69,'000033',90,0,1,'910 J NAN',10,1,1,11,'0000-00-00','0000-00-00','','',1,0,NULL,'2012-10-24 15:50:05','2015-05-26 09:38:37',0,1,1,'',1,0,0,10,0,0);
INSERT INTO exemplaires (expl_id, expl_cb, expl_notice, expl_bulletin, expl_typdoc, expl_cote, expl_section, expl_statut, expl_location, expl_codestat, expl_date_depot, expl_date_retour, expl_note, expl_prix, expl_owner, expl_lastempr, last_loan_date, create_date, update_date, type_antivol, transfert_location_origine, transfert_statut_origine, expl_comment, expl_nbparts, expl_retloc, expl_abt_num, transfert_section_origine, expl_ref_num, expl_pnb_flag) VALUES (68,'000032',95,0,1,'A COR',26,1,1,11,'0000-00-00','0000-00-00','','',2,0,NULL,'2012-10-24 15:47:57','2015-05-26 09:38:37',0,1,1,'',1,0,0,26,0,0);
INSERT INTO exemplaires (expl_id, expl_cb, expl_notice, expl_bulletin, expl_typdoc, expl_cote, expl_section, expl_statut, expl_location, expl_codestat, expl_date_depot, expl_date_retour, expl_note, expl_prix, expl_owner, expl_lastempr, last_loan_date, create_date, update_date, type_antivol, transfert_location_origine, transfert_statut_origine, expl_comment, expl_nbparts, expl_retloc, expl_abt_num, transfert_section_origine, expl_ref_num, expl_pnb_flag) VALUES (67,'000031',95,0,1,'A COR',26,1,1,11,'0000-00-00','0000-00-00','','',2,0,NULL,'2012-10-24 15:47:46','2015-05-26 09:38:37',0,1,1,'',1,0,0,26,0,0);
INSERT INTO exemplaires (expl_id, expl_cb, expl_notice, expl_bulletin, expl_typdoc, expl_cote, expl_section, expl_statut, expl_location, expl_codestat, expl_date_depot, expl_date_retour, expl_note, expl_prix, expl_owner, expl_lastempr, last_loan_date, create_date, update_date, type_antivol, transfert_location_origine, transfert_statut_origine, expl_comment, expl_nbparts, expl_retloc, expl_abt_num, transfert_section_origine, expl_ref_num, expl_pnb_flag) VALUES (66,'000030',91,0,1,'A GOU',26,1,1,11,'0000-00-00','0000-00-00','','',2,0,NULL,'2012-10-24 15:47:29','2015-05-26 09:38:37',0,1,1,'',1,0,0,26,0,0);
INSERT INTO exemplaires (expl_id, expl_cb, expl_notice, expl_bulletin, expl_typdoc, expl_cote, expl_section, expl_statut, expl_location, expl_codestat, expl_date_depot, expl_date_retour, expl_note, expl_prix, expl_owner, expl_lastempr, last_loan_date, create_date, update_date, type_antivol, transfert_location_origine, transfert_statut_origine, expl_comment, expl_nbparts, expl_retloc, expl_abt_num, transfert_section_origine, expl_ref_num, expl_pnb_flag) VALUES (64,'000028',93,0,1,'A GAY',26,1,1,11,'0000-00-00','0000-00-00','','',2,0,NULL,'2012-10-24 15:46:15','2015-05-26 09:38:37',0,1,1,'',1,0,0,26,0,0);
INSERT INTO exemplaires (expl_id, expl_cb, expl_notice, expl_bulletin, expl_typdoc, expl_cote, expl_section, expl_statut, expl_location, expl_codestat, expl_date_depot, expl_date_retour, expl_note, expl_prix, expl_owner, expl_lastempr, last_loan_date, create_date, update_date, type_antivol, transfert_location_origine, transfert_statut_origine, expl_comment, expl_nbparts, expl_retloc, expl_abt_num, transfert_section_origine, expl_ref_num, expl_pnb_flag) VALUES (65,'000029',92,0,1,'BD J GUE',20,1,1,11,'0000-00-00','0000-00-00','','',1,10,'2014-01-08','2012-10-24 15:46:57','2015-05-26 09:38:37',0,1,1,'',1,0,0,20,0,0);
INSERT INTO exemplaires (expl_id, expl_cb, expl_notice, expl_bulletin, expl_typdoc, expl_cote, expl_section, expl_statut, expl_location, expl_codestat, expl_date_depot, expl_date_retour, expl_note, expl_prix, expl_owner, expl_lastempr, last_loan_date, create_date, update_date, type_antivol, transfert_location_origine, transfert_statut_origine, expl_comment, expl_nbparts, expl_retloc, expl_abt_num, transfert_section_origine, expl_ref_num, expl_pnb_flag) VALUES (63,'000027',93,0,1,'A GAY',26,1,1,11,'0000-00-00','0000-00-00','','',2,0,NULL,'2012-10-24 15:46:03','2015-05-26 09:38:37',0,1,1,'',1,0,0,26,0,0);
INSERT INTO exemplaires (expl_id, expl_cb, expl_notice, expl_bulletin, expl_typdoc, expl_cote, expl_section, expl_statut, expl_location, expl_codestat, expl_date_depot, expl_date_retour, expl_note, expl_prix, expl_owner, expl_lastempr, last_loan_date, create_date, update_date, type_antivol, transfert_location_origine, transfert_statut_origine, expl_comment, expl_nbparts, expl_retloc, expl_abt_num, transfert_section_origine, expl_ref_num, expl_pnb_flag) VALUES (62,'000026',94,0,1,'580 J GUI',10,1,1,11,'0000-00-00','0000-00-00','','',2,0,NULL,'2012-10-24 15:44:59','2015-05-26 09:38:37',0,1,1,'',1,0,0,10,0,0);
INSERT INTO exemplaires (expl_id, expl_cb, expl_notice, expl_bulletin, expl_typdoc, expl_cote, expl_section, expl_statut, expl_location, expl_codestat, expl_date_depot, expl_date_retour, expl_note, expl_prix, expl_owner, expl_lastempr, last_loan_date, create_date, update_date, type_antivol, transfert_location_origine, transfert_statut_origine, expl_comment, expl_nbparts, expl_retloc, expl_abt_num, transfert_section_origine, expl_ref_num, expl_pnb_flag) VALUES (61,'000025',95,0,1,'A COR',26,1,1,11,'0000-00-00','0000-00-00','','',2,0,NULL,'2012-10-24 15:42:34','2015-05-26 09:38:37',0,1,1,'',1,0,0,26,0,0);
INSERT INTO exemplaires (expl_id, expl_cb, expl_notice, expl_bulletin, expl_typdoc, expl_cote, expl_section, expl_statut, expl_location, expl_codestat, expl_date_depot, expl_date_retour, expl_note, expl_prix, expl_owner, expl_lastempr, last_loan_date, create_date, update_date, type_antivol, transfert_location_origine, transfert_statut_origine, expl_comment, expl_nbparts, expl_retloc, expl_abt_num, transfert_section_origine, expl_ref_num, expl_pnb_flag) VALUES (60,'000024',96,0,1,'640 J LOU',10,1,1,11,'0000-00-00','0000-00-00','','',2,0,NULL,'2012-10-24 15:41:59','2015-05-26 09:38:37',0,1,1,'',1,0,0,10,0,0);
INSERT INTO exemplaires (expl_id, expl_cb, expl_notice, expl_bulletin, expl_typdoc, expl_cote, expl_section, expl_statut, expl_location, expl_codestat, expl_date_depot, expl_date_retour, expl_note, expl_prix, expl_owner, expl_lastempr, last_loan_date, create_date, update_date, type_antivol, transfert_location_origine, transfert_statut_origine, expl_comment, expl_nbparts, expl_retloc, expl_abt_num, transfert_section_origine, expl_ref_num, expl_pnb_flag) VALUES (59,'000023',97,0,1,'640 J SER',10,1,1,11,'0000-00-00','0000-00-00','','',1,0,NULL,'2012-10-24 15:40:56','2015-05-26 09:38:37',0,1,1,'',1,0,0,10,0,0);
INSERT INTO exemplaires (expl_id, expl_cb, expl_notice, expl_bulletin, expl_typdoc, expl_cote, expl_section, expl_statut, expl_location, expl_codestat, expl_date_depot, expl_date_retour, expl_note, expl_prix, expl_owner, expl_lastempr, last_loan_date, create_date, update_date, type_antivol, transfert_location_origine, transfert_statut_origine, expl_comment, expl_nbparts, expl_retloc, expl_abt_num, transfert_section_origine, expl_ref_num, expl_pnb_flag) VALUES (58,'000022',98,0,1,'640 J TEY',10,1,1,11,'0000-00-00','0000-00-00','','',1,0,NULL,'2012-10-24 15:40:04','2015-05-26 09:38:37',0,1,1,'',1,0,0,10,0,0);
INSERT INTO exemplaires (expl_id, expl_cb, expl_notice, expl_bulletin, expl_typdoc, expl_cote, expl_section, expl_statut, expl_location, expl_codestat, expl_date_depot, expl_date_retour, expl_note, expl_prix, expl_owner, expl_lastempr, last_loan_date, create_date, update_date, type_antivol, transfert_location_origine, transfert_statut_origine, expl_comment, expl_nbparts, expl_retloc, expl_abt_num, transfert_section_origine, expl_ref_num, expl_pnb_flag) VALUES (57,'000021',99,0,1,'740 FRE',10,1,1,11,'0000-00-00','0000-00-00','','',1,0,NULL,'2012-10-24 15:37:53','2015-05-26 09:38:37',0,1,1,'',1,0,0,10,0,0);
INSERT INTO exemplaires (expl_id, expl_cb, expl_notice, expl_bulletin, expl_typdoc, expl_cote, expl_section, expl_statut, expl_location, expl_codestat, expl_date_depot, expl_date_retour, expl_note, expl_prix, expl_owner, expl_lastempr, last_loan_date, create_date, update_date, type_antivol, transfert_location_origine, transfert_statut_origine, expl_comment, expl_nbparts, expl_retloc, expl_abt_num, transfert_section_origine, expl_ref_num, expl_pnb_flag) VALUES (56,'000020',100,0,1,'740 J FRE',10,1,1,11,'0000-00-00','0000-00-00','','',1,0,NULL,'2012-10-24 15:36:34','2015-05-26 09:38:37',0,1,1,'',1,0,0,10,0,0);
INSERT INTO exemplaires (expl_id, expl_cb, expl_notice, expl_bulletin, expl_typdoc, expl_cote, expl_section, expl_statut, expl_location, expl_codestat, expl_date_depot, expl_date_retour, expl_note, expl_prix, expl_owner, expl_lastempr, last_loan_date, create_date, update_date, type_antivol, transfert_location_origine, transfert_statut_origine, expl_comment, expl_nbparts, expl_retloc, expl_abt_num, transfert_section_origine, expl_ref_num, expl_pnb_flag) VALUES (55,'000019',101,0,1,'A BRA',26,1,1,11,'0000-00-00','0000-00-00','','',2,0,NULL,'2012-10-24 15:35:11','2015-05-26 09:38:37',0,1,1,'',1,0,0,26,0,0);
INSERT INTO exemplaires (expl_id, expl_cb, expl_notice, expl_bulletin, expl_typdoc, expl_cote, expl_section, expl_statut, expl_location, expl_codestat, expl_date_depot, expl_date_retour, expl_note, expl_prix, expl_owner, expl_lastempr, last_loan_date, create_date, update_date, type_antivol, transfert_location_origine, transfert_statut_origine, expl_comment, expl_nbparts, expl_retloc, expl_abt_num, transfert_section_origine, expl_ref_num, expl_pnb_flag) VALUES (54,'000018',102,0,1,'A GRA',26,1,1,11,'0000-00-00','0000-00-00','','',2,0,NULL,'2012-10-24 15:34:08','2015-05-26 09:38:37',0,1,1,'',1,0,0,26,0,0);
INSERT INTO exemplaires (expl_id, expl_cb, expl_notice, expl_bulletin, expl_typdoc, expl_cote, expl_section, expl_statut, expl_location, expl_codestat, expl_date_depot, expl_date_retour, expl_note, expl_prix, expl_owner, expl_lastempr, last_loan_date, create_date, update_date, type_antivol, transfert_location_origine, transfert_statut_origine, expl_comment, expl_nbparts, expl_retloc, expl_abt_num, transfert_section_origine, expl_ref_num, expl_pnb_flag) VALUES (52,'000016',104,0,1,'RX PRA',24,1,1,12,'0000-00-00','0000-00-00','','',1,0,NULL,'2012-10-24 15:31:12','2015-05-26 09:38:37',0,1,1,'',1,0,0,24,0,0);
INSERT INTO exemplaires (expl_id, expl_cb, expl_notice, expl_bulletin, expl_typdoc, expl_cote, expl_section, expl_statut, expl_location, expl_codestat, expl_date_depot, expl_date_retour, expl_note, expl_prix, expl_owner, expl_lastempr, last_loan_date, create_date, update_date, type_antivol, transfert_location_origine, transfert_statut_origine, expl_comment, expl_nbparts, expl_retloc, expl_abt_num, transfert_section_origine, expl_ref_num, expl_pnb_flag) VALUES (53,'000017',103,0,1,'RX BRA',24,1,1,12,'0000-00-00','0000-00-00','','',2,0,'2012-11-20','2012-10-24 15:32:35','2015-05-26 09:38:37',0,1,1,'',1,0,0,24,0,0);
INSERT INTO exemplaires (expl_id, expl_cb, expl_notice, expl_bulletin, expl_typdoc, expl_cote, expl_section, expl_statut, expl_location, expl_codestat, expl_date_depot, expl_date_retour, expl_note, expl_prix, expl_owner, expl_lastempr, last_loan_date, create_date, update_date, type_antivol, transfert_location_origine, transfert_statut_origine, expl_comment, expl_nbparts, expl_retloc, expl_abt_num, transfert_section_origine, expl_ref_num, expl_pnb_flag) VALUES (51,'000015',105,0,1,'RX PRA',24,1,1,12,'0000-00-00','0000-00-00','','',1,0,NULL,'2012-10-24 15:30:15','2015-05-26 09:38:37',0,1,1,'',1,0,0,24,0,0);
INSERT INTO exemplaires (expl_id, expl_cb, expl_notice, expl_bulletin, expl_typdoc, expl_cote, expl_section, expl_statut, expl_location, expl_codestat, expl_date_depot, expl_date_retour, expl_note, expl_prix, expl_owner, expl_lastempr, last_loan_date, create_date, update_date, type_antivol, transfert_location_origine, transfert_statut_origine, expl_comment, expl_nbparts, expl_retloc, expl_abt_num, transfert_section_origine, expl_ref_num, expl_pnb_flag) VALUES (50,'000014',106,0,1,'P BUR',10,1,1,12,'0000-00-00','0000-00-00','','',2,10,'2016-03-22','2012-10-24 15:28:12','2016-03-22 17:22:16',0,1,1,'',1,0,0,10,0,0);
INSERT INTO exemplaires (expl_id, expl_cb, expl_notice, expl_bulletin, expl_typdoc, expl_cote, expl_section, expl_statut, expl_location, expl_codestat, expl_date_depot, expl_date_retour, expl_note, expl_prix, expl_owner, expl_lastempr, last_loan_date, create_date, update_date, type_antivol, transfert_location_origine, transfert_statut_origine, expl_comment, expl_nbparts, expl_retloc, expl_abt_num, transfert_section_origine, expl_ref_num, expl_pnb_flag) VALUES (49,'000013',107,0,18,'700 J TIM',10,1,1,11,'0000-00-00','0000-00-00','','',2,0,NULL,'2012-10-24 15:24:29','2015-05-26 09:38:37',0,1,1,'',1,0,0,10,0,0);
INSERT INTO exemplaires (expl_id, expl_cb, expl_notice, expl_bulletin, expl_typdoc, expl_cote, expl_section, expl_statut, expl_location, expl_codestat, expl_date_depot, expl_date_retour, expl_note, expl_prix, expl_owner, expl_lastempr, last_loan_date, create_date, update_date, type_antivol, transfert_location_origine, transfert_statut_origine, expl_comment, expl_nbparts, expl_retloc, expl_abt_num, transfert_section_origine, expl_ref_num, expl_pnb_flag) VALUES (48,'000012',108,0,1,'700 DEB',10,1,1,12,'0000-00-00','0000-00-00','','',1,0,NULL,'2012-10-24 15:22:58','2015-05-26 09:38:37',0,1,1,'',1,0,0,10,0,0);
INSERT INTO exemplaires (expl_id, expl_cb, expl_notice, expl_bulletin, expl_typdoc, expl_cote, expl_section, expl_statut, expl_location, expl_codestat, expl_date_depot, expl_date_retour, expl_note, expl_prix, expl_owner, expl_lastempr, last_loan_date, create_date, update_date, type_antivol, transfert_location_origine, transfert_statut_origine, expl_comment, expl_nbparts, expl_retloc, expl_abt_num, transfert_section_origine, expl_ref_num, expl_pnb_flag) VALUES (47,'000011',109,0,1,'780 J SIL',10,1,1,11,'0000-00-00','0000-00-00','','',2,0,NULL,'2012-10-24 15:21:13','2015-05-26 09:38:37',0,1,1,'',1,0,0,10,0,0);
INSERT INTO exemplaires (expl_id, expl_cb, expl_notice, expl_bulletin, expl_typdoc, expl_cote, expl_section, expl_statut, expl_location, expl_codestat, expl_date_depot, expl_date_retour, expl_note, expl_prix, expl_owner, expl_lastempr, last_loan_date, create_date, update_date, type_antivol, transfert_location_origine, transfert_statut_origine, expl_comment, expl_nbparts, expl_retloc, expl_abt_num, transfert_section_origine, expl_ref_num, expl_pnb_flag) VALUES (46,'000010',119,0,13,'9.1 AMA',28,1,1,12,'0000-00-00','0000-00-00','','',2,0,NULL,'2012-10-24 15:15:23','2015-05-26 09:38:37',0,1,1,'',1,0,0,28,0,0);
INSERT INTO exemplaires (expl_id, expl_cb, expl_notice, expl_bulletin, expl_typdoc, expl_cote, expl_section, expl_statut, expl_location, expl_codestat, expl_date_depot, expl_date_retour, expl_note, expl_prix, expl_owner, expl_lastempr, last_loan_date, create_date, update_date, type_antivol, transfert_location_origine, transfert_statut_origine, expl_comment, expl_nbparts, expl_retloc, expl_abt_num, transfert_section_origine, expl_ref_num, expl_pnb_flag) VALUES (45,'000009',118,0,13,'9.1 KEI',28,1,1,12,'0000-00-00','0000-00-00','','',1,0,NULL,'2012-10-24 15:12:02','2015-05-26 09:38:37',0,1,1,'',1,0,0,28,0,0);
INSERT INTO exemplaires (expl_id, expl_cb, expl_notice, expl_bulletin, expl_typdoc, expl_cote, expl_section, expl_statut, expl_location, expl_codestat, expl_date_depot, expl_date_retour, expl_note, expl_prix, expl_owner, expl_lastempr, last_loan_date, create_date, update_date, type_antivol, transfert_location_origine, transfert_statut_origine, expl_comment, expl_nbparts, expl_retloc, expl_abt_num, transfert_section_origine, expl_ref_num, expl_pnb_flag) VALUES (44,'000008',117,0,13,'9.1 TRA',28,1,1,12,'0000-00-00','0000-00-00','','',2,0,'2012-12-18','2012-10-24 15:10:29','2015-05-26 09:38:37',0,1,1,'',1,0,0,28,0,0);
INSERT INTO exemplaires (expl_id, expl_cb, expl_notice, expl_bulletin, expl_typdoc, expl_cote, expl_section, expl_statut, expl_location, expl_codestat, expl_date_depot, expl_date_retour, expl_note, expl_prix, expl_owner, expl_lastempr, last_loan_date, create_date, update_date, type_antivol, transfert_location_origine, transfert_statut_origine, expl_comment, expl_nbparts, expl_retloc, expl_abt_num, transfert_section_origine, expl_ref_num, expl_pnb_flag) VALUES (43,'000007',116,0,13,'9.1 LO',28,1,1,12,'0000-00-00','0000-00-00','','',1,0,NULL,'2012-10-24 15:08:49','2015-05-26 09:38:37',0,1,1,'',1,0,0,28,0,0);
INSERT INTO exemplaires (expl_id, expl_cb, expl_notice, expl_bulletin, expl_typdoc, expl_cote, expl_section, expl_statut, expl_location, expl_codestat, expl_date_depot, expl_date_retour, expl_note, expl_prix, expl_owner, expl_lastempr, last_loan_date, create_date, update_date, type_antivol, transfert_location_origine, transfert_statut_origine, expl_comment, expl_nbparts, expl_retloc, expl_abt_num, transfert_section_origine, expl_ref_num, expl_pnb_flag) VALUES (42,'000006',115,0,13,'9.1 MAK',28,1,1,12,'0000-00-00','0000-00-00','','',2,0,NULL,'2012-10-24 15:06:05','2015-05-26 09:38:37',0,1,1,'',1,0,0,28,0,0);
INSERT INTO exemplaires (expl_id, expl_cb, expl_notice, expl_bulletin, expl_typdoc, expl_cote, expl_section, expl_statut, expl_location, expl_codestat, expl_date_depot, expl_date_retour, expl_note, expl_prix, expl_owner, expl_lastempr, last_loan_date, create_date, update_date, type_antivol, transfert_location_origine, transfert_statut_origine, expl_comment, expl_nbparts, expl_retloc, expl_abt_num, transfert_section_origine, expl_ref_num, expl_pnb_flag) VALUES (41,'000005',114,0,14,'DVDJ CHAR',29,1,1,11,'0000-00-00','0000-00-00','','',2,0,NULL,'2012-10-24 15:00:33','2015-05-26 09:38:37',0,1,1,'',1,0,0,29,0,0);
INSERT INTO exemplaires (expl_id, expl_cb, expl_notice, expl_bulletin, expl_typdoc, expl_cote, expl_section, expl_statut, expl_location, expl_codestat, expl_date_depot, expl_date_retour, expl_note, expl_prix, expl_owner, expl_lastempr, last_loan_date, create_date, update_date, type_antivol, transfert_location_origine, transfert_statut_origine, expl_comment, expl_nbparts, expl_retloc, expl_abt_num, transfert_section_origine, expl_ref_num, expl_pnb_flag) VALUES (38,'000002',112,0,14,'DVD BIG',29,1,1,12,'0000-00-00','0000-00-00','','',1,0,NULL,'2012-10-24 14:55:48','2015-05-26 09:38:37',0,1,1,'',1,0,0,29,0,0);
INSERT INTO exemplaires (expl_id, expl_cb, expl_notice, expl_bulletin, expl_typdoc, expl_cote, expl_section, expl_statut, expl_location, expl_codestat, expl_date_depot, expl_date_retour, expl_note, expl_prix, expl_owner, expl_lastempr, last_loan_date, create_date, update_date, type_antivol, transfert_location_origine, transfert_statut_origine, expl_comment, expl_nbparts, expl_retloc, expl_abt_num, transfert_section_origine, expl_ref_num, expl_pnb_flag) VALUES (39,'000003',111,0,14,'DVD BEE',29,1,1,12,'0000-00-00','0000-00-00','','',2,0,NULL,'2012-10-24 14:56:07','2015-05-26 09:38:37',0,1,1,'',1,0,0,29,0,0);
INSERT INTO exemplaires (expl_id, expl_cb, expl_notice, expl_bulletin, expl_typdoc, expl_cote, expl_section, expl_statut, expl_location, expl_codestat, expl_date_depot, expl_date_retour, expl_note, expl_prix, expl_owner, expl_lastempr, last_loan_date, create_date, update_date, type_antivol, transfert_location_origine, transfert_statut_origine, expl_comment, expl_nbparts, expl_retloc, expl_abt_num, transfert_section_origine, expl_ref_num, expl_pnb_flag) VALUES (40,'000004',113,0,14,'DVDJ NOC',29,1,1,11,'0000-00-00','0000-00-00','','',1,0,NULL,'2012-10-24 14:58:15','2015-05-26 09:38:37',0,1,1,'',1,0,0,29,0,0);
INSERT INTO exemplaires (expl_id, expl_cb, expl_notice, expl_bulletin, expl_typdoc, expl_cote, expl_section, expl_statut, expl_location, expl_codestat, expl_date_depot, expl_date_retour, expl_note, expl_prix, expl_owner, expl_lastempr, last_loan_date, create_date, update_date, type_antivol, transfert_location_origine, transfert_statut_origine, expl_comment, expl_nbparts, expl_retloc, expl_abt_num, transfert_section_origine, expl_ref_num, expl_pnb_flag) VALUES (37,'000001',110,0,14,'DVD EDW',29,13,1,12,'0000-00-00','0000-00-00','','',2,0,NULL,'2012-10-24 14:49:39','2015-05-26 09:38:37',0,1,13,'',1,0,0,29,0,0);
INSERT INTO exemplaires (expl_id, expl_cb, expl_notice, expl_bulletin, expl_typdoc, expl_cote, expl_section, expl_statut, expl_location, expl_codestat, expl_date_depot, expl_date_retour, expl_note, expl_prix, expl_owner, expl_lastempr, last_loan_date, create_date, update_date, type_antivol, transfert_location_origine, transfert_statut_origine, expl_comment, expl_nbparts, expl_retloc, expl_abt_num, transfert_section_origine, expl_ref_num, expl_pnb_flag) VALUES (71,'000036',88,0,1,'020 BON',10,1,1,12,'0000-00-00','0000-00-00','','',2,0,NULL,'2012-10-24 15:53:02','2015-05-26 09:38:37',0,1,1,'',1,0,0,10,0,0);
INSERT INTO exemplaires (expl_id, expl_cb, expl_notice, expl_bulletin, expl_typdoc, expl_cote, expl_section, expl_statut, expl_location, expl_codestat, expl_date_depot, expl_date_retour, expl_note, expl_prix, expl_owner, expl_lastempr, last_loan_date, create_date, update_date, type_antivol, transfert_location_origine, transfert_statut_origine, expl_comment, expl_nbparts, expl_retloc, expl_abt_num, transfert_section_origine, expl_ref_num, expl_pnb_flag) VALUES (72,'000037',87,0,1,'RJ MAH',13,1,1,11,'0000-00-00','0000-00-00','','',2,0,NULL,'2012-10-24 15:53:51','2015-05-26 09:38:37',0,1,1,'',1,0,0,13,0,0);
INSERT INTO exemplaires (expl_id, expl_cb, expl_notice, expl_bulletin, expl_typdoc, expl_cote, expl_section, expl_statut, expl_location, expl_codestat, expl_date_depot, expl_date_retour, expl_note, expl_prix, expl_owner, expl_lastempr, last_loan_date, create_date, update_date, type_antivol, transfert_location_origine, transfert_statut_origine, expl_comment, expl_nbparts, expl_retloc, expl_abt_num, transfert_section_origine, expl_ref_num, expl_pnb_flag) VALUES (73,'000038',86,0,1,'RP BEI',24,1,1,12,'0000-00-00','0000-00-00','','',2,0,NULL,'2012-10-24 15:54:44','2015-05-26 09:38:37',0,1,1,'',1,0,0,24,0,0);
INSERT INTO exemplaires (expl_id, expl_cb, expl_notice, expl_bulletin, expl_typdoc, expl_cote, expl_section, expl_statut, expl_location, expl_codestat, expl_date_depot, expl_date_retour, expl_note, expl_prix, expl_owner, expl_lastempr, last_loan_date, create_date, update_date, type_antivol, transfert_location_origine, transfert_statut_origine, expl_comment, expl_nbparts, expl_retloc, expl_abt_num, transfert_section_origine, expl_ref_num, expl_pnb_flag) VALUES (74,'000039',85,0,1,'JR BRI',13,1,1,12,'0000-00-00','0000-00-00','','',2,0,NULL,'2012-10-24 15:56:03','2015-05-26 09:38:37',0,1,1,'',1,0,0,13,0,0);
INSERT INTO exemplaires (expl_id, expl_cb, expl_notice, expl_bulletin, expl_typdoc, expl_cote, expl_section, expl_statut, expl_location, expl_codestat, expl_date_depot, expl_date_retour, expl_note, expl_prix, expl_owner, expl_lastempr, last_loan_date, create_date, update_date, type_antivol, transfert_location_origine, transfert_statut_origine, expl_comment, expl_nbparts, expl_retloc, expl_abt_num, transfert_section_origine, expl_ref_num, expl_pnb_flag) VALUES (75,'000040',84,0,1,'020 PAL',10,1,1,12,'0000-00-00','0000-00-00','','',1,0,NULL,'2012-10-24 15:56:41','2015-05-26 09:38:37',0,1,1,'',1,0,0,10,0,0);
INSERT INTO exemplaires (expl_id, expl_cb, expl_notice, expl_bulletin, expl_typdoc, expl_cote, expl_section, expl_statut, expl_location, expl_codestat, expl_date_depot, expl_date_retour, expl_note, expl_prix, expl_owner, expl_lastempr, last_loan_date, create_date, update_date, type_antivol, transfert_location_origine, transfert_statut_origine, expl_comment, expl_nbparts, expl_retloc, expl_abt_num, transfert_section_origine, expl_ref_num, expl_pnb_flag) VALUES (76,'000041',83,0,1,'020 ASS',10,1,1,12,'0000-00-00','0000-00-00','','',2,0,NULL,'2012-10-24 15:57:56','2015-05-26 09:38:37',0,1,1,'',1,0,0,10,0,0);
INSERT INTO exemplaires (expl_id, expl_cb, expl_notice, expl_bulletin, expl_typdoc, expl_cote, expl_section, expl_statut, expl_location, expl_codestat, expl_date_depot, expl_date_retour, expl_note, expl_prix, expl_owner, expl_lastempr, last_loan_date, create_date, update_date, type_antivol, transfert_location_origine, transfert_statut_origine, expl_comment, expl_nbparts, expl_retloc, expl_abt_num, transfert_section_origine, expl_ref_num, expl_pnb_flag) VALUES (77,'000042',83,0,1,'020 ASS',30,1,1,12,'0000-00-00','0000-00-00','','',2,0,NULL,'2012-10-24 15:58:06','2015-05-26 09:38:37',0,1,1,'',1,0,0,30,0,0);
INSERT INTO exemplaires (expl_id, expl_cb, expl_notice, expl_bulletin, expl_typdoc, expl_cote, expl_section, expl_statut, expl_location, expl_codestat, expl_date_depot, expl_date_retour, expl_note, expl_prix, expl_owner, expl_lastempr, last_loan_date, create_date, update_date, type_antivol, transfert_location_origine, transfert_statut_origine, expl_comment, expl_nbparts, expl_retloc, expl_abt_num, transfert_section_origine, expl_ref_num, expl_pnb_flag) VALUES (78,'000044',82,0,1,'020 MEL',10,1,1,12,'0000-00-00','0000-00-00','','',1,0,NULL,'2012-10-24 15:58:46','2015-05-26 09:38:37',0,1,1,'',1,0,0,10,0,0);
INSERT INTO exemplaires (expl_id, expl_cb, expl_notice, expl_bulletin, expl_typdoc, expl_cote, expl_section, expl_statut, expl_location, expl_codestat, expl_date_depot, expl_date_retour, expl_note, expl_prix, expl_owner, expl_lastempr, last_loan_date, create_date, update_date, type_antivol, transfert_location_origine, transfert_statut_origine, expl_comment, expl_nbparts, expl_retloc, expl_abt_num, transfert_section_origine, expl_ref_num, expl_pnb_flag) VALUES (79,'000045',81,0,1,'RJP HEI',13,1,1,12,'0000-00-00','0000-00-00','','',2,0,NULL,'2012-10-24 16:00:11','2015-05-26 09:38:37',0,1,1,'',1,0,0,13,0,0);
INSERT INTO exemplaires (expl_id, expl_cb, expl_notice, expl_bulletin, expl_typdoc, expl_cote, expl_section, expl_statut, expl_location, expl_codestat, expl_date_depot, expl_date_retour, expl_note, expl_prix, expl_owner, expl_lastempr, last_loan_date, create_date, update_date, type_antivol, transfert_location_origine, transfert_statut_origine, expl_comment, expl_nbparts, expl_retloc, expl_abt_num, transfert_section_origine, expl_ref_num, expl_pnb_flag) VALUES (80,'000046',80,0,1,'RJ GUD',13,1,1,11,'0000-00-00','0000-00-00','','',2,0,NULL,'2012-10-24 16:01:15','2015-05-26 09:38:37',0,1,1,'',1,0,0,13,0,0);
INSERT INTO exemplaires (expl_id, expl_cb, expl_notice, expl_bulletin, expl_typdoc, expl_cote, expl_section, expl_statut, expl_location, expl_codestat, expl_date_depot, expl_date_retour, expl_note, expl_prix, expl_owner, expl_lastempr, last_loan_date, create_date, update_date, type_antivol, transfert_location_origine, transfert_statut_origine, expl_comment, expl_nbparts, expl_retloc, expl_abt_num, transfert_section_origine, expl_ref_num, expl_pnb_flag) VALUES (81,'000047',79,0,1,'A GRA',26,1,1,11,'0000-00-00','0000-00-00','','',2,0,NULL,'2012-10-24 16:03:09','2015-05-26 09:38:37',0,1,1,'',1,0,0,26,0,0);
INSERT INTO exemplaires (expl_id, expl_cb, expl_notice, expl_bulletin, expl_typdoc, expl_cote, expl_section, expl_statut, expl_location, expl_codestat, expl_date_depot, expl_date_retour, expl_note, expl_prix, expl_owner, expl_lastempr, last_loan_date, create_date, update_date, type_antivol, transfert_location_origine, transfert_statut_origine, expl_comment, expl_nbparts, expl_retloc, expl_abt_num, transfert_section_origine, expl_ref_num, expl_pnb_flag) VALUES (82,'000048',78,0,1,'R MAR',24,1,1,12,'0000-00-00','0000-00-00','','',1,0,NULL,'2012-10-24 16:04:11','2015-05-26 09:38:37',0,1,1,'',1,0,0,24,0,0);
INSERT INTO exemplaires (expl_id, expl_cb, expl_notice, expl_bulletin, expl_typdoc, expl_cote, expl_section, expl_statut, expl_location, expl_codestat, expl_date_depot, expl_date_retour, expl_note, expl_prix, expl_owner, expl_lastempr, last_loan_date, create_date, update_date, type_antivol, transfert_location_origine, transfert_statut_origine, expl_comment, expl_nbparts, expl_retloc, expl_abt_num, transfert_section_origine, expl_ref_num, expl_pnb_flag) VALUES (83,'000049',77,0,1,'R MAB',24,1,1,12,'0000-00-00','0000-00-00','','',2,0,'2015-12-29','2012-10-24 16:04:54','2015-12-29 15:19:23',0,1,1,'',1,0,0,24,0,0);
INSERT INTO exemplaires (expl_id, expl_cb, expl_notice, expl_bulletin, expl_typdoc, expl_cote, expl_section, expl_statut, expl_location, expl_codestat, expl_date_depot, expl_date_retour, expl_note, expl_prix, expl_owner, expl_lastempr, last_loan_date, create_date, update_date, type_antivol, transfert_location_origine, transfert_statut_origine, expl_comment, expl_nbparts, expl_retloc, expl_abt_num, transfert_section_origine, expl_ref_num, expl_pnb_flag) VALUES (84,'000050',76,0,1,'BD ABO',16,1,1,12,'0000-00-00','0000-00-00','','',2,0,NULL,'2012-10-24 16:05:39','2015-05-26 09:38:37',0,1,1,'',1,0,0,16,0,0);
INSERT INTO exemplaires (expl_id, expl_cb, expl_notice, expl_bulletin, expl_typdoc, expl_cote, expl_section, expl_statut, expl_location, expl_codestat, expl_date_depot, expl_date_retour, expl_note, expl_prix, expl_owner, expl_lastempr, last_loan_date, create_date, update_date, type_antivol, transfert_location_origine, transfert_statut_origine, expl_comment, expl_nbparts, expl_retloc, expl_abt_num, transfert_section_origine, expl_ref_num, expl_pnb_flag) VALUES (85,'000051',75,0,1,'BD ABO',16,1,1,12,'0000-00-00','0000-00-00','','',2,0,NULL,'2012-10-24 16:06:17','2015-05-26 09:38:37',0,1,1,'',1,0,0,16,0,0);
INSERT INTO exemplaires (expl_id, expl_cb, expl_notice, expl_bulletin, expl_typdoc, expl_cote, expl_section, expl_statut, expl_location, expl_codestat, expl_date_depot, expl_date_retour, expl_note, expl_prix, expl_owner, expl_lastempr, last_loan_date, create_date, update_date, type_antivol, transfert_location_origine, transfert_statut_origine, expl_comment, expl_nbparts, expl_retloc, expl_abt_num, transfert_section_origine, expl_ref_num, expl_pnb_flag) VALUES (86,'000052',74,0,1,'A DEB',26,1,1,12,'0000-00-00','0000-00-00','','',2,0,NULL,'2012-10-24 16:07:32','2015-05-26 09:38:37',0,1,1,'',1,0,0,26,0,0);
INSERT INTO exemplaires (expl_id, expl_cb, expl_notice, expl_bulletin, expl_typdoc, expl_cote, expl_section, expl_statut, expl_location, expl_codestat, expl_date_depot, expl_date_retour, expl_note, expl_prix, expl_owner, expl_lastempr, last_loan_date, create_date, update_date, type_antivol, transfert_location_origine, transfert_statut_origine, expl_comment, expl_nbparts, expl_retloc, expl_abt_num, transfert_section_origine, expl_ref_num, expl_pnb_flag) VALUES (87,'000053',74,0,1,'A DEB',26,1,1,11,'0000-00-00','0000-00-00','','',1,0,NULL,'2012-10-24 16:07:46','2015-05-26 09:38:37',0,1,1,'',1,0,0,26,0,0);
INSERT INTO exemplaires (expl_id, expl_cb, expl_notice, expl_bulletin, expl_typdoc, expl_cote, expl_section, expl_statut, expl_location, expl_codestat, expl_date_depot, expl_date_retour, expl_note, expl_prix, expl_owner, expl_lastempr, last_loan_date, create_date, update_date, type_antivol, transfert_location_origine, transfert_statut_origine, expl_comment, expl_nbparts, expl_retloc, expl_abt_num, transfert_section_origine, expl_ref_num, expl_pnb_flag) VALUES (88,'000054',73,0,1,'A DED',26,1,1,11,'0000-00-00','0000-00-00','','',2,0,NULL,'2012-10-24 16:08:33','2015-05-26 09:38:37',0,1,1,'',1,0,0,26,0,0);
INSERT INTO exemplaires (expl_id, expl_cb, expl_notice, expl_bulletin, expl_typdoc, expl_cote, expl_section, expl_statut, expl_location, expl_codestat, expl_date_depot, expl_date_retour, expl_note, expl_prix, expl_owner, expl_lastempr, last_loan_date, create_date, update_date, type_antivol, transfert_location_origine, transfert_statut_origine, expl_comment, expl_nbparts, expl_retloc, expl_abt_num, transfert_section_origine, expl_ref_num, expl_pnb_flag) VALUES (89,'000056',72,0,21,'780 J GRO',10,1,1,11,'0000-00-00','0000-00-00','','',2,0,NULL,'2012-10-24 16:10:14','2015-05-26 09:38:37',0,1,1,'',1,0,0,10,0,0);
INSERT INTO exemplaires (expl_id, expl_cb, expl_notice, expl_bulletin, expl_typdoc, expl_cote, expl_section, expl_statut, expl_location, expl_codestat, expl_date_depot, expl_date_retour, expl_note, expl_prix, expl_owner, expl_lastempr, last_loan_date, create_date, update_date, type_antivol, transfert_location_origine, transfert_statut_origine, expl_comment, expl_nbparts, expl_retloc, expl_abt_num, transfert_section_origine, expl_ref_num, expl_pnb_flag) VALUES (90,'000057',71,0,1,'960 DEP',10,1,1,12,'0000-00-00','0000-00-00','','',1,7,'2012-11-20','2012-10-24 16:11:51','2020-09-29 14:52:19',0,1,1,'',1,0,0,10,0,0);
INSERT INTO exemplaires (expl_id, expl_cb, expl_notice, expl_bulletin, expl_typdoc, expl_cote, expl_section, expl_statut, expl_location, expl_codestat, expl_date_depot, expl_date_retour, expl_note, expl_prix, expl_owner, expl_lastempr, last_loan_date, create_date, update_date, type_antivol, transfert_location_origine, transfert_statut_origine, expl_comment, expl_nbparts, expl_retloc, expl_abt_num, transfert_section_origine, expl_ref_num, expl_pnb_flag) VALUES (91,'000058',70,0,1,'960 ZAI',10,1,1,12,'0000-00-00','0000-00-00','','',1,0,NULL,'2012-10-24 16:13:32','2015-05-26 09:38:37',0,1,1,'',1,0,0,10,0,0);
INSERT INTO exemplaires (expl_id, expl_cb, expl_notice, expl_bulletin, expl_typdoc, expl_cote, expl_section, expl_statut, expl_location, expl_codestat, expl_date_depot, expl_date_retour, expl_note, expl_prix, expl_owner, expl_lastempr, last_loan_date, create_date, update_date, type_antivol, transfert_location_origine, transfert_statut_origine, expl_comment, expl_nbparts, expl_retloc, expl_abt_num, transfert_section_origine, expl_ref_num, expl_pnb_flag) VALUES (92,'000059',69,0,1,'C BAA',10,1,1,12,'0000-00-00','0000-00-00','','',2,0,NULL,'2012-10-24 16:14:22','2015-05-26 09:38:37',0,1,1,'',1,0,0,10,0,0);
INSERT INTO exemplaires (expl_id, expl_cb, expl_notice, expl_bulletin, expl_typdoc, expl_cote, expl_section, expl_statut, expl_location, expl_codestat, expl_date_depot, expl_date_retour, expl_note, expl_prix, expl_owner, expl_lastempr, last_loan_date, create_date, update_date, type_antivol, transfert_location_origine, transfert_statut_origine, expl_comment, expl_nbparts, expl_retloc, expl_abt_num, transfert_section_origine, expl_ref_num, expl_pnb_flag) VALUES (93,'000060',68,0,19,'RA BLI',24,1,1,12,'0000-00-00','0000-00-00','','',2,0,NULL,'2012-10-24 16:15:37','2015-05-26 09:38:37',0,1,1,'',1,0,0,24,0,0);
INSERT INTO exemplaires (expl_id, expl_cb, expl_notice, expl_bulletin, expl_typdoc, expl_cote, expl_section, expl_statut, expl_location, expl_codestat, expl_date_depot, expl_date_retour, expl_note, expl_prix, expl_owner, expl_lastempr, last_loan_date, create_date, update_date, type_antivol, transfert_location_origine, transfert_statut_origine, expl_comment, expl_nbparts, expl_retloc, expl_abt_num, transfert_section_origine, expl_ref_num, expl_pnb_flag) VALUES (94,'P000002',0,5,18,'PER GEO',31,1,1,12,'0000-00-00','0000-00-00','','',2,0,'2012-11-20','2012-10-24 17:27:03','2015-05-26 09:38:37',0,1,1,'',0,0,0,31,0,0);
INSERT INTO exemplaires (expl_id, expl_cb, expl_notice, expl_bulletin, expl_typdoc, expl_cote, expl_section, expl_statut, expl_location, expl_codestat, expl_date_depot, expl_date_retour, expl_note, expl_prix, expl_owner, expl_lastempr, last_loan_date, create_date, update_date, type_antivol, transfert_location_origine, transfert_statut_origine, expl_comment, expl_nbparts, expl_retloc, expl_abt_num, transfert_section_origine, expl_ref_num, expl_pnb_flag) VALUES (95,'P000003',0,4,18,'PER GEO',31,1,1,12,'0000-00-00','0000-00-00','','',2,0,NULL,'2012-10-24 17:27:22','2015-05-26 09:38:37',0,1,1,'',0,0,0,31,0,0);
INSERT INTO exemplaires (expl_id, expl_cb, expl_notice, expl_bulletin, expl_typdoc, expl_cote, expl_section, expl_statut, expl_location, expl_codestat, expl_date_depot, expl_date_retour, expl_note, expl_prix, expl_owner, expl_lastempr, last_loan_date, create_date, update_date, type_antivol, transfert_location_origine, transfert_statut_origine, expl_comment, expl_nbparts, expl_retloc, expl_abt_num, transfert_section_origine, expl_ref_num, expl_pnb_flag) VALUES (96,'P000004',0,9,18,'PER J GEO',31,1,1,11,'0000-00-00','0000-00-00','','',2,0,NULL,'2012-10-24 18:12:58','2015-05-26 09:38:37',0,1,1,'',0,0,0,31,0,0);
INSERT INTO exemplaires (expl_id, expl_cb, expl_notice, expl_bulletin, expl_typdoc, expl_cote, expl_section, expl_statut, expl_location, expl_codestat, expl_date_depot, expl_date_retour, expl_note, expl_prix, expl_owner, expl_lastempr, last_loan_date, create_date, update_date, type_antivol, transfert_location_origine, transfert_statut_origine, expl_comment, expl_nbparts, expl_retloc, expl_abt_num, transfert_section_origine, expl_ref_num, expl_pnb_flag) VALUES (97,'P000005',0,10,18,'PER J GEO',31,1,1,11,'0000-00-00','0000-00-00','','',2,0,NULL,'2012-10-24 18:14:42','2015-05-26 09:38:37',0,1,1,'',0,0,0,31,0,0);
INSERT INTO exemplaires (expl_id, expl_cb, expl_notice, expl_bulletin, expl_typdoc, expl_cote, expl_section, expl_statut, expl_location, expl_codestat, expl_date_depot, expl_date_retour, expl_note, expl_prix, expl_owner, expl_lastempr, last_loan_date, create_date, update_date, type_antivol, transfert_location_origine, transfert_statut_origine, expl_comment, expl_nbparts, expl_retloc, expl_abt_num, transfert_section_origine, expl_ref_num, expl_pnb_flag) VALUES (98,'P000006',0,11,18,'PER STU',31,1,1,12,'0000-00-00','0000-00-00','','',2,0,NULL,'2012-10-25 09:23:28','2015-05-26 09:38:37',0,1,1,'',0,0,0,31,0,0);

--
-- Table structure for table `exemplaires_temp`
--

CREATE TABLE exemplaires_temp (
  cb varchar(50) COLLATE utf8_unicode_ci NOT NULL DEFAULT '',
  sess varchar(12) COLLATE utf8_unicode_ci NOT NULL DEFAULT '',
  UNIQUE KEY cb (cb)
) ENGINE=MyISAM DEFAULT CHARSET=utf8 COLLATE=utf8_unicode_ci;

--
-- Dumping data for table `exemplaires_temp`
--

INSERT INTO exemplaires_temp (cb, sess) VALUES ('000061','4889751403');

--
-- Table structure for table `exercices`
--

CREATE TABLE exercices (
  id_exercice int(8) unsigned NOT NULL AUTO_INCREMENT,
  num_entite int(5) unsigned NOT NULL DEFAULT '0',
  libelle varchar(255) COLLATE utf8_unicode_ci NOT NULL DEFAULT '',
  date_debut date NOT NULL DEFAULT '2006-01-01',
  date_fin date NOT NULL DEFAULT '2006-01-01',
  statut int(3) unsigned NOT NULL DEFAULT '1',
  PRIMARY KEY (id_exercice)
) ENGINE=MyISAM DEFAULT CHARSET=utf8 COLLATE=utf8_unicode_ci;

--
-- Dumping data for table `exercices`
--


--
-- Table structure for table `expl_custom`
--

CREATE TABLE expl_custom (
  idchamp int(10) unsigned NOT NULL AUTO_INCREMENT,
  `name` varchar(255) COLLATE utf8_unicode_ci NOT NULL DEFAULT '',
  titre varchar(255) COLLATE utf8_unicode_ci DEFAULT NULL,
  `type` varchar(10) COLLATE utf8_unicode_ci NOT NULL DEFAULT 'text',
  datatype varchar(10) COLLATE utf8_unicode_ci NOT NULL DEFAULT '',
  `options` text COLLATE utf8_unicode_ci,
  multiple int(11) NOT NULL DEFAULT '0',
  obligatoire int(11) NOT NULL DEFAULT '0',
  ordre int(11) DEFAULT NULL,
  search int(1) unsigned NOT NULL DEFAULT '0',
  `export` int(1) unsigned NOT NULL DEFAULT '0',
  filters int(1) unsigned NOT NULL DEFAULT '0',
  exclusion_obligatoire int(1) unsigned NOT NULL DEFAULT '0',
  pond int(11) NOT NULL DEFAULT '100',
  opac_sort int(11) NOT NULL DEFAULT '0',
  `comment` blob NOT NULL,
  custom_classement varchar(255) COLLATE utf8_unicode_ci NOT NULL DEFAULT '',
  PRIMARY KEY (idchamp)
) ENGINE=MyISAM AUTO_INCREMENT=4 DEFAULT CHARSET=utf8 COLLATE=utf8_unicode_ci;

--
-- Dumping data for table `expl_custom`
--

INSERT INTO expl_custom (idchamp, name, titre, type, datatype, options, multiple, obligatoire, ordre, search, export, filters, exclusion_obligatoire, pond, opac_sort, comment, custom_classement) VALUES (1,'cp_date_acquisition','Date d\'acquisition','date_box','date','<OPTIONS FOR=\"date_box\"></OPTIONS> ',0,0,1,0,1,0,0,100,0,'','');
INSERT INTO expl_custom (idchamp, name, titre, type, datatype, options, multiple, obligatoire, ordre, search, export, filters, exclusion_obligatoire, pond, opac_sort, comment, custom_classement) VALUES (2,'cp_date_pilon','Date de pilon','date_box','date','<OPTIONS FOR=\"date_box\">\r\n <DEFAULT_TODAY>yes</DEFAULT_TODAY>\r\n</OPTIONS> ',0,0,2,0,1,0,0,100,0,'','');
INSERT INTO expl_custom (idchamp, name, titre, type, datatype, options, multiple, obligatoire, ordre, search, export, filters, exclusion_obligatoire, pond, opac_sort, comment, custom_classement) VALUES (3,'cp_origine','Origine','list','small_text','<OPTIONS FOR=\"list\">\r\n <MULTIPLE>no</MULTIPLE>\r\n <AUTORITE>no</AUTORITE>\r\n <CHECKBOX>no</CHECKBOX>\r\n <NUM_AUTO>no</NUM_AUTO>\r\n <UNSELECT_ITEM VALUE=\"\"><![CDATA[Choisissez une origine]]></UNSELECT_ITEM>\r\n <DEFAULT_VALUE></DEFAULT_VALUE>\r\n <CHECKBOX_NB_ON_LINE></CHECKBOX_NB_ON_LINE>\r\n</OPTIONS>',0,0,3,0,1,0,0,100,0,'','');

--
-- Table structure for table `expl_custom_dates`
--

CREATE TABLE expl_custom_dates (
  expl_custom_champ int(10) unsigned NOT NULL DEFAULT '0',
  expl_custom_origine int(10) unsigned NOT NULL DEFAULT '0',
  expl_custom_date_type int(11) DEFAULT NULL,
  expl_custom_date_start int(11) NOT NULL DEFAULT '0',
  expl_custom_date_end int(11) NOT NULL DEFAULT '0',
  expl_custom_order int(11) unsigned NOT NULL DEFAULT '0',
  PRIMARY KEY (expl_custom_champ,expl_custom_origine,expl_custom_order),
  KEY expl_custom_champ (expl_custom_champ),
  KEY expl_custom_origine (expl_custom_origine)
) ENGINE=MyISAM DEFAULT CHARSET=utf8 COLLATE=utf8_unicode_ci;

--
-- Dumping data for table `expl_custom_dates`
--


--
-- Table structure for table `expl_custom_lists`
--

CREATE TABLE expl_custom_lists (
  expl_custom_champ int(10) unsigned NOT NULL DEFAULT '0',
  expl_custom_list_value varchar(255) COLLATE utf8_unicode_ci DEFAULT NULL,
  expl_custom_list_lib varchar(255) COLLATE utf8_unicode_ci DEFAULT NULL,
  ordre int(11) DEFAULT NULL,
  KEY expl_custom_champ (expl_custom_champ),
  KEY i_excl_lv (expl_custom_list_value)
) ENGINE=MyISAM DEFAULT CHARSET=utf8 COLLATE=utf8_unicode_ci;

--
-- Dumping data for table `expl_custom_lists`
--

INSERT INTO expl_custom_lists (expl_custom_champ, expl_custom_list_value, expl_custom_list_lib, ordre) VALUES (3,'ACH','Achat',1);
INSERT INTO expl_custom_lists (expl_custom_champ, expl_custom_list_value, expl_custom_list_lib, ordre) VALUES (3,'DON','Don',2);
INSERT INTO expl_custom_lists (expl_custom_champ, expl_custom_list_value, expl_custom_list_lib, ordre) VALUES (3,'DEP','Dépôt',3);

--
-- Table structure for table `expl_custom_values`
--

CREATE TABLE expl_custom_values (
  expl_custom_champ int(10) unsigned NOT NULL DEFAULT '0',
  expl_custom_origine int(10) unsigned NOT NULL DEFAULT '0',
  expl_custom_small_text varchar(255) COLLATE utf8_unicode_ci DEFAULT NULL,
  expl_custom_text text COLLATE utf8_unicode_ci,
  expl_custom_integer int(11) DEFAULT NULL,
  expl_custom_date date DEFAULT NULL,
  expl_custom_float float DEFAULT NULL,
  expl_custom_order int(11) NOT NULL DEFAULT '0',
  KEY expl_custom_champ (expl_custom_champ),
  KEY expl_custom_origine (expl_custom_origine),
  KEY i_excv_st (expl_custom_small_text),
  KEY i_excv_t (expl_custom_text(255)),
  KEY i_excv_i (expl_custom_integer),
  KEY i_excv_d (expl_custom_date),
  KEY i_excv_f (expl_custom_float)
) ENGINE=MyISAM DEFAULT CHARSET=utf8 COLLATE=utf8_unicode_ci;

--
-- Dumping data for table `expl_custom_values`
--

INSERT INTO expl_custom_values (expl_custom_champ, expl_custom_origine, expl_custom_small_text, expl_custom_text, expl_custom_integer, expl_custom_date, expl_custom_float, expl_custom_order) VALUES (3,37,'ACH',NULL,NULL,NULL,NULL,0);
INSERT INTO expl_custom_values (expl_custom_champ, expl_custom_origine, expl_custom_small_text, expl_custom_text, expl_custom_integer, expl_custom_date, expl_custom_float, expl_custom_order) VALUES (1,37,NULL,NULL,NULL,'2012-10-24',NULL,0);
INSERT INTO expl_custom_values (expl_custom_champ, expl_custom_origine, expl_custom_small_text, expl_custom_text, expl_custom_integer, expl_custom_date, expl_custom_float, expl_custom_order) VALUES (1,41,NULL,NULL,NULL,'2012-10-24',NULL,0);
INSERT INTO expl_custom_values (expl_custom_champ, expl_custom_origine, expl_custom_small_text, expl_custom_text, expl_custom_integer, expl_custom_date, expl_custom_float, expl_custom_order) VALUES (3,38,'DEP',NULL,NULL,NULL,NULL,0);
INSERT INTO expl_custom_values (expl_custom_champ, expl_custom_origine, expl_custom_small_text, expl_custom_text, expl_custom_integer, expl_custom_date, expl_custom_float, expl_custom_order) VALUES (3,39,'ACH',NULL,NULL,NULL,NULL,0);
INSERT INTO expl_custom_values (expl_custom_champ, expl_custom_origine, expl_custom_small_text, expl_custom_text, expl_custom_integer, expl_custom_date, expl_custom_float, expl_custom_order) VALUES (1,39,NULL,NULL,NULL,'2012-10-24',NULL,0);
INSERT INTO expl_custom_values (expl_custom_champ, expl_custom_origine, expl_custom_small_text, expl_custom_text, expl_custom_integer, expl_custom_date, expl_custom_float, expl_custom_order) VALUES (3,40,'DEP',NULL,NULL,NULL,NULL,0);
INSERT INTO expl_custom_values (expl_custom_champ, expl_custom_origine, expl_custom_small_text, expl_custom_text, expl_custom_integer, expl_custom_date, expl_custom_float, expl_custom_order) VALUES (3,41,'ACH',NULL,NULL,NULL,NULL,0);
INSERT INTO expl_custom_values (expl_custom_champ, expl_custom_origine, expl_custom_small_text, expl_custom_text, expl_custom_integer, expl_custom_date, expl_custom_float, expl_custom_order) VALUES (1,42,NULL,NULL,NULL,'2012-10-24',NULL,0);
INSERT INTO expl_custom_values (expl_custom_champ, expl_custom_origine, expl_custom_small_text, expl_custom_text, expl_custom_integer, expl_custom_date, expl_custom_float, expl_custom_order) VALUES (3,42,'ACH',NULL,NULL,NULL,NULL,0);
INSERT INTO expl_custom_values (expl_custom_champ, expl_custom_origine, expl_custom_small_text, expl_custom_text, expl_custom_integer, expl_custom_date, expl_custom_float, expl_custom_order) VALUES (3,43,'DEP',NULL,NULL,NULL,NULL,0);
INSERT INTO expl_custom_values (expl_custom_champ, expl_custom_origine, expl_custom_small_text, expl_custom_text, expl_custom_integer, expl_custom_date, expl_custom_float, expl_custom_order) VALUES (1,44,NULL,NULL,NULL,'2012-10-24',NULL,0);
INSERT INTO expl_custom_values (expl_custom_champ, expl_custom_origine, expl_custom_small_text, expl_custom_text, expl_custom_integer, expl_custom_date, expl_custom_float, expl_custom_order) VALUES (3,44,'ACH',NULL,NULL,NULL,NULL,0);
INSERT INTO expl_custom_values (expl_custom_champ, expl_custom_origine, expl_custom_small_text, expl_custom_text, expl_custom_integer, expl_custom_date, expl_custom_float, expl_custom_order) VALUES (3,45,'DEP',NULL,NULL,NULL,NULL,0);
INSERT INTO expl_custom_values (expl_custom_champ, expl_custom_origine, expl_custom_small_text, expl_custom_text, expl_custom_integer, expl_custom_date, expl_custom_float, expl_custom_order) VALUES (1,46,NULL,NULL,NULL,'2012-10-24',NULL,0);
INSERT INTO expl_custom_values (expl_custom_champ, expl_custom_origine, expl_custom_small_text, expl_custom_text, expl_custom_integer, expl_custom_date, expl_custom_float, expl_custom_order) VALUES (3,46,'ACH',NULL,NULL,NULL,NULL,0);
INSERT INTO expl_custom_values (expl_custom_champ, expl_custom_origine, expl_custom_small_text, expl_custom_text, expl_custom_integer, expl_custom_date, expl_custom_float, expl_custom_order) VALUES (3,47,'ACH',NULL,NULL,NULL,NULL,0);
INSERT INTO expl_custom_values (expl_custom_champ, expl_custom_origine, expl_custom_small_text, expl_custom_text, expl_custom_integer, expl_custom_date, expl_custom_float, expl_custom_order) VALUES (1,47,NULL,NULL,NULL,'2012-10-24',NULL,0);
INSERT INTO expl_custom_values (expl_custom_champ, expl_custom_origine, expl_custom_small_text, expl_custom_text, expl_custom_integer, expl_custom_date, expl_custom_float, expl_custom_order) VALUES (3,48,'DEP',NULL,NULL,NULL,NULL,0);
INSERT INTO expl_custom_values (expl_custom_champ, expl_custom_origine, expl_custom_small_text, expl_custom_text, expl_custom_integer, expl_custom_date, expl_custom_float, expl_custom_order) VALUES (1,49,NULL,NULL,NULL,'2012-10-24',NULL,0);
INSERT INTO expl_custom_values (expl_custom_champ, expl_custom_origine, expl_custom_small_text, expl_custom_text, expl_custom_integer, expl_custom_date, expl_custom_float, expl_custom_order) VALUES (3,49,'ACH',NULL,NULL,NULL,NULL,0);
INSERT INTO expl_custom_values (expl_custom_champ, expl_custom_origine, expl_custom_small_text, expl_custom_text, expl_custom_integer, expl_custom_date, expl_custom_float, expl_custom_order) VALUES (1,50,NULL,NULL,NULL,'2012-10-24',NULL,0);
INSERT INTO expl_custom_values (expl_custom_champ, expl_custom_origine, expl_custom_small_text, expl_custom_text, expl_custom_integer, expl_custom_date, expl_custom_float, expl_custom_order) VALUES (3,50,'ACH',NULL,NULL,NULL,NULL,0);
INSERT INTO expl_custom_values (expl_custom_champ, expl_custom_origine, expl_custom_small_text, expl_custom_text, expl_custom_integer, expl_custom_date, expl_custom_float, expl_custom_order) VALUES (3,51,'DEP',NULL,NULL,NULL,NULL,0);
INSERT INTO expl_custom_values (expl_custom_champ, expl_custom_origine, expl_custom_small_text, expl_custom_text, expl_custom_integer, expl_custom_date, expl_custom_float, expl_custom_order) VALUES (1,52,NULL,NULL,NULL,'2012-10-24',NULL,0);
INSERT INTO expl_custom_values (expl_custom_champ, expl_custom_origine, expl_custom_small_text, expl_custom_text, expl_custom_integer, expl_custom_date, expl_custom_float, expl_custom_order) VALUES (1,53,NULL,NULL,NULL,'2012-10-24',NULL,0);
INSERT INTO expl_custom_values (expl_custom_champ, expl_custom_origine, expl_custom_small_text, expl_custom_text, expl_custom_integer, expl_custom_date, expl_custom_float, expl_custom_order) VALUES (3,53,'ACH',NULL,NULL,NULL,NULL,0);
INSERT INTO expl_custom_values (expl_custom_champ, expl_custom_origine, expl_custom_small_text, expl_custom_text, expl_custom_integer, expl_custom_date, expl_custom_float, expl_custom_order) VALUES (3,52,'DEP',NULL,NULL,NULL,NULL,0);
INSERT INTO expl_custom_values (expl_custom_champ, expl_custom_origine, expl_custom_small_text, expl_custom_text, expl_custom_integer, expl_custom_date, expl_custom_float, expl_custom_order) VALUES (1,54,NULL,NULL,NULL,'2012-10-24',NULL,0);
INSERT INTO expl_custom_values (expl_custom_champ, expl_custom_origine, expl_custom_small_text, expl_custom_text, expl_custom_integer, expl_custom_date, expl_custom_float, expl_custom_order) VALUES (3,54,'ACH',NULL,NULL,NULL,NULL,0);
INSERT INTO expl_custom_values (expl_custom_champ, expl_custom_origine, expl_custom_small_text, expl_custom_text, expl_custom_integer, expl_custom_date, expl_custom_float, expl_custom_order) VALUES (1,55,NULL,NULL,NULL,'2012-10-24',NULL,0);
INSERT INTO expl_custom_values (expl_custom_champ, expl_custom_origine, expl_custom_small_text, expl_custom_text, expl_custom_integer, expl_custom_date, expl_custom_float, expl_custom_order) VALUES (3,55,'ACH',NULL,NULL,NULL,NULL,0);
INSERT INTO expl_custom_values (expl_custom_champ, expl_custom_origine, expl_custom_small_text, expl_custom_text, expl_custom_integer, expl_custom_date, expl_custom_float, expl_custom_order) VALUES (1,56,NULL,NULL,NULL,'2012-10-24',NULL,0);
INSERT INTO expl_custom_values (expl_custom_champ, expl_custom_origine, expl_custom_small_text, expl_custom_text, expl_custom_integer, expl_custom_date, expl_custom_float, expl_custom_order) VALUES (3,57,'DEP',NULL,NULL,NULL,NULL,0);
INSERT INTO expl_custom_values (expl_custom_champ, expl_custom_origine, expl_custom_small_text, expl_custom_text, expl_custom_integer, expl_custom_date, expl_custom_float, expl_custom_order) VALUES (3,56,'DEP',NULL,NULL,NULL,NULL,0);
INSERT INTO expl_custom_values (expl_custom_champ, expl_custom_origine, expl_custom_small_text, expl_custom_text, expl_custom_integer, expl_custom_date, expl_custom_float, expl_custom_order) VALUES (1,58,NULL,NULL,NULL,'2012-10-24',NULL,0);
INSERT INTO expl_custom_values (expl_custom_champ, expl_custom_origine, expl_custom_small_text, expl_custom_text, expl_custom_integer, expl_custom_date, expl_custom_float, expl_custom_order) VALUES (3,59,'DEP',NULL,NULL,NULL,NULL,0);
INSERT INTO expl_custom_values (expl_custom_champ, expl_custom_origine, expl_custom_small_text, expl_custom_text, expl_custom_integer, expl_custom_date, expl_custom_float, expl_custom_order) VALUES (3,58,'DEP',NULL,NULL,NULL,NULL,0);
INSERT INTO expl_custom_values (expl_custom_champ, expl_custom_origine, expl_custom_small_text, expl_custom_text, expl_custom_integer, expl_custom_date, expl_custom_float, expl_custom_order) VALUES (1,60,NULL,NULL,NULL,'2012-10-24',NULL,0);
INSERT INTO expl_custom_values (expl_custom_champ, expl_custom_origine, expl_custom_small_text, expl_custom_text, expl_custom_integer, expl_custom_date, expl_custom_float, expl_custom_order) VALUES (3,60,'ACH',NULL,NULL,NULL,NULL,0);
INSERT INTO expl_custom_values (expl_custom_champ, expl_custom_origine, expl_custom_small_text, expl_custom_text, expl_custom_integer, expl_custom_date, expl_custom_float, expl_custom_order) VALUES (1,61,NULL,NULL,NULL,'2012-10-24',NULL,0);
INSERT INTO expl_custom_values (expl_custom_champ, expl_custom_origine, expl_custom_small_text, expl_custom_text, expl_custom_integer, expl_custom_date, expl_custom_float, expl_custom_order) VALUES (3,61,'ACH',NULL,NULL,NULL,NULL,0);
INSERT INTO expl_custom_values (expl_custom_champ, expl_custom_origine, expl_custom_small_text, expl_custom_text, expl_custom_integer, expl_custom_date, expl_custom_float, expl_custom_order) VALUES (1,62,NULL,NULL,NULL,'2012-10-24',NULL,0);
INSERT INTO expl_custom_values (expl_custom_champ, expl_custom_origine, expl_custom_small_text, expl_custom_text, expl_custom_integer, expl_custom_date, expl_custom_float, expl_custom_order) VALUES (3,62,'ACH',NULL,NULL,NULL,NULL,0);
INSERT INTO expl_custom_values (expl_custom_champ, expl_custom_origine, expl_custom_small_text, expl_custom_text, expl_custom_integer, expl_custom_date, expl_custom_float, expl_custom_order) VALUES (1,63,NULL,NULL,NULL,'2012-10-24',NULL,0);
INSERT INTO expl_custom_values (expl_custom_champ, expl_custom_origine, expl_custom_small_text, expl_custom_text, expl_custom_integer, expl_custom_date, expl_custom_float, expl_custom_order) VALUES (3,63,'ACH',NULL,NULL,NULL,NULL,0);
INSERT INTO expl_custom_values (expl_custom_champ, expl_custom_origine, expl_custom_small_text, expl_custom_text, expl_custom_integer, expl_custom_date, expl_custom_float, expl_custom_order) VALUES (1,64,NULL,NULL,NULL,'2012-10-24',NULL,0);
INSERT INTO expl_custom_values (expl_custom_champ, expl_custom_origine, expl_custom_small_text, expl_custom_text, expl_custom_integer, expl_custom_date, expl_custom_float, expl_custom_order) VALUES (3,64,'ACH',NULL,NULL,NULL,NULL,0);
INSERT INTO expl_custom_values (expl_custom_champ, expl_custom_origine, expl_custom_small_text, expl_custom_text, expl_custom_integer, expl_custom_date, expl_custom_float, expl_custom_order) VALUES (3,65,'DEP',NULL,NULL,NULL,NULL,0);
INSERT INTO expl_custom_values (expl_custom_champ, expl_custom_origine, expl_custom_small_text, expl_custom_text, expl_custom_integer, expl_custom_date, expl_custom_float, expl_custom_order) VALUES (1,66,NULL,NULL,NULL,'2012-10-24',NULL,0);
INSERT INTO expl_custom_values (expl_custom_champ, expl_custom_origine, expl_custom_small_text, expl_custom_text, expl_custom_integer, expl_custom_date, expl_custom_float, expl_custom_order) VALUES (3,66,'ACH',NULL,NULL,NULL,NULL,0);
INSERT INTO expl_custom_values (expl_custom_champ, expl_custom_origine, expl_custom_small_text, expl_custom_text, expl_custom_integer, expl_custom_date, expl_custom_float, expl_custom_order) VALUES (1,67,NULL,NULL,NULL,'2012-10-24',NULL,0);
INSERT INTO expl_custom_values (expl_custom_champ, expl_custom_origine, expl_custom_small_text, expl_custom_text, expl_custom_integer, expl_custom_date, expl_custom_float, expl_custom_order) VALUES (3,67,'ACH',NULL,NULL,NULL,NULL,0);
INSERT INTO expl_custom_values (expl_custom_champ, expl_custom_origine, expl_custom_small_text, expl_custom_text, expl_custom_integer, expl_custom_date, expl_custom_float, expl_custom_order) VALUES (1,68,NULL,NULL,NULL,'2012-10-24',NULL,0);
INSERT INTO expl_custom_values (expl_custom_champ, expl_custom_origine, expl_custom_small_text, expl_custom_text, expl_custom_integer, expl_custom_date, expl_custom_float, expl_custom_order) VALUES (3,68,'ACH',NULL,NULL,NULL,NULL,0);
INSERT INTO expl_custom_values (expl_custom_champ, expl_custom_origine, expl_custom_small_text, expl_custom_text, expl_custom_integer, expl_custom_date, expl_custom_float, expl_custom_order) VALUES (3,69,'DEP',NULL,NULL,NULL,NULL,0);
INSERT INTO expl_custom_values (expl_custom_champ, expl_custom_origine, expl_custom_small_text, expl_custom_text, expl_custom_integer, expl_custom_date, expl_custom_float, expl_custom_order) VALUES (1,70,NULL,NULL,NULL,'2012-10-24',NULL,0);
INSERT INTO expl_custom_values (expl_custom_champ, expl_custom_origine, expl_custom_small_text, expl_custom_text, expl_custom_integer, expl_custom_date, expl_custom_float, expl_custom_order) VALUES (3,70,'ACH',NULL,NULL,NULL,NULL,0);
INSERT INTO expl_custom_values (expl_custom_champ, expl_custom_origine, expl_custom_small_text, expl_custom_text, expl_custom_integer, expl_custom_date, expl_custom_float, expl_custom_order) VALUES (1,71,NULL,NULL,NULL,'2012-10-24',NULL,0);
INSERT INTO expl_custom_values (expl_custom_champ, expl_custom_origine, expl_custom_small_text, expl_custom_text, expl_custom_integer, expl_custom_date, expl_custom_float, expl_custom_order) VALUES (3,71,'ACH',NULL,NULL,NULL,NULL,0);
INSERT INTO expl_custom_values (expl_custom_champ, expl_custom_origine, expl_custom_small_text, expl_custom_text, expl_custom_integer, expl_custom_date, expl_custom_float, expl_custom_order) VALUES (1,72,NULL,NULL,NULL,'2012-10-24',NULL,0);
INSERT INTO expl_custom_values (expl_custom_champ, expl_custom_origine, expl_custom_small_text, expl_custom_text, expl_custom_integer, expl_custom_date, expl_custom_float, expl_custom_order) VALUES (3,72,'ACH',NULL,NULL,NULL,NULL,0);
INSERT INTO expl_custom_values (expl_custom_champ, expl_custom_origine, expl_custom_small_text, expl_custom_text, expl_custom_integer, expl_custom_date, expl_custom_float, expl_custom_order) VALUES (1,73,NULL,NULL,NULL,'2012-10-24',NULL,0);
INSERT INTO expl_custom_values (expl_custom_champ, expl_custom_origine, expl_custom_small_text, expl_custom_text, expl_custom_integer, expl_custom_date, expl_custom_float, expl_custom_order) VALUES (3,73,'ACH',NULL,NULL,NULL,NULL,0);
INSERT INTO expl_custom_values (expl_custom_champ, expl_custom_origine, expl_custom_small_text, expl_custom_text, expl_custom_integer, expl_custom_date, expl_custom_float, expl_custom_order) VALUES (1,74,NULL,NULL,NULL,'2012-10-24',NULL,0);
INSERT INTO expl_custom_values (expl_custom_champ, expl_custom_origine, expl_custom_small_text, expl_custom_text, expl_custom_integer, expl_custom_date, expl_custom_float, expl_custom_order) VALUES (3,74,'ACH',NULL,NULL,NULL,NULL,0);
INSERT INTO expl_custom_values (expl_custom_champ, expl_custom_origine, expl_custom_small_text, expl_custom_text, expl_custom_integer, expl_custom_date, expl_custom_float, expl_custom_order) VALUES (3,75,'DEP',NULL,NULL,NULL,NULL,0);
INSERT INTO expl_custom_values (expl_custom_champ, expl_custom_origine, expl_custom_small_text, expl_custom_text, expl_custom_integer, expl_custom_date, expl_custom_float, expl_custom_order) VALUES (1,76,NULL,NULL,NULL,'2012-10-24',NULL,0);
INSERT INTO expl_custom_values (expl_custom_champ, expl_custom_origine, expl_custom_small_text, expl_custom_text, expl_custom_integer, expl_custom_date, expl_custom_float, expl_custom_order) VALUES (3,76,'ACH',NULL,NULL,NULL,NULL,0);
INSERT INTO expl_custom_values (expl_custom_champ, expl_custom_origine, expl_custom_small_text, expl_custom_text, expl_custom_integer, expl_custom_date, expl_custom_float, expl_custom_order) VALUES (1,77,NULL,NULL,NULL,'2012-10-24',NULL,0);
INSERT INTO expl_custom_values (expl_custom_champ, expl_custom_origine, expl_custom_small_text, expl_custom_text, expl_custom_integer, expl_custom_date, expl_custom_float, expl_custom_order) VALUES (3,77,'ACH',NULL,NULL,NULL,NULL,0);
INSERT INTO expl_custom_values (expl_custom_champ, expl_custom_origine, expl_custom_small_text, expl_custom_text, expl_custom_integer, expl_custom_date, expl_custom_float, expl_custom_order) VALUES (3,78,'DEP',NULL,NULL,NULL,NULL,0);
INSERT INTO expl_custom_values (expl_custom_champ, expl_custom_origine, expl_custom_small_text, expl_custom_text, expl_custom_integer, expl_custom_date, expl_custom_float, expl_custom_order) VALUES (1,79,NULL,NULL,NULL,'2012-10-24',NULL,0);
INSERT INTO expl_custom_values (expl_custom_champ, expl_custom_origine, expl_custom_small_text, expl_custom_text, expl_custom_integer, expl_custom_date, expl_custom_float, expl_custom_order) VALUES (3,79,'ACH',NULL,NULL,NULL,NULL,0);
INSERT INTO expl_custom_values (expl_custom_champ, expl_custom_origine, expl_custom_small_text, expl_custom_text, expl_custom_integer, expl_custom_date, expl_custom_float, expl_custom_order) VALUES (1,80,NULL,NULL,NULL,'2012-10-24',NULL,0);
INSERT INTO expl_custom_values (expl_custom_champ, expl_custom_origine, expl_custom_small_text, expl_custom_text, expl_custom_integer, expl_custom_date, expl_custom_float, expl_custom_order) VALUES (3,80,'ACH',NULL,NULL,NULL,NULL,0);
INSERT INTO expl_custom_values (expl_custom_champ, expl_custom_origine, expl_custom_small_text, expl_custom_text, expl_custom_integer, expl_custom_date, expl_custom_float, expl_custom_order) VALUES (1,81,NULL,NULL,NULL,'2012-10-24',NULL,0);
INSERT INTO expl_custom_values (expl_custom_champ, expl_custom_origine, expl_custom_small_text, expl_custom_text, expl_custom_integer, expl_custom_date, expl_custom_float, expl_custom_order) VALUES (3,81,'ACH',NULL,NULL,NULL,NULL,0);
INSERT INTO expl_custom_values (expl_custom_champ, expl_custom_origine, expl_custom_small_text, expl_custom_text, expl_custom_integer, expl_custom_date, expl_custom_float, expl_custom_order) VALUES (3,82,'DEP',NULL,NULL,NULL,NULL,0);
INSERT INTO expl_custom_values (expl_custom_champ, expl_custom_origine, expl_custom_small_text, expl_custom_text, expl_custom_integer, expl_custom_date, expl_custom_float, expl_custom_order) VALUES (1,83,NULL,NULL,NULL,'2012-10-24',NULL,0);
INSERT INTO expl_custom_values (expl_custom_champ, expl_custom_origine, expl_custom_small_text, expl_custom_text, expl_custom_integer, expl_custom_date, expl_custom_float, expl_custom_order) VALUES (3,83,'ACH',NULL,NULL,NULL,NULL,0);
INSERT INTO expl_custom_values (expl_custom_champ, expl_custom_origine, expl_custom_small_text, expl_custom_text, expl_custom_integer, expl_custom_date, expl_custom_float, expl_custom_order) VALUES (1,84,NULL,NULL,NULL,'2012-10-24',NULL,0);
INSERT INTO expl_custom_values (expl_custom_champ, expl_custom_origine, expl_custom_small_text, expl_custom_text, expl_custom_integer, expl_custom_date, expl_custom_float, expl_custom_order) VALUES (3,84,'ACH',NULL,NULL,NULL,NULL,0);
INSERT INTO expl_custom_values (expl_custom_champ, expl_custom_origine, expl_custom_small_text, expl_custom_text, expl_custom_integer, expl_custom_date, expl_custom_float, expl_custom_order) VALUES (1,85,NULL,NULL,NULL,'2012-10-24',NULL,0);
INSERT INTO expl_custom_values (expl_custom_champ, expl_custom_origine, expl_custom_small_text, expl_custom_text, expl_custom_integer, expl_custom_date, expl_custom_float, expl_custom_order) VALUES (3,85,'ACH',NULL,NULL,NULL,NULL,0);
INSERT INTO expl_custom_values (expl_custom_champ, expl_custom_origine, expl_custom_small_text, expl_custom_text, expl_custom_integer, expl_custom_date, expl_custom_float, expl_custom_order) VALUES (1,86,NULL,NULL,NULL,'2012-10-24',NULL,0);
INSERT INTO expl_custom_values (expl_custom_champ, expl_custom_origine, expl_custom_small_text, expl_custom_text, expl_custom_integer, expl_custom_date, expl_custom_float, expl_custom_order) VALUES (3,86,'ACH',NULL,NULL,NULL,NULL,0);
INSERT INTO expl_custom_values (expl_custom_champ, expl_custom_origine, expl_custom_small_text, expl_custom_text, expl_custom_integer, expl_custom_date, expl_custom_float, expl_custom_order) VALUES (3,87,'DEP',NULL,NULL,NULL,NULL,0);
INSERT INTO expl_custom_values (expl_custom_champ, expl_custom_origine, expl_custom_small_text, expl_custom_text, expl_custom_integer, expl_custom_date, expl_custom_float, expl_custom_order) VALUES (1,88,NULL,NULL,NULL,'2012-10-24',NULL,0);
INSERT INTO expl_custom_values (expl_custom_champ, expl_custom_origine, expl_custom_small_text, expl_custom_text, expl_custom_integer, expl_custom_date, expl_custom_float, expl_custom_order) VALUES (3,88,'ACH',NULL,NULL,NULL,NULL,0);
INSERT INTO expl_custom_values (expl_custom_champ, expl_custom_origine, expl_custom_small_text, expl_custom_text, expl_custom_integer, expl_custom_date, expl_custom_float, expl_custom_order) VALUES (1,89,NULL,NULL,NULL,'2012-10-24',NULL,0);
INSERT INTO expl_custom_values (expl_custom_champ, expl_custom_origine, expl_custom_small_text, expl_custom_text, expl_custom_integer, expl_custom_date, expl_custom_float, expl_custom_order) VALUES (3,89,'ACH',NULL,NULL,NULL,NULL,0);
INSERT INTO expl_custom_values (expl_custom_champ, expl_custom_origine, expl_custom_small_text, expl_custom_text, expl_custom_integer, expl_custom_date, expl_custom_float, expl_custom_order) VALUES (3,90,'DEP',NULL,NULL,NULL,NULL,0);
INSERT INTO expl_custom_values (expl_custom_champ, expl_custom_origine, expl_custom_small_text, expl_custom_text, expl_custom_integer, expl_custom_date, expl_custom_float, expl_custom_order) VALUES (1,91,NULL,NULL,NULL,'2012-10-24',NULL,0);
INSERT INTO expl_custom_values (expl_custom_champ, expl_custom_origine, expl_custom_small_text, expl_custom_text, expl_custom_integer, expl_custom_date, expl_custom_float, expl_custom_order) VALUES (3,91,'DEP',NULL,NULL,NULL,NULL,0);
INSERT INTO expl_custom_values (expl_custom_champ, expl_custom_origine, expl_custom_small_text, expl_custom_text, expl_custom_integer, expl_custom_date, expl_custom_float, expl_custom_order) VALUES (1,92,NULL,NULL,NULL,'2012-10-24',NULL,0);
INSERT INTO expl_custom_values (expl_custom_champ, expl_custom_origine, expl_custom_small_text, expl_custom_text, expl_custom_integer, expl_custom_date, expl_custom_float, expl_custom_order) VALUES (3,92,'ACH',NULL,NULL,NULL,NULL,0);
INSERT INTO expl_custom_values (expl_custom_champ, expl_custom_origine, expl_custom_small_text, expl_custom_text, expl_custom_integer, expl_custom_date, expl_custom_float, expl_custom_order) VALUES (1,93,NULL,NULL,NULL,'2012-10-24',NULL,0);
INSERT INTO expl_custom_values (expl_custom_champ, expl_custom_origine, expl_custom_small_text, expl_custom_text, expl_custom_integer, expl_custom_date, expl_custom_float, expl_custom_order) VALUES (3,93,'ACH',NULL,NULL,NULL,NULL,0);
INSERT INTO expl_custom_values (expl_custom_champ, expl_custom_origine, expl_custom_small_text, expl_custom_text, expl_custom_integer, expl_custom_date, expl_custom_float, expl_custom_order) VALUES (3,94,'ACH',NULL,NULL,NULL,NULL,0);
INSERT INTO expl_custom_values (expl_custom_champ, expl_custom_origine, expl_custom_small_text, expl_custom_text, expl_custom_integer, expl_custom_date, expl_custom_float, expl_custom_order) VALUES (1,94,NULL,NULL,NULL,'2012-10-24',NULL,0);
INSERT INTO expl_custom_values (expl_custom_champ, expl_custom_origine, expl_custom_small_text, expl_custom_text, expl_custom_integer, expl_custom_date, expl_custom_float, expl_custom_order) VALUES (1,95,NULL,NULL,NULL,'2012-10-24',NULL,0);
INSERT INTO expl_custom_values (expl_custom_champ, expl_custom_origine, expl_custom_small_text, expl_custom_text, expl_custom_integer, expl_custom_date, expl_custom_float, expl_custom_order) VALUES (3,95,'ACH',NULL,NULL,NULL,NULL,0);
INSERT INTO expl_custom_values (expl_custom_champ, expl_custom_origine, expl_custom_small_text, expl_custom_text, expl_custom_integer, expl_custom_date, expl_custom_float, expl_custom_order) VALUES (1,96,NULL,NULL,NULL,'2012-10-24',NULL,0);
INSERT INTO expl_custom_values (expl_custom_champ, expl_custom_origine, expl_custom_small_text, expl_custom_text, expl_custom_integer, expl_custom_date, expl_custom_float, expl_custom_order) VALUES (3,96,'ACH',NULL,NULL,NULL,NULL,0);
INSERT INTO expl_custom_values (expl_custom_champ, expl_custom_origine, expl_custom_small_text, expl_custom_text, expl_custom_integer, expl_custom_date, expl_custom_float, expl_custom_order) VALUES (1,97,NULL,NULL,NULL,'2012-10-24',NULL,0);
INSERT INTO expl_custom_values (expl_custom_champ, expl_custom_origine, expl_custom_small_text, expl_custom_text, expl_custom_integer, expl_custom_date, expl_custom_float, expl_custom_order) VALUES (3,97,'ACH',NULL,NULL,NULL,NULL,0);
INSERT INTO expl_custom_values (expl_custom_champ, expl_custom_origine, expl_custom_small_text, expl_custom_text, expl_custom_integer, expl_custom_date, expl_custom_float, expl_custom_order) VALUES (1,98,NULL,NULL,NULL,'2012-10-25',NULL,0);
INSERT INTO expl_custom_values (expl_custom_champ, expl_custom_origine, expl_custom_small_text, expl_custom_text, expl_custom_integer, expl_custom_date, expl_custom_float, expl_custom_order) VALUES (3,98,'ACH',NULL,NULL,NULL,NULL,0);

--
-- Table structure for table `explnum`
--

CREATE TABLE explnum (
  explnum_id int(11) unsigned NOT NULL AUTO_INCREMENT,
  explnum_notice mediumint(8) unsigned NOT NULL DEFAULT '0',
  explnum_bulletin int(8) unsigned NOT NULL DEFAULT '0',
  explnum_nom varchar(255) COLLATE utf8_unicode_ci NOT NULL DEFAULT '',
  explnum_mimetype varchar(255) COLLATE utf8_unicode_ci NOT NULL DEFAULT '',
  explnum_url text COLLATE utf8_unicode_ci NOT NULL,
  explnum_data mediumblob,
  explnum_vignette mediumblob,
  explnum_extfichier varchar(20) COLLATE utf8_unicode_ci DEFAULT '',
  explnum_nomfichier text COLLATE utf8_unicode_ci,
  explnum_statut int(5) unsigned NOT NULL DEFAULT '0',
  explnum_index_sew mediumtext COLLATE utf8_unicode_ci NOT NULL,
  explnum_index_wew mediumtext COLLATE utf8_unicode_ci NOT NULL,
  explnum_repertoire int(8) NOT NULL DEFAULT '0',
  explnum_path text COLLATE utf8_unicode_ci NOT NULL,
  explnum_docnum_statut smallint(5) unsigned NOT NULL DEFAULT '1',
  explnum_signature varchar(255) COLLATE utf8_unicode_ci NOT NULL DEFAULT '',
  explnum_create_date datetime NOT NULL DEFAULT '0000-00-00 00:00:00',
  explnum_update_date datetime NOT NULL DEFAULT '0000-00-00 00:00:00',
  explnum_file_size int(11) NOT NULL DEFAULT '0',
  PRIMARY KEY (explnum_id),
  KEY explnum_notice (explnum_notice),
  KEY explnum_bulletin (explnum_bulletin),
  KEY explnum_repertoire (explnum_repertoire),
  KEY i_explnum_nomfichier (explnum_nomfichier(30)),
  KEY i_e_explnum_signature (explnum_signature),
  FULLTEXT KEY i_f_explnumwew (explnum_index_wew)
) ENGINE=MyISAM AUTO_INCREMENT=16 DEFAULT CHARSET=utf8 COLLATE=utf8_unicode_ci;

--
-- Dumping data for table `explnum`
--

INSERT INTO explnum (explnum_id, explnum_notice, explnum_bulletin, explnum_nom, explnum_mimetype, explnum_url, explnum_data, explnum_vignette, explnum_extfichier, explnum_nomfichier, explnum_statut, explnum_index_sew, explnum_index_wew, explnum_repertoire, explnum_path, explnum_docnum_statut, explnum_signature, explnum_create_date, explnum_update_date, explnum_file_size) VALUES (4,125,0,'Lire l\'article en ligne','URL','http://bbf.enssib.fr/consulter/bbf-2010-06-0041-010','','','','',0,' http 1 1 200 okdate tue 29 sep 2020 14 49 20 gmtserver apache 2 4 10 debian x drupal cache hitcontent language frx frame options sameoriginx generator drupal 7 http drupal org cache control public max age 0expires sun 19 nov 1978 05 00 00 gmtvary cookie accept encodingx content type options nosniffetag 1601387285 0 last modified mon 26 sep 2016 00 00 00 gmtcontent type text html charset utf 8transfer encoding chunked bibliothecaire soi meme bulletin bibliotheques france fil 039 actufocustours 039 horizoncritiquescontributionsdossiers retour sommaire bibliothecaire soi meme jacques bonnetxjacques bonnetediteur traducteur jacques bonnet publie nombreux ouvrages comme lorenzo lotto adam biro 1997 enseigne amitie liana levi 2003 plus recemment bibliotheques pleines fantomes denoel 2008 quelques historiettes ou petit eloge anecdotes litterature denoel 2010 pourtant je sais que livres sont faits pour unir hommes par dela mort nous defendre contre ennemi plus implacable toute vie oubli stefan zweig bouquiniste mendel il me faut emblee avouer incongruite ma presence dans ces pages premiere vue il ne peut s agir que confusion rien dans ma modeste bibliographie ni dans maintenant lointaine carriere editeur ne justifie cette invitation disserter sur bibliotheque vue par ses usagers exception toutefois publication il y deux ans cela petit ouvrage imprudemment intitule bibliotheques pleines fantomes 1 sans doute enchainement equivoques ambiguite terme bibliotheque qui couvre tant realites differentes emploi mot fantome emprunte vocabulaire technique bibliotheques publiques se sont peut etre rajoutes effets pernicieux desormais celebre neanmoins improbable principe stumm 2 ma presence dans cette livraison bbf n est elle due qu erreur commise sur ce qui etait fait hommage bibliotheques privees ou bien bibliothecaire qui aurait lu outrepassant ainsi limites fixees par principe question il agi toute connaissance cause seconde vue inviter apologiste bibliotheque personnelle dans allees solennelles bibliotheques institutionnelles est moins deplace qu il n y parait bibliotheques publiques n ont elles pas bien souvent pour origine collections privees celle charles v pour ne prendre qu exemple s etant par suite enrichies autres bibliotheques particulieres celle richelieu ou collection manuscrits colbert elles peuvent aussi etre nees ambition personnelle leur concepteur comme ptolemee ier alexandrie aby warburg ou jacques doucet ces bibliotheques ne se sont ouvertes qu il y deux siecles parallele avec musees public non plus choisi mais anonyme s ensuivirent multiples institutions creees ex nihilo xixe xxe siecles accompagnement democratisation enseignement acces culture dans chasse croise interessant certains ayant originellement profite ces bibliotheques publiques se sont par suite efforces reconstituer domicile comme si avoir tous livres disposition dans lieu determine n etait pas suffisant comme s il fallait vivre parmi eux defaut pouvoir s installer dans bibliotheque universelle il faut organiser chez soi borges inverse est passe bibliotheque paternelle celle nationale buenos aires concepts bibliotheques publiques privees sont fait moins opposes que complementaires autant que deux sortes bibliotheque sont incontournables qui vit livres ayant grandi dans bibliotheque familiale besoin se fait sentir aller voir ailleurs afin repousser limites determiner son propre champ etre ne dans famille sans livres puis s etre converti amene forcement frequenter institutions acces public avant que par operation mysterieuse ces lectures n aboutissent besoin posseder certains notons difference essentielle avec musees dont visite ne peut aboutir si on exclut vol qu achat reproductions ou envie acquerir autres oeuvres que celles vues quelques images lointaines bibliotheques pour ma part limbes ma memoire livresque remontent quelques images lointaines flottantes bibliotheques scolaires ou municipales puis universitaires plus precises car plus marquantes bibliotheque mejanes lorsqu elle se trouvait encore dans batiments hotel ville aix provence collection etait grande richesse personnel municipal extreme bizarrerie on y placait ceux dont on ne savait que faire ailleurs puis bibliotheque nationale rue richelieu mois bonheur y travailler dans annees soixante dix cette decision revelatrice certaine epoque confronte probleme encombrement photocopieuses on n augmenta pas nombre mais on quadrupla tarif photocopie jour lendemain ensuite bibliotheques universitaires americaines horaires nocturnes surprenants pour francais meme que libre acces rayons livres qui fera par suite succes bibliotheque publique information aussi etat esprit different il suffisait meme etranger passage se presenter pour y etre admis plus tard bibliotheque doucet autre sorte paradis mais horaires incompatibles avec etat salarie maniere generale on n imagine pas france que on puisse se livrer recherches si on n pas statut chercheur reconstituer chez soi bibliotheque publiquele vrai mystere est donc passage bibliotheque publique sa propre collection pourquoi envie acquerir garder certains livres disponibles ailleurs j exclus comme n etant pas mon sujet bibliophilie ou collectionnite particuliere pour lesquelles objet livre emporte jusqu annuler sur sa lecture dans ce domaine mysterieux comme tout ce qui releve desir walter benjamin parle justement relation fort enigmatique envers possession 3 ce qui me concerne plus reconstitution son usage propre sorte bibliotheque publique lorsque volumes rassembles chez soi se comptent par dizaines milliers il n est plus seulement question posseder livres que on prefere dessein inconscient est autre il s agit certaine maniere reconstituer bibliotheques globales que on frequentees par force choses moins avoir moyens etre assiste se transformer bibliothecaire soi meme se posent dans ce cas certain nombre problemes partages avec responsables bibliotheques institutionnelles ainsi rangement comment eviter enfilades rayonnages classement qui usage strictement personnel sera forcement mixte organisation choix plus subjectifs benjamin evoque tension dialectique entre poles ordre desordre mais aucune necessite obeir principes etablis par melvil dewey qu est il eventuelle bibliotheque personnelle bibliothecaire profession continue il employer chez lui methode qui regit sa journee travail ou contraire compense il par liberte classificatoire inspiree cela meriterait etude bibliothecaire public pour mission pouvoir changer affectation ou disparaitre brutalement sans que activite condition que regles deweyennes aient ete strictement observees ne soit rien perturbee ou interrompue je renvoie pour liste classements personnels possibles petit ouvrage ci dessus evoque mais repete qu il s agit presque toujours methodes hybrides comportant nombre plus ou moins grand exceptions totalement livre sa propre subjectivite dependant espace non specifiquement prevu cet effet bibliothecaire prive pour seul souci s y retrouver ou s y perdre si c est dans sa nature peut faire fi toute autre rationalite que sienne avant ranger classer tout bibliothecaire qu il soit public ou prive pratique politique acquisition dans tous cas celle ci depend budget disponible mission bibliotheque publique question ou inclinations centres interet bibliomane mais il n y suffit pas lorsque on s est laisse envahir par quarantaine milliers ouvrages il s agit autre chose que ses propres gouts ses envies lire ou relire jour 40 000 ouvrages accumules quarantaine annees representent millier lectures par an ce qui est humainement possible mais condition faire son activite exclusive masse acquisitions depasse donc ineluctablement capacite physique lecteur meme frenetique il peut par contre prendre connaissance ailleurs interlocuteur general von stumm precise que secret tout bon bibliothecaire est ne jamais lire toute litterature qui lui est confiee que titres table matieres 4 ajoutons qu bon feuilletage est utile qualite necessaire tri effectuer cote livres lire dans immediat autre ceux ranger vue eventuelle consultation future curieusement nombre ces livres negliges sur moment trouvent leur raison etre avec temps qui passe acquisitions insolitesinterviennent donc gouts centres interets bibliomane mais maniere parfois insolite ainsi il m arrive continuer acquerir ouvrages lies domaine m ayant occupe il y fort longtemps sur lequel je ne reviendrai sans doute pas ces acquisitions semblent alors n avoir autre dessein qu esthetique bonne tenue depourvue toute utilite immediate secteur particulier constituant specificite connue moi seul mes collections il s agit ouvrages que par changement interet manque temps je ne lirai sans doute jamais ainsi par exemple pour etre moins abstrait je continue acquerir tout ce qui parait ou sur robert musil mithriacisme fin valois ou lorenzo lotto sujets dont je me suis occupe jour par unique preoccupation voir conserver ces secteurs ma bibliotheque niveau completude qu ils ont connu epoque mais il y autres etrangetes bibliothecaire prive comme responsable bibliotheque publique peut ressentir necessite pallier certaines faiblesses sa bibliotheque ou ses propres connaissances pour dire differemment on peut acquerir ouvrages parce que traitant domaine familier mais aussi par curiosite car ignorant tout sujet chaque bibliotheque ses faiblesses meme que connaissances tout lecteur meme assidu besoin peut advenir y remedier sans interet direct ainsi ayant recemment constate mon ignorance totale litterature bulgare alors que j ai quelques connaissances differentes autres litteratures slaves je m y suis attele non sans esprit systeme enfin comme pour toute bibliotheque publique mienne comporte importante section usuels que je continue enrichir alors meme que usuel universel qu est google devrait avoir privee grande partie son interet fait je reste sensible aspect reconfortant proximite materielle encyclopedies dictionnaires specialises tout genre comme bibliothecaires publics j ai vis vis mes collections obligation conservation entretien veille proteger poussiere humidite rongeurs papivores non assujetti leur inalienabilite j ai tout meme mal pratiquer desherbage regulier qu elles reclameraient il faudrait agir selon critere non pas absence mouvements mais mediocrite certains ouvrages leur inutilite probable mon inertie provient repugnance gaspiller energie que reclamerait campagne elimination revanche catalogage bibliotheques privees est exception alors qu il est regle dans public ou contraintes conservation perennite collections acces tous rendent inevitable autre raison cette divergence tient ce que quantite references venir est inscrite dans devenir toute bibliotheque institutionnelle alors que bibliomane ne decouvre souvent qu avec temps consequences ce qui depart pouvait n etre qu innocente fantaisie moment ou catalogue deviendrait secourable il est trop tard tache semble disproportionnee inutile quelqu ayant constitue sa collection piece piece long decennies difficulte preter mais principale difference avec bibliotheque publique est que bibliotheque personnelle n est pas tenue pret ou consultation maniere generale don apparait comme preferable peine plus couteux il epargne grand nombre difficultes qui preter ou pas sur quels criteres decider fois ouvrage emprunte faut il imprudemment faire confiance memoire ou garder maniere pouvant etre blessante par definition livre est emprunte par personne connaissance dont on parait ainsi se mefier trace ecrite operation ensuite cas ouvrages non retournes emprunteur peut fort bien sans nulle intention coupable avoir simplement oublie comment reclamer sans vexer ami bonne foi souvent longue date s ajoute dans mon cas fait ne lire qu crayon main livres ma bibliotheque sont ainsi truffes soulignages notes dans marges reflexions interet douteux pas toujours rapport avec ouvrage question sur pages non imprimees fin volume tout conferant pret caractere indiscret voire impudique ou alors il me faudrait verifier chaque page effacer toute inscription parfois encre cette manie lire crayon ou stylo main contribue meme que habitude faire dans nombreuses positions autres qu assis table accroissement ma bibliotheque personnelle dans bibliotheque publique je crains toujours ceder reflexe griffonnage enfin ultime divergence public prive bibliotheques personnelles consommation courante survivent rarement disparition leur possesseur createur ce sont entreprises profondement egocentriques donc difficilement transmissibles qui occupent espace constituant tres rapidement yeux heritiers insupportable gaspillage fait inutile embarras sans parler rancoeurs familiales ayant pu s accumuler cours annees sur ces centaines metres rayonnages desormais sans defense plupart bibliotheques privees finissent donc avec leur initiateur leur contenu brade bouquinistes plus competents que heritiers depasses est alors disperse sur nouveaux murs plus hospitaliers il est bien ainsi aout 2010 retour  editions denoel 2008 retour  rappelons pour rares ignorer encore qu il s agit celui enonce par bibliothecaire bibliotheque imperiale cacanie reponse general stumm von bordwehr etonne voir s y reconnaitre dans trois millions demi volumes environnant mon general vous voulez savoir comment je puis connaitre chacun ces livres rien ne m empeche vous dire c est parce que je n lis aucun robert musil homme sans qualites traduit allemand par philippe jaccottet editions seuil 1969 i p 553 retour  cette citation walter benjamin comme suivante est tiree je deballe ma bibliotheque pratique collection traduit allemand par philippe ivernel rivages 2000 retour  ibid reference bibliographique jacques bonnet  bibliothecaire soi meme  bulletin bibliotheques france bbf 2010 n 6 p 41 43 ligne https bbf enssib fr consulter bbf 2010 06 0041 010 issn 1292 8399 contactersoumettre articleplan sitementions legalesadministrateura propos issn 1292 8399 ','HTTP/1.1 200 OKDate: Tue, 29 Sep 2020 14:49:20 GMTServer: Apache/2.4.10 (Debian)X-Drupal-Cache: HITContent-Language: frX-Frame-Options: SAMEORIGINX-Generator: Drupal 7 (http://drupal.org)Cache-Control: public, max-age=0Expires: Sun, 19 Nov 1978 05:00:00 GMTVary: Cookie,Accept-EncodingX-Content-Type-Options: nosniffEtag: \"1601387285-0\"Last-Modified: Mon, 26 Sep 2016 00:00:00 GMTContent-Type: text/html; charset=utf-8Transfer-Encoding: chunked 					Bibliothécaire de soi-même | Bulletin des bibliothèques de France																								                																					                                                                                                                                                                                                                                                                                                                                                                                                        Le Fil de l&#039;actuFocusTours d&#039;horizonCritiquesContributionsDossiers                                                                                                                                                                                                                                                                                                                                                                                                                                                                                        Retour au sommaire                                                    	            	            	                                                                                                                                                                                                                                                    Bibliothécaire de soi-même                                                                                                                                                                                                                                                                                                                                                                                                                                                              	Jacques BonnetXJacques BonnetÉditeur, traducteur, Jacques Bonnet a publié de nombreux ouvrages, comme Lorenzo Lotto (Adam Biro, 1997), À l’enseigne de l’amitié (Liana Levi, 2003) et, plus récemment, Des bibliothèques pleines de fantômes (Denoël, 2008), Quelques Historiettes ou petit éloge de l’anecdotes en littérature (Denoël, 2010).    « Pourtant je sais que les livres sont faits pour unir les hommes par-delà la mort et nous défendre contre l’ennemi le plus implacable de toute vie, l’oubli. »Stefan Zweig (Le bouquiniste Mendel) Il me faut d’emblée avouer l’incongruité de ma présence dans ces pages. À première vue, il ne peut s’agir que d’une confusion. Rien dans ma modeste bibliographie, ni dans une maintenant lointaine carrière d’éditeur ne justifie cette invitation à disserter sur « la bibliothèque vue par ses usagers ». À une exception toutefois : la publication, il y a deux ans de cela, d’un petit ouvrage imprudemment intitulé Des bibliothèques pleines de fantômes 1. De là sans doute un enchaînement d’équivoques. À l’ambiguïté du terme « bibliothèque », qui couvre tant de réalités différentes, et à l’emploi du mot « fantôme » emprunté au vocabulaire technique des bibliothèques publiques, se sont peut-être rajoutés les effets pernicieux du désormais célèbre, et néanmoins improbable, « principe de Stumm  2 » ? Ma présence dans cette livraison du BBF n’est-elle due qu’à une erreur commise sur ce qui était en fait un hommage aux bibliothèques privées ? Ou bien un bibliothécaire qui l’aurait lu, outrepassant ainsi les limites fixées par le principe en question, a-t-il agi en toute connaissance de cause ?À seconde vue, inviter un apologiste de la bibliothèque personnelle dans les allées solennelles des bibliothèques institutionnelles est moins déplacé qu’il n’y paraît. Les bibliothèques publiques n’ont-elles pas, bien souvent, pour origine des collections privées (celle de Charles V pour ne prendre qu’un exemple), s’étant par la suite enrichies d’autres bibliothèques particulières (celle de Richelieu ou la collection de manuscrits de Colbert) ? Elles peuvent aussi être nées de l’ambition personnelle de leur concepteur comme Ptolémée Ier à Alexandrie, Aby Warburg ou Jacques Doucet. Ces bibliothèques ne se sont ouvertes qu’il y a deux siècles, en parallèle avec les musées, à un public non plus choisi mais anonyme. S’ensuivirent les multiples institutions créées ex nihilo aux XIXe et XXe siècles en accompagnement de la démocratisation de l’enseignement et de l’accès à la culture. Dans un chassé-croisé intéressant, certains ayant originellement profité de ces bibliothèques publiques se sont par la suite efforcés de les reconstituer à domicile. Comme si avoir tous les livres à disposition dans un lieu déterminé n’était pas suffisant et comme s\'il fallait vivre parmi eux ! À défaut de pouvoir s’installer dans une bibliothèque universelle, il faut en organiser une chez soi (Borgès à l’inverse est passé de la bibliothèque paternelle à celle, nationale, de Buenos Aires). Les concepts de bibliothèques publiques et privées sont, en fait, moins opposés que complémentaires. D’autant que les deux sortes de bibliothèque sont incontournables à qui vit de livres. Ayant grandi dans une bibliothèque familiale, le besoin se fait sentir d’aller voir ailleurs afin d’en repousser les limites et de déterminer son propre champ. Être né dans une famille sans livres, puis s’être converti, amène forcément à fréquenter les institutions d’accès public avant que, par une opération mystérieuse, ces lectures n’aboutissent au besoin d’en posséder certains (notons là une différence essentielle avec les musées dont la visite ne peut aboutir, si l’on exclut le vol, qu’à l’achat de reproductions ou à l’envie d’acquérir d’autres œuvres que celles vues).Quelques images lointaines de bibliothèques…Pour ma part, des limbes de ma mémoire livresque remontent quelques images lointaines et flottantes de bibliothèques scolaires ou municipales, puis universitaires. Et, plus précises car plus marquantes, de la bibliothèque Méjanes lorsqu’elle se trouvait encore dans les bâtiments de l’hôtel de ville d’Aix-en-Provence (la collection était d’une grande richesse et le personnel municipal d’une extrême bizarrerie : on y plaçait ceux dont on ne savait que faire ailleurs !). Puis la Bibliothèque nationale de la rue Richelieu et les mois de bonheur à y travailler dans les années soixante-dix, et cette décision révélatrice d’une certaine époque : confronté à un problème d’encombrement des photocopieuses, on n’en augmenta pas le nombre, mais on quadrupla le tarif de la photocopie du jour au lendemain ! Ensuite, les bibliothèques universitaires américaines aux horaires nocturnes surprenants pour un Français, de même que le libre accès aux rayons de livres qui fera par la suite le succès de la Bibliothèque publique d’information. Et aussi un état d’esprit différent : il suffisait, même étranger de passage, de se présenter pour y être admis. Plus tard, la bibliothèque Doucet, une autre sorte de paradis mais aux horaires incompatibles avec l’état de salarié (de manière générale, on n’imagine pas en France que l’on puisse se livrer à des recherches si l’on n’a pas un statut de chercheur !).Reconstituer chez soi une bibliothèque publiqueLe vrai mystère est donc le passage de la bibliothèque publique à sa propre collection. Pourquoi l’envie d’acquérir et de garder certains livres disponibles ailleurs ? J’exclus comme n’étant pas mon sujet la bibliophilie ou la collectionnite particulière, pour lesquelles l’objet livre l’emporte, jusqu’à l’annuler, sur sa lecture. Et dans ce domaine, mystérieux comme tout ce qui relève du désir (Walter Benjamin parle justement de la « relation fort énigmatique envers la possession 3 »), ce qui me concerne le plus : la reconstitution à son usage propre d’une sorte de bibliothèque publique. Lorsque les volumes rassemblés chez soi se comptent par dizaines de milliers, il n’est plus seulement question de posséder les livres que l’on préfère. Le dessein inconscient est autre. Il s’agit, d’une certaine manière, de reconstituer les bibliothèques globales que l’on a fréquentées. Et par la force des choses, et à moins d’avoir les moyens d’être assisté, de se transformer en bibliothécaire de soi-même.Se posent dans ce cas-là un certain nombre de problèmes partagés avec les responsables de bibliothèques institutionnelles. Ainsi du rangement – comment éviter les enfilades de rayonnages ? – et du classement qui, à usage strictement personnel, sera forcément un mixte d’organisation et de choix plus subjectifs (Benjamin évoque « une tension dialectique entre les pôles de l’ordre et du désordre »). Mais aucune nécessité d’obéir aux principes établis par Melvil Dewey (et qu’en est-t-il de l’éventuelle bibliothèque personnelle du bibliothécaire de profession : continue-il à employer chez lui la méthode qui régit sa journée de travail ou au contraire compense-t-il par une liberté classificatoire inspirée ? Cela mériterait étude).Le bibliothécaire public a pour mission de pouvoir changer d’affectation ou disparaître brutalement sans que l’activité – à condition que les règles deweyennes aient été strictement observées – ne soit en rien perturbée ou interrompue. Je renvoie pour la liste des classements personnels possibles au petit ouvrage ci-dessus évoqué, mais répète qu’il s’agit presque toujours de méthodes hybrides comportant un nombre plus ou moins grand d’exceptions. Totalement livré à sa propre subjectivité, et dépendant d’un espace non spécifiquement prévu à cet effet, le bibliothécaire privé a pour seul souci de s’y retrouver (ou de s’y perdre si c’est dans sa nature) et peut faire fi de toute autre rationalité que la sienne.Avant de ranger et de classer, tout bibliothécaire, qu’il soit public ou privé, pratique une politique d’acquisition. Dans tous les cas, celle-ci dépend du budget disponible, de la mission de la bibliothèque publique en question ou des inclinations et centres d’intérêt du bibliomane. Mais il n’y suffit pas. Lorsque l’on s’est laissé envahir par une quarantaine de milliers d’ouvrages, il s’agit d’autre chose que de ses propres goûts et de ses envies de lire ou de relire un jour (40 000 ouvrages accumulés en une quarantaine d’années représentent un millier de lectures par an, ce qui est humainement possible mais à la condition d’en faire son activité exclusive !). La masse des acquisitions dépasse donc inéluctablement la capacité physique du lecteur même frénétique. Il peut par contre en prendre connaissance, et d’ailleurs l’interlocuteur du général von Stumm précise que « le secret de tout bon bibliothécaire est de ne jamais lire, de toute la littérature qui lui est confiée, que les titres et la table des matières 4 ». Ajoutons qu’un bon feuilletage est utile à la qualité du nécessaire tri à effectuer (d’un côté les livres à lire dans l’immédiat, de l’autre ceux à ranger en vue d’une éventuelle consultation future). Curieusement, nombre de ces livres négligés sur le moment trouvent leur raison d’être avec le temps qui passe.Des acquisitions insolitesInterviennent donc les goûts et les centres d’intérêts du bibliomane, mais de manière parfois insolite. Ainsi, il m’arrive de continuer à acquérir les ouvrages liés à un domaine m’ayant occupé il y a fort longtemps et sur lequel je ne reviendrai sans doute pas. Ces acquisitions semblent alors n’avoir d’autre dessein qu’esthétique : la bonne tenue dépourvue de toute utilité immédiate d’un secteur particulier constituant la spécificité (connue de moi seul) de mes collections. Il s’agit d’ouvrages que, par changement d’intérêt et manque de temps, je ne lirai sans doute jamais. Ainsi, par exemple et pour être moins abstrait, je continue à acquérir tout ce qui paraît de, ou sur, Robert Musil, le mithriacisme, la fin des Valois ou Lorenzo Lotto, sujets dont je me suis occupé un jour, par unique préoccupation de voir conserver à ces secteurs de ma bibliothèque le niveau de complétude qu’ils ont connu à une époque.Mais il y a d’autres étrangetés : le bibliothécaire privé, comme le responsable d’une bibliothèque publique, peut ressentir la nécessité de pallier certaines faiblesses de sa bibliothèque ou de ses propres connaissances (pour le dire différemment : on peut acquérir des ouvrages parce que traitant d’un domaine familier mais aussi par curiosité car ignorant tout du sujet). Chaque bibliothèque a ses faiblesses de même que les connaissances de tout lecteur même assidu, et le besoin peut advenir d’y remédier sans intérêt direct (ainsi ayant récemment constaté mon ignorance totale de la littérature bulgare alors que j’ai quelques connaissances des différentes autres littératures slaves, je m’y suis attelé non sans esprit de système !).Enfin, comme pour toute bibliothèque publique, la mienne comporte une importante section « usuels » que je continue d’enrichir alors même que l’usuel universel qu’est Google devrait l’avoir privée d’une grande partie de son intérêt ; en fait, je reste sensible à l’aspect réconfortant de la proximité matérielle d’encyclopédies et dictionnaires spécialisés en tout genre.Comme les bibliothécaires publics, j’ai vis-à-vis de mes collections une obligation de conservation et d’entretien, et veille à les protéger de la poussière, de l’humidité et des rongeurs papivores. Non assujetti à leur inaliénabilité, j’ai tout de même du mal à pratiquer le désherbage régulier qu’elles réclameraient ; il faudrait agir selon un critère non pas d’absence de mouvements mais de médiocrité de certains ouvrages, et de leur inutilité probable. Mon inertie provient d’une répugnance à gaspiller l’énergie que réclamerait une campagne d’élimination.En revanche, le catalogage des bibliothèques privées est l’exception, alors qu’il est la règle dans le public où les contraintes de conservation, de pérennité des collections et d’accès à tous, le rendent inévitable. Une autre raison de cette divergence tient à ce que la quantité de références à venir est inscrite dans le devenir de toute bibliothèque institutionnelle alors que le bibliomane ne découvre souvent qu’avec le temps les conséquences de ce qui, au départ, pouvait n’être qu’une innocente fantaisie. Au moment où le catalogue deviendrait secourable, il est trop tard et la tâche semble disproportionnée et inutile à quelqu’un ayant constitué sa collection pièce à pièce au long des décennies.De la difficulté de prêter…Mais la principale différence avec une bibliothèque publique est que la bibliothèque personnelle n’est pas tenue au prêt ou à la consultation. De manière générale, le don apparaît comme préférable. À peine plus coûteux, il épargne un grand nombre de difficultés : à qui prêter ou pas ? Sur quels critères en décider ? Une fois l’ouvrage emprunté, faut-il imprudemment faire confiance à la mémoire ou garder, de manière pouvant être blessante (par définition le livre est emprunté par une personne de connaissance dont on paraît ainsi se méfier), une trace écrite de l’opération ? Et ensuite, en cas d’ouvrages non retournés (l’emprunteur peut fort bien, sans nulle intention coupable, l’avoir simplement oublié), comment le réclamer sans vexer un ami de bonne foi et souvent de longue date ? S’ajoute dans mon cas le fait de ne lire qu’un crayon à la main. Les livres de ma bibliothèque sont ainsi truffés de soulignages, notes dans les marges, réflexions d’intérêt douteux (pas toujours en rapport avec l’ouvrage en question !) sur les pages non imprimées de fin de volume, le tout conférant au prêt un caractère indiscret, voire impudique. Ou alors il me faudrait vérifier chaque page, et en effacer toute inscription, parfois à l’encre ! Cette manie de lire un crayon ou un stylo à la main a contribué (de même que l’habitude de le faire dans de nombreuses positions autres qu’assis à une table !) à l’accroissement de ma bibliothèque personnelle : dans une bibliothèque publique, je crains toujours de céder au réflexe du griffonnage.Enfin, ultime divergence public-privé : les bibliothèques personnelles de consommation courante survivent rarement à la disparition de leur possesseur-créateur. Ce sont des entreprises profondément égocentriques et donc difficilement transmissibles, qui occupent un espace constituant très rapidement, aux yeux des héritiers, un insupportable gaspillage, et de fait un inutile embarras. Sans parler des rancœurs familiales ayant pu s’accumuler au cours des années sur ces centaines de mètres de rayonnages désormais sans défense. La plupart des bibliothèques privées finissent donc avec leur initiateur. Leur contenu, bradé à des bouquinistes plus compétents que les héritiers dépassés, est alors dispersé sur de nouveaux murs plus hospitaliers. Et il en est bien ainsi.Août 2010                						(retour)↑   Éditions Denoël, 2008.(retour)↑   Rappelons, pour les rares à l’ignorer encore, qu’il s’agit de celui énoncé par le bibliothécaire de la Bibliothèque impériale de Cacanie en réponse au général Stumm von Bordwehr étonné de le voir s’y reconnaître dans les trois millions et demi de volumes l’environnant : « Mon général ! Vous voulez savoir comment je puis connaître chacun de ces livres ? Rien ne m’empêche de vous le dire : c’est parce que je n’en lis aucun » (Robert Musil, L’homme sans qualités, traduit de l’allemand par Philippe Jaccottet, éditions du Seuil, 1969, t. I, p. 553).(retour)↑   Cette citation de Walter Benjamin, comme la suivante, est tirée de Je déballe ma bibliothèque. Une pratique de la collection, traduit de l’allemand par Philippe Ivernel, Rivages, 2000.(retour)↑   Ibid.			                    Référence bibliographique             Jacques BONNET,                « Bibliothécaire de soi-même »,                      Bulletin des bibliothèques de France (BBF), 2010, n° 6, p. 41-43.En ligne :         https://bbf.enssib.fr/consulter/bbf-2010-06-0041-010                ISSN 1292-8399.                                                                                                                                                                                                                                                                                                                                                                                                                ContacterSoumettre un articlePlan du siteMentions légalesAdministrateurA propos            ISSN 1292-8399                                                                                                                    					',0,'',1,'','0000-00-00 00:00:00','0000-00-00 00:00:00',0);
INSERT INTO explnum (explnum_id, explnum_notice, explnum_bulletin, explnum_nom, explnum_mimetype, explnum_url, explnum_data, explnum_vignette, explnum_extfichier, explnum_nomfichier, explnum_statut, explnum_index_sew, explnum_index_wew, explnum_repertoire, explnum_path, explnum_docnum_statut, explnum_signature, explnum_create_date, explnum_update_date, explnum_file_size) VALUES (5,126,0,'Lire l\'article en ligne','URL','http://bbf.enssib.fr/consulter/bbf-2010-06-0020-004','','','','',0,' http 1 1 200 okdate tue 29 sep 2020 14 49 21 gmtserver apache 2 4 10 debian x drupal cache hitcontent language frx frame options sameoriginx generator drupal 7 http drupal org cache control public max age 0expires sun 19 nov 1978 05 00 00 gmtvary cookie accept encodingx content type options nosniffetag 1601387286 0 last modified mon 26 sep 2016 00 00 00 gmtcontent type text html charset utf 8transfer encoding chunked voyages bm bulletin bibliotheques france fil 039 actufocustours 039 horizoncritiquescontributionsdossiers retour sommaire voyages bm mouloud akkouchexmouloud akkouchemouloud akkouche est notamment auteur romans policiers tels causse toujours baleine 1997 ou avis decheance gallimard 1998 mais aussi code barre 2009 sur bord son dernier roman editions atelier in8 memoire pascal garnier disparu ce printemps comptoir accueilapres avoir accepte rediger texte pour bulletin bibliotheques france je lis articles sur site ce bimestriel pourquoi m etre engage dans cette aventure pas mes competences capable verbe complement mais surtout hors sujet sans compter concordances temps approximatives coquilles tous genres autodidacte pas seul je m interrogeais sur ma legitimite m inscrire dans ligne editoriale revue avec signatures prestigieuses tres pointues sans doute erreur aiguillage article est peine entame que je commence m egarer plus possible repousser developper strategies contournement pour echapper cet exercice date butoir 4 octobre se rapproche que faire laisse tomber retourne tes personnages fiction ma micromanie battue par culpabilite ne pas honorer mon engagement j ai fini par me dire ecris comme tu sens je me suis rememore phrase henri michaux avec tes defauts pas hate ne vas pas legere corriger qu irais tu mettre place photo marianne akkouchepole enfanceheureuse ou pas enfance moment plus court existence est paradoxalement periode qui durera plus longtemps nous nos premieres fois nous hanteront jusqu notre dernier souffle donc autant commencer par debut ma trajectoire usager bibliotheque tenter partager plus sincerement possible mon experience titulaire carte bibliotheque chaque jeudi je circulais tres fier dans plus belle bm ma ville montreuil sous bois pas telephone maison ni eau chaude mais coproprietaire bm unique dans commune certes beaucoup moins rapide bruyante que celles mon quartier fois par semaine je m installais dans ma bm aussi etrange que cela puisse paraitre me sentais securite dans cette bibliotheque municipale comme dans espece ambassade coeur cite milliers livres ranges par genre ordre alphabetique laissaient filtrer tant lumieres inconnues que voyages portee mains bien sur boue sang planete connerie humaine n avaient pas cesse pour autant derriere vitres ce lieu dirige dans annees soixante dix par madame cohen nom qui resonne encore moi etait seul endroit ou je me sentais pousser racines dans aveux anathemes cioran ecrivait on n habite pas pays on habite langue patrie c est cela rien autre ma premiere patrie fut cette bibliotheque plus plats gratuits devorer sur place je pouvais comme chinois ou mcdo emporter maison dans bus 122 qui me ramenait domicile familial je continuais ma lecture main serrant sac plastique charge promesses soir je vis mon pere attable toujours meme endroit regard dans vague ouvrir sac extraire livres empruntes mecontent son geste je fixais vieil homme taciturne front plisse il tournait lentement tres lentement pages mon livre roman entre ses battoirs qui plus habituees faire coup poing ou utiliser marteau piqueur paraissaient timides maladroites j etais agace quoi ca sert il ne sait ni lire ni ecrire pensais je bien decide recuperer fruit ma chasse hebdomadaire je me plantais devant lui sourire gene avoir ete pris flagrant delit il s empressa me rendre se servit enieme verre rouge longues annees plus tard mes fils me demanda papa tu peux m aider reviser mon exercice solfege partition entre mains j etais devenu mon tour analphabete ce jour je compris honte mon vieux honte sans mots pole adolescencea toutes epoques dans plupart cultures jeune male premier colon cherche conquerir territoire plus vaste bouffer celui adultes surtout dans certaines banlieues ou poing fait office passeport cette periode ma frequentation bibliotheque fut difficile chaque fois impression trahir us coutumes vigueur dans mon pate maisons me nouait ventre tu te prends pour qui me reprochais je plusieurs reprises j entendis c te mec c est tapette il est toujours dans bouquins mais flanque frere aine avec excellents etats service dans rue aucun ne me chercha querelle peu peu ils s habituerent me considererent comme bete curieuse parfois avec reelle peine pour ma perte temps dans bouquins j avais envie chialer pas pour insultes qui etaient monnaie courante juste cause cette irrepressible traversee frontiere sensation m eloigner copains quartier ma famille futur exile social ado je trainais avec mes potes supermarche ou passais heures taquiner vieux baby foot bar paix dans ce bar enfume je regardais galerie trognes rang oignon comptoir ces ritals arabes portugais manouches me faisaient penser romans zola auteur qui aiguisa ma revolte gosse je regardais mes parents me disant que je ne leur ressemblais pas aujourd hui je ne ressemble pas mes gosses cause ou grace ces livres empruntes chaque semaine j ai quitte classe sociale sans jamais trouver autre rechange cul jamais entre deux sieges malgre cet inconfort social je n echangerais mes jeudis contre rien autre sans eux je n aurais jamais eu acces cet immense plaisir lecture ecriture formidable ouverture sur soi autres inconnu se glisser dans peau monde 14 ans il y eut aussi sexualite premieres branlettes sur magazines bd cul ou catalogues vente par correspondance comme tous ceux mon age je suis passe par sauf que cause cette foutue bm j ai eu impression etre extraterrestre bander se branler pour femme plantureuse legerement vetue photographiee dans positions suggestives representait normalite dans mon entourage pas se masturber revant madame renal rouge noir est roman que j ai plus lu pas tres aise quasiment honteux je ne parlais ma deviance personne longtemps apres j entendis jacques ralite evoquer radio ses emois erotiques lecture prise main je n etais pas seul etre normal pole adultearrive lycee je delaissai bm pour me consacrer matin grand soir filles interminables conversations bistrots ma deuxieme patrie plutot enclin radicalite je basculais dans mouvements autonomes cocktail punks zonards lyceens politiques decus partis qui voulaient decoudre physiquement avec systeme annees ponctuees concert against police dans squats manifs violentes desir action directe comme mes amis ces annees revolte je n envisageais qu seule solution lutte armee mais passage bm me fit changer avis entre occupation lycee manifs discours peremptoires je me plongeais dans lecture justes camus claque qui me fit degringoler mon piedestal certitudes tant doutes interrogations sur engagement irriguaient cette piece theatre planete ne se divisait pas uniquement entre gentils pauvres mechants capitalistes ecrivain se definissant comme ayant vecu mi chemin misere soleil m evita deraper sombrer dans facilite manicheisme j empruntai oeuvre complete camus m eloignai rapidement autonomes bm continuait me faire avancer ayant quitte lycee sans bac je naviguais bar bar boulot boulot quete soi dans brouillard total toutefois je frequentais encore bibliotheque pas usager assidu mais jamais tres loin grand nombre copains etudiants s y rendaient dans but precis lie champ leurs etudes tandis que dilettante incapable endosser role social j y passais heures aspire dans lecture romans dans quel but aucun non pas tout fait car fond je revais etre ecrivain raconter histoire qui comme toutes celles attendant dans rayons serait proposee mains anonymes tenter offrir mon tour plaisir force lecture passer dans coulisses livre ecrire ma premiere reaction quand je lus mail me demandant texte pour bbf fut ne parle pas ton boulot auteur c est bel bien rate comment dissocier lecteur auteur ne peut evoluer sans autre auteurs expliquent qu ils sont venus litterature par television cinema certains se presentent ailleurs comme cineastes contraries apres tout il n y pas voie obligatoire pour devenir ecrivain ce qui me concerne quasi inculte cinema n ayant pas tele quand j etais gosse ma fenetre sur univers etait essentiellement roman radio culture heteroclite engrangee solitaire parler ou pas apres tout il occupe nombre conversations correspond modernisation mediatheques s ouvrant plus plus nouvelle technologie n ayant que avis fluctuants sur ce sujet j ai hesite avant evoquer livre numerique certains sont entierement contre autres ne misent plus que sur lui quoi qu il adviendra numerique ou pas lecture ne sera jamais enterree sms internet on peut constater qu elle encore beaux jours devant elle quant litterature mauvais etat apres moult commentateurs elle resistera coups marchands temple editorial manque remise question auteurs je me mets dans lot certaine panne curiosite lectorat qui lit ou on lui dit lire pourquoi cet optimisme beat avenir litterature pleine surprises aura toujours dernier mot auteurs lecteurs editeurs bibliothecaires toute chaine livre ne pas decevoir sortiehabitant village depuis plusieurs annees je dois avouer frequenter peu bibliotheques entre autres parce que je n ai pas permis conduire pour me rendre ville heureusement que mon epouse bibliothecaire me ravitaille vrai dire il me suffirait rouler cinq kilometres velo pour pousser porte bonne mediatheque village voisin n importe ou france bm mediatheque ou bibliobus offre ses services titulaires carte pret milliers lieux regorgeant livres que demande plus lecteur octobre 2010 reference bibliographique mouloud akkouche  voyages bm  bulletin bibliotheques france bbf 2010 n 6 p 20 22 ligne https bbf enssib fr consulter bbf 2010 06 0020 004 issn 1292 8399 contactersoumettre articleplan sitementions legalesadministrateura propos issn 1292 8399 ','HTTP/1.1 200 OKDate: Tue, 29 Sep 2020 14:49:21 GMTServer: Apache/2.4.10 (Debian)X-Drupal-Cache: HITContent-Language: frX-Frame-Options: SAMEORIGINX-Generator: Drupal 7 (http://drupal.org)Cache-Control: public, max-age=0Expires: Sun, 19 Nov 1978 05:00:00 GMTVary: Cookie,Accept-EncodingX-Content-Type-Options: nosniffEtag: \"1601387286-0\"Last-Modified: Mon, 26 Sep 2016 00:00:00 GMTContent-Type: text/html; charset=utf-8Transfer-Encoding: chunked 					Voyages en BM | Bulletin des bibliothèques de France																								                																					                                                                                                                                                                                                                                                                                                                                                                                                        Le Fil de l&#039;actuFocusTours d&#039;horizonCritiquesContributionsDossiers                                                                                                                                                                                                                                                                                                                                                                                                                                                                                        Retour au sommaire                                                    	            	            	                                                                                                                                                                                                                                                    Voyages en BM                                                                                                                                                                                                                                                                                                                                                                                                                                                              	Mouloud AkkoucheXMouloud AkkoucheMouloud Akkouche est notamment l’auteur de romans policiers, tels Causse toujours ! (Baleine, 1997) ou Avis déchéance (Gallimard, 1998), mais aussi de Code barre (2009) et de Sur le bord, son dernier roman, aux éditions de l’Atelier In8.    À la mémoire de Pascal Garnier, disparu ce printemps.  Comptoir d’accueilAprès avoir accepté de rédiger un texte pour le Bulletin des bibliothèques de France, je lis des articles sur le site de ce bimestriel. Pourquoi m’être engagé dans cette aventure ? Pas mes compétences. Capable du verbe, du complément, mais surtout du hors sujet. Sans compter les concordances de temps approximatives et coquilles en tous genres. Autodidacte – pas le seul –, je m’interrogeais sur ma légitimité à m’inscrire dans la ligne éditoriale d’une revue avec des signatures prestigieuses et très pointues. Sans doute une erreur d’aiguillage.L’article est à peine entamé que je commence à m’égarer. Plus possible de repousser et développer des stratégies de contournement pour échapper à cet exercice. La date butoir du 4 octobre se rapproche. Que faire ? « Laisse tomber et retourne à tes personnages de fiction ! » Ma micromanie battue par la culpabilité de ne pas honorer mon engagement, j’ai fini par me dire : « Écris comme tu sens. » Et je me suis remémoré la phrase de Henri Michaux : « Avec tes défauts pas de hâte, ne vas pas à la légère les corriger. Qu’irais-tu mettre à la place ? »Photo : Marianne AkkouchePôle enfanceHeureuse ou pas, l’enfance – moment le plus court de l’existence – est paradoxalement la période qui durera le plus longtemps en nous. Nos premières fois nous hanteront jusqu’à notre dernier souffle. Donc, autant commencer par le début de ma trajectoire d’usager de bibliothèque. Tenter de partager le plus sincèrement possible mon expérience de titulaire d’une carte de bibliothèque.Chaque jeudi, je circulais très fier dans la plus belle BM de ma ville de Montreuil-sous-Bois. Pas de téléphone à la maison, ni d’eau chaude, mais copropriétaire d’une BM unique dans la commune. Certes beaucoup moins rapide et bruyante que celles de mon quartier. Une fois par semaine, je m’installais dans ma BM et, aussi étrange que cela puisse paraître, me sentais en sécurité dans cette bibliothèque municipale. Comme dans une espèce d’ambassade au cœur de la Cité. Les milliers de livres, rangés par genre et ordre alphabétique, laissaient filtrer tant de lumières inconnues. Que de voyages à portée de mains. Bien sûr, la boue et le sang de la planète, la connerie humaine n’avaient pas cessé pour autant derrière les vitres. Ce lieu, dirigé dans les années soixante-dix par Madame Cohen – nom qui résonne encore en moi –, était le seul endroit où je me sentais pousser des racines. Dans Aveux et Anathèmes, Cioran écrivait : « On n’habite pas un pays, on habite une langue. Une patrie, c’est cela et rien d’autre. » Ma première patrie fut cette bibliothèque.En plus des plats gratuits à dévorer sur place, je pouvais, comme au chinois ou au McDo, en emporter à la maison. Dans le bus 122 qui me ramenait au domicile familial, je continuais ma lecture, une main serrant le sac plastique chargé de promesses. Un soir, je vis mon père attablé toujours au même endroit, regard dans le vague, ouvrir le sac et en extraire un des livres empruntés. Mécontent de son geste, je fixais le vieil homme taciturne. Front plissé, il tournait lentement, très lentement, les pages… de MON livre. Un roman entre ses battoirs qui, plus habituées à faire le coup de poing ou utiliser un marteau-piqueur, paraissaient timides. Maladroites. J’étais agacé. À quoi ça sert, il ne sait ni lire ni écrire, pensais-je, bien décidé à récupérer le fruit de ma chasse hebdomadaire. Je me plantais devant lui. Sourire gêné d’avoir été pris en flagrant délit, il s’empressa de me le rendre et se servit un énième verre de rouge. De longues années plus tard, l’un de mes fils me demanda : « Papa, tu peux m’aider à réviser mon exercice de solfège ? » Une partition entre les mains, j’étais devenu à mon tour analphabète. Ce jour-là, je compris la honte de mon vieux.Une honte sans mots.Pôle adolescenceÀ toutes les époques et dans la plupart des cultures, le jeune mâle – premier colon – cherche à conquérir un territoire plus vaste et bouffer celui des adultes. Surtout dans certaines banlieues où le poing fait office de passeport. À cette période, ma fréquentation de la bibliothèque fut difficile. Chaque fois, l’impression de trahir les us et coutumes en vigueur dans mon pâté de maisons me nouait le ventre. « Tu te prends pour qui ? » me reprochais-je. À plusieurs reprises, j’entendis : « C’te mec c’est une tapette, il est toujours dans les bouquins. » Mais, flanqué d’un frère aîné avec d’excellents états de service dans la rue, aucun ne me chercha querelle. Peu à peu, ils s’habituèrent et me considérèrent comme une bête curieuse, parfois avec une réelle peine pour ma perte de temps dans les bouquins. J’avais envie de chialer. Pas pour les insultes qui étaient monnaie courante. Juste à cause de cette irrépressible traversée de frontière, la sensation de m’éloigner des copains du quartier et de ma famille. Futur exilé social.Ado, je traînais avec mes potes au supermarché ou passais des heures à taquiner un vieux baby-foot au « Bar de la Paix ». Dans ce bar enfumé, je regardais la galerie de trognes en rang d’oignon au comptoir. Ces ritals, arabes, portugais, manouches, me faisaient penser aux romans de Zola : un auteur qui aiguisa ma révolte. Gosse, je regardais mes parents en me disant que je ne leur ressemblais pas. Aujourd’hui, je ne ressemble pas à mes gosses. À cause ou grâce à ces livres empruntés chaque semaine, j’ai quitté une classe sociale… sans jamais en trouver une autre de rechange. Le cul à jamais entre deux sièges. Malgré cet inconfort social, je n’échangerais mes jeudis contre rien d’autre. Sans eux, je n’aurais jamais eu accès à cet immense plaisir de la lecture et de l’écriture. Une formidable ouverture sur soi, les autres et l’inconnu, se glisser dans la peau du monde.À 14 ans, il y eut aussi la sexualité. Premières branlettes sur des magazines, BD de cul ou des catalogues de vente par correspondance. Comme tous ceux de mon âge, je suis passé par là. Sauf que, à cause de cette foutue BM, j’ai eu l’impression d’être un extraterrestre. Bander et se branler pour une femme plantureuse légèrement vêtue, photographiée dans des positions suggestives, représentait la normalité dans mon entourage. Pas se masturber en rêvant à Madame de Rénal. Le Rouge et le Noir est le roman que j’ai le plus lu. Pas très à l’aise et quasiment honteux, je ne parlais de ma « déviance » à personne. Longtemps après, j’entendis Jacques Ralite évoquer à la radio ses émois érotiques à la lecture de « la prise de la main ». Je n’étais pas le seul à être « normal ».Pôle adulteArrivé au lycée, je délaissai la BM pour me consacrer au « matin du grand soir », les filles et les interminables conversations de bistrots : ma deuxième patrie. Plutôt enclin à la radicalité, je basculais dans les mouvements autonomes – cocktail de punks, zonards, lycéens, politiques déçus des partis – qui voulaient en découdre physiquement avec le système. Des années ponctuées de concert « against police » dans les squats, de manifs violentes, désir d’action directe… Comme mes amis de ces années-révolte, je n’envisageais qu’une seule solution : la lutte armée. Mais un passage à la BM me fit changer d’avis. Entre l’occupation du lycée, les manifs et les discours péremptoires, je me plongeais dans la lecture des Justes de Camus. Une claque qui me fit dégringoler de mon piédestal de certitudes. Tant de doutes et interrogations sur l’engagement irriguaient cette pièce de théâtre. La planète ne se divisait pas uniquement entre gentils pauvres et méchants capitalistes. L’écrivain se définissant comme « ayant vécu à mi-chemin de la misère et du soleil » m’évita de déraper et sombrer dans la facilité du manichéisme. J’empruntai l’œuvre complète de Camus et m’éloignai rapidement des « autonomes ». La BM continuait de me faire avancer.Ayant quitté le lycée sans bac, je naviguais de bar en bar et de boulot en boulot. Une quête de soi dans un brouillard total. Toutefois, je fréquentais encore la bibliothèque, pas un usager assidu mais jamais très loin. Un grand nombre de copains, étudiants, s’y rendaient dans un but précis lié au champ de leurs études. Tandis que, dilettante incapable d’endosser un rôle social, j’y passais des heures, aspiré dans la lecture de romans. Dans quel but ? Aucun. Non, pas tout à fait, car, au fond, je rêvais d’être écrivain. Raconter une histoire qui, comme toutes celles attendant dans les rayons, serait proposée à des mains anonymes. Tenter d’offrir à mon tour le plaisir et la force de la lecture. Passer dans les coulisses du livre. Écrire.Ma première réaction quand je lus le mail me demandant un texte pour le BBF fut : « Ne parle pas de ton boulot d’auteur. » C’est bel et bien raté. Comment dissocier le lecteur et l’auteur ? L’un ne peut évoluer sans l’autre. Des auteurs expliquent qu’ils sont venus à la littérature par la télévision et le cinéma, certains se présentent d’ailleurs comme des « cinéastes contrariés ». Après tout, il n’y a pas de voie obligatoire pour devenir écrivain. En ce qui me concerne, quasi inculte en cinéma et n’ayant pas de télé quand j’étais gosse, ma fenêtre sur l’Univers était essentiellement le roman et la radio. Une culture hétéroclite engrangée en solitaire.En parler ou pas ? Après tout, il occupe nombre de conversations et correspond à la modernisation des médiathèques s’ouvrant de plus en plus à la nouvelle technologie. N’ayant que des avis fluctuants sur ce sujet, j’ai hésité avant d’évoquer le livre numérique. Certains sont entièrement contre, d’autres ne misent plus que sur lui. Quoi qu’il adviendra, numérique ou pas, la lecture ne sera jamais enterrée. Et, du SMS à internet, on peut constater qu’elle a encore de beaux jours devant elle.Quant à la littérature, en mauvais état d’après moult commentateurs, elle résistera aux coups des marchands du temple éditorial, le manque de remise en question des auteurs (je me mets dans le lot), et une certaine panne de curiosité du lectorat qui lit où on lui dit de lire. Pourquoi cet optimisme béat en l’avenir ? La littérature, pleine de surprises, aura toujours le dernier mot. Aux auteurs, lecteurs, éditeurs, bibliothécaires et toute la chaîne du livre de ne pas la décevoir.SortieHabitant un village depuis plusieurs années, je dois avouer fréquenter peu les bibliothèques. Entre autres parce que je n’ai pas le permis de conduire pour me rendre en ville. Heureusement que mon épouse bibliothécaire me ravitaille. À vrai dire, il me suffirait de rouler cinq kilomètres à vélo pour pousser la porte de la bonne médiathèque du village voisin.N’importe où en France, une BM, une médiathèque ou un bibliobus, offre ses services aux titulaires d’une carte de prêt. Des milliers de lieux regorgeant de livres.Que demande de plus le lecteur ?Octobre 2010                									                    Référence bibliographique             Mouloud AKKOUCHE,                « Voyages en BM »,                      Bulletin des bibliothèques de France (BBF), 2010, n° 6, p. 20-22.En ligne :         https://bbf.enssib.fr/consulter/bbf-2010-06-0020-004                ISSN 1292-8399.                                                                                                                                                                                                                                                                                                                                                                                                                ContacterSoumettre un articlePlan du siteMentions légalesAdministrateurA propos            ISSN 1292-8399                                                                                                                    					',0,'',1,'','0000-00-00 00:00:00','0000-00-00 00:00:00',0);
INSERT INTO explnum (explnum_id, explnum_notice, explnum_bulletin, explnum_nom, explnum_mimetype, explnum_url, explnum_data, explnum_vignette, explnum_extfichier, explnum_nomfichier, explnum_statut, explnum_index_sew, explnum_index_wew, explnum_repertoire, explnum_path, explnum_docnum_statut, explnum_signature, explnum_create_date, explnum_update_date, explnum_file_size) VALUES (15,127,0,'Lire l\'article en ligne','URL','http://bbf.enssib.fr/consulter/bbf-2012-05-0056-011','','','','',0,' http 1 1 200 okdate tue 29 sep 2020 14 49 22 gmtserver apache 2 4 10 debian x drupal cache hitcontent language frx frame options sameoriginx generator drupal 7 http drupal org cache control public max age 0expires sun 19 nov 1978 05 00 00 gmtvary cookie accept encodingx content type options nosniffetag 1601387287 0 last modified tue 17 sep 2013 00 00 00 gmtcontent type text html charset utf 8transfer encoding chunked 039 abeille bibliothecaire ou ethique libre lecture publique zone rurale bulletin bibliotheques france fil 039 actufocustours 039 horizoncritiquescontributionsdossiers retour sommaire 039 abeille bibliothecaire ou ethique libre lecture publique zone rurale renaud aioutzxrenaud aioutzrenaud aioutz est bibliothecaire chef projet developpement numerique mediatheque departementale puy dome apres avoir travaille sein bibliotheques fresnes puis lyon il cree dirige 2005 janvier 2012 risom tence haute loire il dans cette periode conduit plusieurs projets partenariaux comme informatisation reseau documentaire pays lecture ou hors murs comme petite universite libre populaire tence pulp avec collaboration patrick bartetx avec collaboration patrick bartet renaud aioutz est bibliothecaire chef projet developpement numerique mediatheque departementale puy dome apres avoir travaille sein bibliotheques fresnes puis lyon il cree dirige 2005 janvier 2012 risom tence haute loire il dans cette periode conduit plusieurs projets partenariaux comme informatisation reseau documentaire pays lecture ou hors murs comme petite universite libre populaire tence pulp reflexions qui suivent sont nees jeune modeste experience initiee sein reseau intercommunal solidaire mediatheques tence saint jeures mazet saint voy risom haute loire plateau rural moyenne montagne confins auvergne ou abeilles se portent pour moment plutot bien monde rural n est plus ce qu il etaitle metier bibliothecaire champs nous place devant nombreux paradoxes certains ces paradoxes sont largement partages avec bibliothecaires villes  bouleversements dans acces information crise fonctions intermediaire entre connaissance citoyens relative penurie argent public dans contexte inflation attentes normes individualisation comportements besoins necessaire automatisation certaines taches profit missions plus forte plus value culturelle pour n citer que quelques uns ces contradictions sont deja bien documentees analysees dans litterature professionnelle nous n y reviendrons pas mais ces tensions inherentes metier service public s ajoutent autres propres action publique territoire rural rappelons passage que dans ce monde rural temps ne s est pas necessairement arrete annees rene coty que autochtones n y ressemblent pas tous touchants personnages films raymond depardon 1 bien contraire regain demographique rural debute 1975 s est considerablement accru dans annees 2000 il traduit phenomene repeuplement campagnes qui s accompagne baisse croissance coeur villes campagne 2012 est plus ouverte sur son voisinage sur reste societe sur monde elle est marquee par elements constitutifs inedits 2   brassage sociologique sein menages diversification professions choix reflechi lieu installation developpement pratiques sociales culturelles citadines dont precisement lecture on devine donc problematiques espaces ruraux aujourd hui  dans cette dynamique installation nouvelles populations pratiques citadines comment repondre nouvelles aspirations habitants question qui se pose abord elus se pose tres rapidement bibliothecaires ruraux effet comme souligne justement bertrand calenge 3 dans petites communes bibliotheque est assez souvent seule institution culturelle cette problematique nul ne ignore se developpe dans contexte tension budgetaire manque visibilite fiscale qui n epargne aucune collectivite pour services publics population reponse n est donc pas chercher dans recrutement equipes plethoriques couvrant tout spectre competences attendues cette modestie moyens bibliothecaire rural incite reviser ses habitudes travail invite s inserer dans autre forme economie projets publics politique interieure politique exterieure c est tout   partenariatdans ce cadre reponse possible est souvent cherchee cote concept pluriel partenariat comme rappelait dominique arot 4 mot partenariat inspire mot anglais partnership evoque reunion moins deux partenaires mais traduit aussi attitude methode il implique forme egalite respect mutuel partenaires qui peuvent appartenir secteurs ou niveaux heterogenes partenariat se decline donc sous multiples formes pour bibliothecaire champs premiere modalite partenariat est complementarite evidente avec bibliotheque departementale pret bdp bdp vient appui pour developpement collections action culturelle formation personnels salaries ou benevoles sans oublier son intervention dans ingenierie projets leurs financements mais partenariat peut aussi prendre forme complementarite ou mutualisation moyens entre bibliotheques meme strate grace developpement reseaux lecture publique ces reseaux sont geometrie tres variable qui reflete multiples voies pour ne pas dire vicissitudes cooperation intercommunale france enfin nombreux partenariats se nouent avec autres acteurs publics prives ou associatifs  ecoles maisons retraite relais assistantes maternelles foyers ruraux malgre interet apports indeniables cette logique developpement partenariats multiples temps humain disponible pour mettre oeuvre reste encore toujours noeud gordien autant plus que dans management organisations mode semble etre hypertrophie transversal pour raisons plus ou moins avouables avec effets secondaires plus ou moins souhaites aussi pour que ce noeud gordien trouve solution moins brutale que celle que legende lui prete il serait prudent nous donner forme hygiene professionnelle pour conduite nos projets partenariat oui mais comment pourquoi il ne s agit ni satisfaire injonctions manageriales ni empiler projets vue rapport activite alors sans renier notre ouverture sur autres nos premiers partenaires dans construction durable nos pratiques ne sont ils pas membres notre communaute professionnelle elle meme c est dire bibliothecaires eux memes tous dans tous types etablissements ouvrir nos cuisines partager nos recettesfeue liste discussion biblio fr 5 avec ses seize annees existence ses 17 550 abonnes avait bien demontre y compris dans critiques qu elle suscitees interet besoin ces echanges horizontaux concrets archives accessibles aisement dans univers numerique blogs quelques forums wikis plus plus reseaux sociaux assument forme releve mais qui manifestement n est pas adoptee par tous plus ces espaces contenus ne couvrent pas loin s faut tous domaines gestion bibliotheque ce n est pas leur pretention alors il ne s agit surtout pas proner nouvel outil contenus centralise plus pour pallier arret liste discussion federatrice ou manque insertion partie notre communaute professionnelle dans usages web social inscriptible il s agit plus modestement commencant sans pretention par nous memes dire  liberons nos pratiques  documentons publions peu importe notre statut notre echelle bibliotheque il sortira toujours quelque chose pour quelqu quelque part mais quel cote regarder pour liberer nos pratiques ce faisant contribuer renouveler economie nos projets leur methodologie modeles possibles bien connu desormais bibliothecaires est celui applique dans projets logiciels dits libres    ou open source nous ne developperons pas ici nuance entre ces deux notions cette notion qui repose sur quatre libertes fondamentales utilisateur contribue aussi construction mode operatoire pour fabrication maintenance gestion diffusion logiciel produit pour memoire quatre libertes fondamentales logiciels libres sont  1 liberte utiliser oeuvre pour tous usages 2 liberte copier oeuvre diffuser copies 3 liberte etudier 4 liberte modifier distribuer copies oeuvre resultante dans domaine informatique ces quatre libertes se concretisent par plusieurs licences possibles qui outre leurs reelles nuances sont aussi heritage plusieurs visions logiciel libre plus generalement pour tous domaines creation cette fois ci licences comme creative commons 6 developpees notamment sous impulsion juristes comme lawrence lessig 7 fournissent cadre propice publication nos productions ces licences garantissent toute diffusion oeuvre sous reserve attribuer systematiquement paternite elles peuvent permettre outre modification utilisation fins commerciales ou peuvent imposer partage identique combinaison ces differents criteres aboutit six licences disponibles adaptees droit francais qui lui viennent complement aujourd hui plusieurs bibliotheques sur leurs sites ou leurs blogs proposent espaces dedies ou decouvrir voire telecharger outils professionnels qu elles ont developpes nous n evoquons pas ici etablissements comme bnf bpi ou bdp voire enssib dont fourniture services production outils ou regles bonnes pratiques font partie missions leurs pages professionnelles sont souvent tres riches mais relativement prescriptives c est bien comprehensible nous faisons egalement impasse sur espaces pros certaines bibliotheques qui se contentent renvoyer vers sitotheques ou vers principales lectures professionnelles que tout aspirant bibliothecaire se doit lire dans ce cas il s agit plutot reponse premier niveau qui veut entrer dans carriere espaces pros qui ont veritablement inspire modeste initiative risom sont plutot ceux bibliotheque universitaire angers 8 reseau mediatheques san ouest provence 9 ou encore bibliotheque municipale toulouse 10 liste n est pas exhaustive on y trouve outils developpes ou adaptes mais aussi analyses leur usage dans ces etablissements toute proportion gardee avec beaucoup modestie c est dans cette perspective que s inscrit projet tel que celui risom il s agit tout simplement publier accord avec collectivite sous regime licence creative commons certains projets risom bibliothecaires risom ont choisi proposer sur web leurs contributions dans domaine action culturelle animations projets pedagogiques afin permettre reutilisation diffusion etude modification apercu cet espace pro risom qui est sera toujours work in progress pourra etre decouvert adresse suivante  http www risom fr espace prol axe animations ete retenu car il constitue part importante activite risom qu il semble par ailleurs peu present dans espaces pros evoques sur reseaux sociaux pour ecriture publication ces experiences nous avons fait choix adopter formalisme utilise notamment pour presentation initiatives territoires sur site observatoire territoires numeriques 11 il faut souligner que ce format n est pas nouveaute majeure partie nos collectivites utilise ce type instrument sous forme ou autre dans conduite ses projets pour moment supports crees occasion deux projets risom sont ligne telechargeables pour tout collegue souhaitant reproduire ou adapter licence creative commons adoptee est cc by sa 2 0 12 qui permet partager cette creation remixer sans interdire utiliser fins commerciales mais imposant attribution partage identique cas diffusion adaptation question formation tout long viedans immediat choix publier ces projets documenter n bien sur ni participe diminution temps travail qui leur est consacre contraire ni offert retours sur lesdits projets alors quel constat fait on sein equipe risom abord dela simple mise ligne outils elaboration ces contenus implique mecanismes plus complexes formalisation cote contributeurs  prise recul collective reunion equipe sur ce que on fait regard interne explicitation objectifs methodes par experience ecriture 13 enfin par publication notre travail accepter echange confrontation regard externe dans vaste chantier ouvert refondation nos mediatheques fait recenser donner voir contenu nos actions participe inventaire objectif enjeu est aussi transmettre experience pour qu elle provoque prise connaissance chez autres praticiens 14 outre partage immediat qui pourrait constituer base corpus professionnel utilisable amendable par tous il s agit interroger fondements fonctionnement objectifs nos pratiques professionnelles si on entend terme pratique dans sa double dimension faire penser faire alors contenu ce que on partage devrait comprendre tant outils materiels que outils conceptuels necessaires construction nos actions toile fond se pose maniere accrue sous effet recentes mutations metier question formation bibliothecaire effet diversification nos champs interventions contribue eclatement competences demandees aboutit complexite sans cesse plus grande notre action publique autant que identite meme notre profession se trouve interrogee par pluralite 15 notre quotidien nous avions jusqu ici trois modes principaux pour nous former  formation initiale universitaire dans differentes disciplines formation initiale post concours continue metiers bibliotheques enssib cnfpt crfb bdp enfin apprentissage quotidien par pratique transmission savoirs mais quatrieme voie celle justement formalisation publication nos pratiques qui sont fois differentes communes semble emerger cette forme hygiene professionnelle qui ne doit pas etre reservee quelques cadres dans bibliotheque est peut etre reponses ces nouveaux enjeux ne confondons pas theorie management communaute pratiquecependant ce processus echange information par bas plus precisement par transformation notre experience individuelle sein communaute experience collective 16 pose question sa coexistence avec notre mode organisation actuel effet il s agit ne pas confondre theorie management verticale communaute pratique horizontale nouvelles theories manageriales mettent centre leurs preoccupations participation agents definition projets vue susciter leur adhesion par exemple groupes projet transcendant positions hierarchiques or certain nombre critiques emettent hypothese que loin permettre reel echange outils management renforcent maniere masquee processus subordination 17 dans ce cadre participation agents serait lors percue moins comme communaute autonome que comme communaute hierarchique 18 inverse communaute pratique se fonderait non sur adhesion objectifs definis amont mais sur idee groupe professionnels s associant sans contrainte autre que reflechir partager ensemble leurs preoccupations alors puisque nous tentons construire bibliotheque demain revendiquons non seulement droit experimentation mais aussi droit renouveler notre modalite intervention pour nous inserer dans nouvelle economie celle contribution chaque bibliothecaire economiste richard musgrave avait dresse naguere classification trois fonctions principales action publique qui sont aussi trois modalites intervention publique  affectation ressources redistribution regulation cote ces trois modalites economie contribution pollinisation 19 qui occupe deja place non negligeable dans action publique si on regarde bien peut encore etre encouragee developpee notamment dans notre maniere mener liberer nos projets bibliotheconomiques bien entendu collaboration ne se decrete pas priori mais doit correspondre besoin 20 besoin professionnel etant bibliothecaire peut par ce partage simple gratuit sa production contribuer activement economie connaissance bibliothecaire champs particulier abeille polyvalente tout terrain tout y gagner pour depasser nombre clivages car effet comme expliquait andre gorz economie connaissance vocation etre economie mise commun gratuite c est dire contraire economie elle est fois connaissance technique production connaissances moyen fabrication regulation invention coordination production soi est ici production richesses inversement 21   aout 2012 retour raymond depardon profils paysans trilogie 2001 2005 2008 retour bertrand hervieu jean viard bonheur campagnes provinces marseille aube 1996 retour bertrand calenge petites bibliotheques publiques paris editions cercle librairie 2006 retour pour dominique arot partenaires peuvent effet etre lies par leur domaine activite culturelle par exemple lecture publique ou bien par leur fonction par exemple diffusion voire par leur public specifique par exemple enfants bien entendu par combinaison deux ou trois ces criteres cf dominique arot partenariats bibliotheques villeurbanne presses enssib 2002 retour https listes cru fr sympa info biblio fr retour site officiel  http creativecommons org voir aussi francais  http creativecommons fr retour lawrence lessig avenir idees  sort biens communs heure reseaux numeriques lyon presses universitaires lyon 2005 disponible ligne  http presses univ lyon2 fr livres pul 2005 avenir idee xhtml index frames html retour http bu univ angers fr buapro retour http docmiop wordpress com retour http pro bibliotheque toulouse fr experimentati ns colloques journees html retour http oten fr initiatives territoires retour pour plus details  http creativecommons org licenses by sa 2 0 fr retour c est travaillant qu on devient professionnel meme que c est reflechissant sur ses pratiques theorie pratique qu on avance dans professionnalisation pratique theorie ne sont que memes fondements activite professionnelle consciente ses difficultes ses enjeux ses responsabilites donc porteuse culture anne marie bertrand formation bibliothecaires bbf n  5 2007 ligne  http bbf enssib fr consulter bbf 2007 05 0005 001 retour mireille cifali transmission experience entre parole ecriture education permanente n  127 1996 retour anne marie bertrand transmission implicite ou comment culture professionnelle vient bibliothecaires bbf n 1 2003 ligne  http bbf enssib fr consulter bbf 2003 01 0010 002 retour web 2 0 profs cahiers pedagogiques n  482 juin 2010 retour jean marc fridlender structure gouvernement managerial puissance menace controle psychosocial connexions 2009 1 n  91 retour pourquoi s interesser communautes pratique lignes lettre cedip janvier 2004 retour yann moulier boutang abeille economiste paris carnets nord 2010 retour alain chaptal rhapsodie sur collaboration  travail collaboratif dossiers ingenierie educative n  65 mars 2009 retour andre gorz miseres present richesse possible paris editions galilee 1997 reference bibliographique renaud aioutz   abeille bibliothecaire ou ethique libre lecture publique zone rurale   bulletin bibliotheques france bbf 2012 n 5 p 56 59 ligne https bbf enssib fr consulter bbf 2012 05 0056 011 issn 1292 8399 contactersoumettre articleplan sitementions legalesadministrateura propos issn 1292 8399 ','HTTP/1.1 200 OKDate: Tue, 29 Sep 2020 14:49:22 GMTServer: Apache/2.4.10 (Debian)X-Drupal-Cache: HITContent-Language: frX-Frame-Options: SAMEORIGINX-Generator: Drupal 7 (http://drupal.org)Cache-Control: public, max-age=0Expires: Sun, 19 Nov 1978 05:00:00 GMTVary: Cookie,Accept-EncodingX-Content-Type-Options: nosniffEtag: \"1601387287-0\"Last-Modified: Tue, 17 Sep 2013 00:00:00 GMTContent-Type: text/html; charset=utf-8Transfer-Encoding: chunked 					L&#039;abeille et le bibliothécaire ou éthique du libre et lecture publique en zone rurale  | Bulletin des bibliothèques de France																								                																					                                                                                                                                                                                                                                                                                                                                                                                                        Le Fil de l&#039;actuFocusTours d&#039;horizonCritiquesContributionsDossiers                                                                                                                                                                                                                                                                                                                                                                                                                                                                                        Retour au sommaire                                                    	            	            	                                                                                                                                                                                                                                                    L&#039;abeille et le bibliothécaire ou éthique du libre et lecture publique en zone rurale                                                                                                                                                                                                                                                                                                                                                                                                                                                               	Renaud AïoutzXRenaud AïoutzRenaud Aïoutz est bibliothécaire et chef de projet « développement numérique » à la médiathèque départementale du Puy-de-Dôme. Après avoir travaillé au sein des bibliothèques de Fresnes puis de Lyon, il a créé et dirigé de 2005 à janvier 2012 le RISOM à Tence, en Haute-Loire. Il a dans cette période conduit plusieurs projets partenariaux comme l’informatisation du réseau documentaire du Pays Lecture, ou hors-les-murs comme la Petite université libre & populaire de Tence (PULP).	 avec la collaboration de Patrick BartetX avec la collaboration de Patrick Bartet    Renaud Aïoutz est bibliothécaire et chef de projet « développement numérique » à la médiathèque départementale du Puy-de-Dôme. Après avoir travaillé au sein des bibliothèques de Fresnes puis de Lyon, il a créé et dirigé de 2005 à janvier 2012 le RISOM à Tence, en Haute-Loire. Il a dans cette période conduit plusieurs projets partenariaux comme l’informatisation du réseau documentaire du Pays Lecture, ou hors-les-murs comme la Petite université libre & populaire de Tence (PULP).Les réflexions qui suivent sont nées d’une jeune et modeste expérience, initiée au sein du Réseau intercommunal et solidaire des médiathèques de Tence, Saint-Jeures et Le Mazet-Saint-Voy (RISOM) en Haute-Loire, plateau rural de moyenne montagne aux confins de l’Auvergne où les abeilles se portent pour le moment plutôt bien...Le monde rural n’est plus ce qu’il étaitLe métier de bibliothécaire des champs nous place devant de nombreux paradoxes. Certains de ces paradoxes sont largement partagés avec les bibliothécaires des villes : les bouleversements dans l’accès à l’information, la crise des fonctions d’intermédiaire entre la connaissance et les citoyens, la (relative) pénurie de l’argent public dans un contexte d’inflation des attentes et des normes, l’individualisation des comportements et des besoins, la nécessaire automatisation de certaines tâches au profit de missions à plus forte plus-value culturelle, pour n’en citer que quelques-uns. Ces contradictions sont déjà bien documentées et analysées dans la littérature professionnelle, nous n’y reviendrons pas. Mais, à ces tensions inhérentes au métier et au service public, s’en ajoutent d’autres, propres à l’action publique en territoire rural.Rappelons au passage que dans ce monde rural, le temps ne s’est pas nécessairement arrêté aux années René Coty et que les autochtones n’y ressemblent pas tous aux touchants personnages des films de Raymond Depardon  1. Bien au contraire, un regain démographique rural, débuté dès 1975, s’est considérablement accru dans les années 2000. Il traduit un phénomène de repeuplement des campagnes, qui s’accompagne d’une baisse de croissance du cœur des villes. La campagne de 2012 est plus ouverte sur son voisinage, sur le reste de la société et sur le monde. Elle est marquée par des éléments constitutifs inédits  2  : brassage sociologique au sein des ménages, diversification des professions, choix réfléchi du lieu d’installation, développement des pratiques sociales et culturelles citadines, dont précisément la lecture.On devine donc l’une des problématiques des espaces ruraux aujourd’hui : dans cette dynamique d’installation de nouvelles populations aux pratiques citadines, comment répondre aux nouvelles aspirations des habitants ? La question, qui se pose d’abord aux élus, se pose très rapidement aux bibliothécaires ruraux. En effet, et comme le souligne justement Bertrand Calenge  3, dans les petites communes, la bibliothèque est assez souvent la seule institution culturelle. Cette problématique, nul ne l’ignore, se développe dans un contexte de tension budgétaire et de manque de visibilité fiscale qui n’épargne aucune collectivité. Pour les services publics à la population, la réponse n’est donc pas à chercher dans le recrutement d’équipes pléthoriques, couvrant tout le spectre des compétences attendues. Cette modestie de moyens du bibliothécaire rural l’incite à réviser ses habitudes de travail et l’invite à s’insérer dans une autre forme d’économie des projets publics.Politique intérieure et politique extérieure, c’est tout un : le partenariatDans ce cadre, une réponse possible est souvent cherchée du côté du concept pluriel de partenariat. Comme le rappelait Dominique Arot  4, le mot partenariat (inspiré du mot anglais partnership) évoque la réunion d’au moins deux partenaires mais traduit aussi une attitude et une méthode. Il implique une forme d’égalité, de respect mutuel des partenaires qui peuvent appartenir à des secteurs ou des niveaux hétérogènes.Le partenariat se décline donc sous de multiples formes pour le bibliothécaire des champs. La première modalité de partenariat est la complémentarité évidente avec la bibliothèque départementale de prêt (BDP). La BDP vient en appui pour le développement des collections, de l’action culturelle, de la formation des personnels salariés ou bénévoles, sans oublier son intervention dans l’ingénierie des projets et leurs financements. Mais le partenariat peut aussi prendre la forme d’une complémentarité ou d’une mutualisation des moyens entre bibliothèques de même strate grâce au développement des réseaux de lecture publique. Ces réseaux sont à géométrie (très) variable, qui reflète les multiples voies, pour ne pas dire les vicissitudes, de la coopération intercommunale en France. Enfin, de nombreux partenariats se nouent avec d’autres acteurs publics, privés ou associatifs : écoles, maisons de retraite, relais d’assistantes maternelles, foyers ruraux...Malgré l’intérêt et les apports indéniables de cette logique de développement des partenariats multiples, le temps humain disponible pour les mettre en œuvre reste encore et toujours le nœud gordien. D’autant plus que dans le management des organisations, la mode semble être à l’hypertrophie du transversal, pour des raisons plus ou moins avouables et avec des effets secondaires plus ou moins souhaités. Aussi, pour que ce nœud gordien trouve une solution moins brutale que celle que la légende lui prête, il serait prudent de nous donner une forme d’hygiène professionnelle pour la conduite de nos projets. Le partenariat, oui, mais comment et pourquoi ? Il ne s’agit ni de satisfaire aux injonctions managériales ni d’empiler des projets en vue du rapport d’activité. Alors, et sans renier notre ouverture sur les autres, nos premiers partenaires dans la construction durable de nos pratiques ne sont-ils pas les membres de notre communauté professionnelle elle-même ? C’est-à-dire les bibliothécaires eux-mêmes, tous, dans tous les types d’établissements.Ouvrir nos cuisines et partager nos recettesFeue la liste de discussion biblio-fr  5, avec ses seize années d’existence et ses 17 550 abonnés, avait bien démontré, y compris dans les critiques qu’elle a suscitées, l’intérêt et le besoin de ces échanges horizontaux, concrets, archivés et accessibles aisément. Dans l’univers numérique, les blogs, quelques forums, les wikis et de plus en plus les réseaux sociaux assument une forme de relève mais qui, manifestement, n’est pas adoptée par tous. De plus, ces espaces de contenus ne couvrent pas, loin s’en faut, tous les domaines de la gestion d’une bibliothèque et ce n’est pas leur prétention.Alors, il ne s’agit surtout pas de prôner un nouvel outil de contenus centralisé, un de plus, pour pallier l’arrêt d’une liste de discussion fédératrice ou le manque d’insertion d’une partie de notre communauté professionnelle dans les usages du web social et inscriptible. Il s’agit plus modestement, et en commençant sans prétention par nous-mêmes, de dire : « Libérons nos pratiques : documentons-les, publions-les, peu importe notre statut et notre échelle de bibliothèque, il en sortira toujours quelque chose pour quelqu’un, quelque part. » Mais de quel côté regarder pour libérer nos pratiques et, ce faisant, contribuer à renouveler l’économie de nos projets et leur méthodologie ? L’un des modèles possibles, bien connu désormais des bibliothécaires, est celui appliqué dans les projets de logiciels dits libres et / ou open source (nous ne développerons pas ici la nuance entre ces deux notions). Cette notion qui repose sur quatre libertés fondamentales de l’utilisateur contribue aussi à la construction d’un mode opératoire pour la fabrication, la maintenance, la gestion et la diffusion du logiciel produit.Pour mémoire, les quatre libertés fondamentales des logiciels libres sont :1.la liberté d’utiliser l’œuvre pour tous les usages ;2.la liberté de copier l’œuvre et d’en diffuser des copies ;3.la liberté de l’étudier ;4.la liberté de la modifier et de distribuer des copies de l’œuvre résultante.Dans le domaine informatique, ces quatre libertés se concrétisent par plusieurs licences possibles qui, outre leurs réelles nuances, sont aussi l’héritage de plusieurs visions du logiciel libre. Plus généralement et pour tous les domaines de la création cette fois-ci, des licences comme les Creative Commons  6, développées notamment sous l’impulsion de juristes comme Lawrence Lessig  7, fournissent un cadre propice à la publication de nos productions. Ces licences garantissent toute la diffusion de l’œuvre sous réserve d’en attribuer systématiquement la paternité. Elles peuvent permettre en outre la modification, l’utilisation à des fins commerciales ou peuvent imposer le partage à l’identique. Une combinaison de ces différents critères aboutit à six licences disponibles, adaptées au droit français qui lui viennent en complément.Aujourd’hui, plusieurs bibliothèques, sur leurs sites ou leurs blogs, proposent des espaces dédiés où découvrir, voire télécharger, les outils professionnels qu’elles ont développés. Nous n’évoquons pas ici les établissements comme la BnF, la BPI ou les BDP (voire l’Enssib), dont la fourniture de services et la production d’outils ou de règles de bonnes pratiques font partie des missions. Leurs pages professionnelles sont souvent très riches mais relativement prescriptives, et c’est bien compréhensible. Nous faisons également l’impasse sur les « espaces pros » de certaines bibliothèques qui se contentent de renvoyer vers des sitothèques ou vers les principales lectures professionnelles que tout aspirant bibliothécaire se doit de lire. Dans ce cas, il s’agit plutôt d’une réponse de premier niveau à qui veut entrer dans la carrière. Les « espaces pros » qui ont véritablement inspiré la modeste initiative du RISOM sont plutôt ceux de la bibliothèque universitaire d’Angers  8, du réseau de médiathèques du SAN Ouest-Provence  9 ou encore de la bibliothèque municipale de Toulouse  10 (la liste n’est pas exhaustive). On y trouve les outils développés ou adaptés mais aussi des analyses de leur usage dans ces établissements.Toute proportion gardée et avec beaucoup de modestie, c’est dans cette perspective que s’inscrit un projet tel que celui du RISOM. Il s’agit tout simplement de publier, en accord avec la collectivité et sous le régime d’une licence Creative Commons, certains projets du RISOM. Les bibliothécaires du RISOM ont choisi de proposer sur le web leurs contributions dans le domaine de l’action culturelle (animations et projets pédagogiques), afin d’en permettre la réutilisation, la diffusion, l’étude et la modification. Un aperçu de cet « espace pro » du RISOM, qui est et sera toujours un work in progress, pourra être découvert à l’adresse suivante : http://www.risom.fr/espace-proL’axe des animations a été retenu car il constitue une part importante de l’activité du RISOM et qu’il semble par ailleurs peu présent dans les « espaces pros » évoqués et sur les réseaux sociaux. Pour l’écriture et la publication de ces expériences, nous avons fait le choix d’adopter le formalisme utilisé notamment pour la présentation des initiatives des territoires sur le site de l’Observatoire des territoires numériques  11. Il faut souligner que ce format n’est pas une nouveauté. La majeure partie de nos collectivités utilise ce type d’instrument sous une forme ou une autre dans la conduite de ses projets. Pour le moment, les supports créés à l’occasion de deux projets du RISOM sont en ligne et téléchargeables pour tout collègue souhaitant les reproduire ou les adapter. La licence Creative Commons adoptée est la CC BY-SA 2.0  12 qui permet de partager cette création, de la remixer, sans interdire de l’utiliser à des fins commerciales mais en imposant l’attribution et le partage à l’identique en cas de diffusion d’une adaptation.Une question de formation tout au long de la vieDans l’immédiat, le choix de publier ces projets et de les documenter n’a bien sûr ni participé à une diminution du temps de travail qui leur est consacré – au contraire – ni offert de retours sur lesdits projets. Alors quel constat fait-on au sein de l’équipe du RISOM ?D’abord, au-delà de la simple mise en ligne d’outils, l’élaboration de ces contenus implique des mécanismes plus complexes de formalisation du côté des contributeurs : une prise de recul collective en réunion d’équipe sur ce que l’on fait (regard interne), une explicitation des objectifs et des méthodes par l’expérience de l’écriture  13 et enfin, par la publication de notre travail, accepter l’échange et la confrontation (regard externe). Dans le vaste chantier ouvert de la refondation de nos médiathèques, le fait de recenser et de donner à voir le contenu de nos actions participe d’un inventaire objectif. L’enjeu est aussi de « transmettre l’expérience pour qu’elle provoque une prise de connaissance chez d’autres praticiens […]  14 ». Outre le partage immédiat, qui pourrait constituer la base d’un corpus professionnel utilisable et amendable par tous, il s’agit d’interroger les fondements, le fonctionnement et les objectifs de nos pratiques professionnelles. Si l’on entend le terme « pratique » dans sa double dimension de faire et de penser le faire, alors le contenu de ce que l’on partage devrait comprendre tant les outils matériels que les outils conceptuels nécessaires à la construction de nos actions.En toile de fond se pose – de manière accrue sous l’effet des récentes mutations du métier – la question de la formation du bibliothécaire. En effet, la diversification de nos champs d’interventions contribue à l’éclatement des compétences demandées et aboutit à une complexité sans cesse plus grande de notre action publique. D’autant que l’identité même de notre profession se trouve interrogée par la « pluralité 15 » de notre quotidien. Nous avions jusqu’ici trois modes principaux pour nous former : la formation initiale universitaire dans les différentes disciplines, la formation initiale post-concours et continue aux métiers des bibliothèques (Enssib, CNFPT, CRFB, BDP...) et enfin un apprentissage quotidien par la pratique et la transmission de savoirs. Mais une quatrième voie, celle justement de la formalisation et de la publication de nos pratiques qui sont à la fois différentes et communes, semble émerger. Cette forme d’hygiène professionnelle, qui ne doit pas être réservée à quelques cadres dans la bibliothèque, est peut-être l’une des réponses à ces nouveaux enjeux.Ne confondons pas théorie du management et communauté de pratiqueCependant ce processus d’échange d’information par le bas – plus précisément par la transformation de notre expérience individuelle au sein d’une communauté en expérience collective  16 – pose la question de sa coexistence avec notre mode d’organisation actuel. En effet, il s’agit de ne pas confondre théorie du management (verticale) et communauté de pratique (horizontale).Les nouvelles théories managériales mettent au centre de leurs préoccupations la participation des agents à la définition des projets en vue de susciter leur adhésion (par exemple les groupes « projet » transcendant les positions hiérarchiques). Or un certain nombre de critiques émettent l’hypothèse que, loin de permettre un réel échange, les outils du management renforcent de manière masquée un processus de subordination  17. Dans ce cadre, la participation des agents serait dès lors perçue moins comme une « communauté autonome » que comme une communauté « hiérarchique 18 ». À l’inverse, la communauté de pratique se fonderait non sur l’adhésion aux objectifs définis en amont, mais sur l’idée d’un groupe de professionnels s’associant sans contrainte autre que de réfléchir et de partager ensemble leurs préoccupations. Alors, et puisque nous tentons de construire la bibliothèque de demain, revendiquons non seulement le droit à l’expérimentation mais aussi le droit à renouveler notre modalité d’intervention pour nous insérer dans une nouvelle économie, celle de la contribution de chaque bibliothécaire.L’économiste Richard Musgrave avait dressé naguère une classification des trois fonctions principales de l’action publique, qui sont aussi trois modalités d’intervention publique : l’affectation de ressources, la redistribution et la régulation. À côté de ces trois modalités, l’économie de la contribution et de la pollinisation  19, qui occupe déjà une place non négligeable dans l’action publique si l’on regarde bien, peut encore être encouragée et développée, notamment dans notre manière de mener et de libérer nos projets bibliothéconomiques. Bien entendu « la collaboration ne se décrète pas a priori […] » mais doit correspondre à un besoin  20. Le besoin professionnel étant là, le bibliothécaire peut, par ce partage simple et gratuit de sa production, contribuer activement à une économie de la connaissance. Le bibliothécaire des champs en particulier, abeille polyvalente et tout-terrain, a tout à y gagner pour dépasser nombre de clivages. Car en effet, et comme l’expliquait André Gorz, « l’économie de la connaissance a vocation à être une économie de la mise en commun et de la gratuité, c’est-à-dire le contraire d’une économie. […] Elle est à la fois connaissance, technique de production de connaissances et moyen de fabrication, de régulation, d’invention, de coordination. […] La production de soi est ici production de richesses et inversement […]  21 ». •Août 2012                						(retour)↑  Raymond Depardon, Profils paysans, trilogie, 2001, 2005, 2008.(retour)↑  Bertrand Hervieu et Jean Viard, Au bonheur des campagnes (et des provinces), Marseille, L’Aube, 1996.(retour)↑  Bertrand Calenge, Les petites bibliothèques publiques, Paris, Éditions du Cercle de la librairie, 2006.(retour)↑  Pour Dominique Arot, les partenaires peuvent en effet être liés par leur domaine de l’activité culturelle (par exemple la lecture publique) ou bien par leur fonction (par exemple la diffusion), voire par leur public spécifique (par exemple les enfants) et bien entendu par une combinaison de deux ou trois de ces critères. Cf. Dominique Arot, Les partenariats des bibliothèques, Villeurbanne, Presses de l’Enssib, 2002.(retour)↑  						https://listes.cru.fr/sympa/info/biblio-fr					(retour)↑  Site officiel : http://creativecommons.org Voir aussi en français : http://creativecommons.fr					(retour)↑  Lawrence Lessig, L’avenir des idées : le sort des biens communs à l’heure des réseaux numériques, Lyon, Presses universitaires de Lyon, 2005. Disponible en ligne : http://presses.univ-lyon2.fr/livres/pul/2005/avenir-idee/xhtml/index-frames.html					(retour)↑  						http://bu.univ-angers.fr/BUApro					(retour)↑  						http://docmiop.wordpress.com					(retour)↑  						http://pro.bibliotheque.toulouse.fr/experimentati ns-colloques-journees.html					(retour)↑  						http://oten.fr/?-Initiatives-des-territoires-					(retour)↑  Pour plus de détails : http://creativecommons.org/licenses/by-sa/2.0/fr					(retour)↑  « C’est en travaillant qu’on devient un professionnel, de même que c’est en réfléchissant sur ses pratiques (“une théorie de la pratique”) qu’on avance dans la professionnalisation. Pratique et théorie ne sont que les mêmes fondements d’une activité professionnelle consciente de ses difficultés, de ses enjeux et de ses responsabilités – et, donc, porteuse d’une culture. » Anne-Marie Bertrand, « La formation des bibliothécaires », BBF, n° 5, 2007. En ligne : http://bbf.enssib.fr/consulter/bbf-2007-05-0005-001					(retour)↑  Mireille Cifali, « Transmission de l’expérience, entre parole et écriture », Éducation permanente, n° 127, 1996.(retour)↑  Anne-Marie Bertrand, « La transmission de l’implicite ou comment la culture professionnelle vient aux bibliothécaires », BBF, n° 1, 2003. En ligne : http://bbf.enssib.fr/consulter/bbf-2003-01-0010-002					(retour)↑  « Le Web 2.0 et les profs », Les cahiers pédagogiques, n° 482, juin 2010.(retour)↑  Jean-Marc Fridlender, « Structure de gouvernement managérial, puissance de menace et contrôle psychosocial », Connexions, 2009/1, n° 91.(retour)↑  « Pourquoi s’intéresser aux communautés de pratique », En lignes – La lettre du CEDIP, janvier 2004.(retour)↑  Yann Moulier Boutang, L’abeille et l’économiste, Paris, Carnets Nord, 2010.(retour)↑  Alain Chaptal, « Rhapsodie sur la collaboration : le travail collaboratif », Les dossiers de l’ingénierie éducative, n° 65, mars 2009.(retour)↑  André Gorz, Misères du présent, richesse du possible, Paris, éditions Galilée, 1997. 		                    Référence bibliographique             Renaud AÏOUTZ,                « L\'abeille et le bibliothécaire ou éthique du libre et lecture publique en zone rurale  »,                      Bulletin des bibliothèques de France (BBF), 2012, n° 5, p. 56-59.En ligne :         https://bbf.enssib.fr/consulter/bbf-2012-05-0056-011                ISSN 1292-8399.                                                                                                                                                                                                                                                                                                                                                                                                                ContacterSoumettre un articlePlan du siteMentions légalesAdministrateurA propos            ISSN 1292-8399                                                                                                                    					',0,'',1,'','0000-00-00 00:00:00','0000-00-00 00:00:00',0);

--
